('mds_session:v2oimtjvo89at95m7l2ti2jkrbhj4p46','204.76.203.31','2025-10-15 08:30:08',_binary '__ci_last_regenerate|i:1760517008;'),('mds_session:elh3lmronvjrrtessa7fksumhljcdu8o','204.76.203.31','2025-10-15 08:30:08',_binary '__ci_last_regenerate|i:1760517008;'),('mds_session:vgtts7sa5dlevkjblppo8sjtcrjfh1sq','204.76.203.31','2025-10-15 08:30:08',_binary '__ci_last_regenerate|i:1760517008;'),('mds_session:r5btare19uc54env5s2k6h05v6mfot7d','204.76.203.31','2025-10-15 08:30:08',_binary '__ci_last_regenerate|i:1760517008;'),('mds_session:e4t528b39d5emj64fsosde4cc2n5ke51','204.76.203.31','2025-10-15 08:30:09',_binary '__ci_last_regenerate|i:1760517008;'),('mds_session:e79qgvk008vd8178nag9b0vp9ed67bff','204.76.203.31','2025-10-15 08:30:09',_binary '__ci_last_regenerate|i:1760517009;'),('mds_session:ro4ga8v990ue30q0rturs03sgqg9utuf','204.76.203.31','2025-10-15 08:30:09',_binary '__ci_last_regenerate|i:1760517009;'),('mds_session:2k2dbn5napjvn0seklo7fjqdipqrrjc8','204.76.203.31','2025-10-15 08:30:09',_binary '__ci_last_regenerate|i:1760517009;'),('mds_session:gqnls8u7n5ji3dnf943lco4qms53vheo','204.76.203.31','2025-10-15 08:30:09',_binary '__ci_last_regenerate|i:1760517009;'),('mds_session:l5f9tmflehrds4ecmkee2t16bhuicp4c','204.76.203.31','2025-10-15 08:30:10',_binary '__ci_last_regenerate|i:1760517010;'),('mds_session:uvatgiuhcj9tkqu6teas6rfome8u6258','204.76.203.31','2025-10-15 08:30:10',_binary '__ci_last_regenerate|i:1760517010;'),('mds_session:nbt3a5vo733olmmqti4js3cuvt5l7pom','204.76.203.31','2025-10-15 08:30:10',_binary '__ci_last_regenerate|i:1760517010;'),('mds_session:gll01bj970dombksmhvmbc508igpo4a7','204.76.203.31','2025-10-15 08:30:10',_binary '__ci_last_regenerate|i:1760517010;'),('mds_session:9e4go8ijt540hcur2joanp47pko98p9f','204.76.203.31','2025-10-15 08:30:10',_binary '__ci_last_regenerate|i:1760517010;'),('mds_session:brul5iuo9uboseei2410g83d6b57leu3','204.76.203.31','2025-10-15 08:30:10',_binary '__ci_last_regenerate|i:1760517010;'),('mds_session:40efbv7bfr7n8f5fjho9bjmtc5mp2ucc','204.76.203.31','2025-10-15 08:30:11',_binary '__ci_last_regenerate|i:1760517010;'),('mds_session:vpk2e38r195ps3m7ngblr7l1qkdj6qri','204.76.203.31','2025-10-15 08:30:11',_binary '__ci_last_regenerate|i:1760517011;'),('mds_session:kj4fks8aggjr178d99n6ruef91hfgm4d','204.76.203.31','2025-10-15 08:30:11',_binary '__ci_last_regenerate|i:1760517011;'),('mds_session:41rkc0bmss96n95631apg9a8nmnvo77d','204.76.203.31','2025-10-15 08:30:11',_binary '__ci_last_regenerate|i:1760517011;'),('mds_session:j8efal2r1kusopdvcr92j50me2spnedh','204.76.203.31','2025-10-15 08:30:11',_binary '__ci_last_regenerate|i:1760517011;'),('mds_session:oqn97iiekjn67p9ifrhjrerdn7e39djc','204.76.203.31','2025-10-15 08:30:11',_binary '__ci_last_regenerate|i:1760517011;'),('mds_session:cbkn5p50hvhqbf0tnifqv45bndq7r14e','34.14.127.46','2025-10-15 08:56:20',_binary '__ci_last_regenerate|i:1760518559;_ci_previous_url|s:20:\"https://pazar11.com/\";'),('mds_session:80793ig6l9jhm71fud6li4evjpo82m7g','216.244.66.246','2025-10-15 09:23:09',_binary '__ci_last_regenerate|i:1760520189;_ci_previous_url|s:42:\"https://pazar11.com/en/blog/tag/expression\";'),('mds_session:8um56ans242j22o9qnm0shth21uebv6e','44.223.193.255','2025-10-15 09:38:42',_binary '__ci_last_regenerate|i:1760521122;_ci_previous_url|s:31:\"https://pazar11.com/erkek-giyim\";'),('mds_session:gabgi2q8vsobcsugit2b3v92jblkkv98','198.244.242.93','2025-10-15 10:06:09',_binary '__ci_last_regenerate|i:1760522768;_ci_previous_url|s:35:\"https://pazar11.com/profile/ali-tek\";'),('mds_session:4p43723gvsuvdo1g4qhii2g3d01fa9as','52.71.218.25','2025-10-15 10:10:34',_binary '__ci_last_regenerate|i:1760523034;_ci_previous_url|s:27:\"https://pazar11.com/Petshop\";'),('mds_session:n3cpvj1kfdpn4asji7p00hd04pco4duv','66.249.79.195','2025-10-15 10:13:22',_binary '__ci_last_regenerate|i:1760523195;_ci_previous_url|s:22:\"https://pazar11.com/en\";'),('mds_session:i97bvp8luudncma68dil8ha02on0tqig','180.153.236.23','2025-10-15 10:27:10',_binary '__ci_last_regenerate|i:1760524030;_ci_previous_url|s:20:\"https://pazar11.com/\";'),('mds_session:vcd6offalrvu45mnsd8oncpl6jbtjmna','52.203.68.145','2025-10-15 11:19:47',_binary '__ci_last_regenerate|i:1760527186;_ci_previous_url|s:28:\"https://pazar11.com/otomobil\";'),('mds_session:vs4q2qpfkcitufnh247gr99qp1c4lgl5','114.80.36.40','2025-10-15 11:27:43',_binary '__ci_last_regenerate|i:1760527662;_ci_previous_url|s:20:\"https://pazar11.com/\";'),('mds_session:08tffh0dufev3604f80b6ig993u0l6e8','100.29.34.97','2025-10-15 11:46:37',_binary '__ci_last_regenerate|i:1760528797;'),('mds_session:eitvk5rhfsqkfubit23p4mnbhbu7k93p','42.236.17.45','2025-10-15 12:02:45',_binary '__ci_last_regenerate|i:1760529764;_ci_previous_url|s:20:\"https://pazar11.com/\";'),('mds_session:g5pthso2m8fv9bchdsdlsdja1589b0pv','42.236.17.45','2025-10-15 12:02:53',_binary '__ci_last_regenerate|i:1760529773;error|s:40:\"The action you requested is not allowed.\";__ci_vars|a:1:{s:5:\"error\";s:3:\"new\";}'),('mds_session:gv2cnm711v4cs9lu1iq4tmv3m9c1b9gg','42.236.17.216','2025-10-15 12:03:15',_binary '__ci_last_regenerate|i:1760529795;_ci_previous_url|s:20:\"https://pazar11.com/\";'),('mds_session:v3d6m9dqfg969j6bnv0a41cfgkbsqt5c','42.236.17.216','2025-10-15 12:03:31',_binary '__ci_last_regenerate|i:1760529811;error|s:40:\"The action you requested is not allowed.\";__ci_vars|a:1:{s:5:\"error\";s:3:\"new\";}'),('mds_session:trns779dvbk52mk0rs0fpkna4jcbiq7h','198.244.242.88','2025-10-15 12:08:16',_binary '__ci_last_regenerate|i:1760530096;'),('mds_session:2m4hkqh9apki2930s20bn2vvtj9cs0r2','13.86.64.83','2025-10-15 12:09:47',_binary '__ci_last_regenerate|i:1760530179;'),('mds_session:k6n3uo01cagghcceh90kbudqlk640sin','43.159.132.207','2025-10-15 12:12:48',_binary '__ci_last_regenerate|i:1760530368;_ci_previous_url|s:20:\"https://pazar11.com/\";'),('mds_session:ae0vdec4jmegnul7keib024e3e2arj6h','216.244.66.246','2025-10-15 12:46:41',_binary '__ci_last_regenerate|i:1760532401;'),('mds_session:oscmnimc8eakagggbmq184mri397as47','48.218.113.124','2025-10-15 13:04:15',_binary '__ci_last_regenerate|i:1760533424;'),('mds_session:16417t4j54fj3nbvrskqk5s9pvf39onu','54.90.8.255','2025-10-15 13:13:58',_binary '__ci_last_regenerate|i:1760534037;_ci_previous_url|s:27:\"https://pazar11.com/mobilya\";'),('mds_session:nvhapa4imnvosg0e2l95nva7t521o511','5.102.107.202','2025-10-15 13:14:16',_binary '__ci_last_regenerate|i:1760534056;_ci_previous_url|s:20:\"https://pazar11.com/\";'),('mds_session:9j3vtcasrmp6tfs1nu33097mhf5bf6mt','198.244.183.4','2025-10-15 13:30:08',_binary '__ci_last_regenerate|i:1760535007;'),('mds_session:efkpmch1946eab5iah7r044rvpk7op50','17.241.227.129','2025-10-15 13:35:29',_binary '__ci_last_regenerate|i:1760535329;_ci_previous_url|s:40:\"https://pazar11.com/en/blog/tag/packages\";'),('mds_session:qc31k3g70rrk5odapocauidv9hdsm1pi','44.215.231.15','2025-10-15 13:53:23',_binary '__ci_last_regenerate|i:1760536402;_ci_previous_url|s:37:\"https://pazar11.com/hediyelik-esyalar\";'),('mds_session:iedotdjhu6vcjmje2nl4g51d8k315u2q','52.201.155.215','2025-10-15 13:58:30',_binary '__ci_last_regenerate|i:1760536709;_ci_previous_url|s:25:\"https://pazar11.com/shops\";'),('mds_session:ubfsrcqd2vons4rm56af5akq02pqrehf','54.163.136.244','2025-10-15 13:58:34',_binary '__ci_last_regenerate|i:1760536713;_ci_previous_url|s:85:\"https://pazar11.com/en/blog/life-style/all-the-lorem-ipsum-generators-on-the-internet\";'),('mds_session:4utmjjsvje4r2n7rl9k9t9l3h4c079qr','170.106.192.208','2025-10-15 14:09:06',_binary '__ci_last_regenerate|i:1760537345;_ci_previous_url|s:20:\"https://pazar11.com/\";'),('mds_session:a9fencm6k1mgbfbvhpkot30shbtajeov','216.244.66.246','2025-10-15 14:35:55',_binary '__ci_last_regenerate|i:1760538954;_ci_previous_url|s:47:\"https://pazar11.com/en/profile/ali-tek?p_cat=15\";'),('mds_session:tkluk5vtcas554u9d10vvb3nofbjuk12','51.89.129.226','2025-10-15 14:48:49',_binary '__ci_last_regenerate|i:1760539728;_ci_previous_url|s:75:\"https://pazar11.com/en/blog/life-style/lose-away-off-why-half-led-have-near\";'),('mds_session:oas4ba3sron23phj49vm5tdq9c1ids1s','216.244.66.246','2025-10-15 15:25:35',_binary '__ci_last_regenerate|i:1760541934;_ci_previous_url|s:47:\"https://pazar11.com/en/profile/pazar11?p_cat=15\";'),('mds_session:kvhpgqe6ckg1intjatgjerbkhce7opqm','157.55.39.7','2025-10-15 15:26:37',_binary '__ci_last_regenerate|i:1760541997;_ci_previous_url|s:40:\"https://pazar11.com/en/following/ali-tek\";'),('mds_session:crfl68jscnlpc2r9m310258dc2tc8u2h','217.113.194.128','2025-10-15 15:34:18',_binary '__ci_last_regenerate|i:1760542458;_ci_previous_url|s:23:\"https://pazar11.com/en/\";'),('mds_session:703aa2ki9hge7it9uin29kgs1tft8jcd','217.113.194.126','2025-10-15 15:34:41',_binary '__ci_last_regenerate|i:1760542480;_ci_previous_url|s:20:\"https://pazar11.com/\";'),('mds_session:ufk5gco48i8juosnbghdf0nfuconsg91','217.113.194.128','2025-10-15 15:35:04',_binary '__ci_last_regenerate|i:1760542503;_ci_previous_url|s:27:\"https://pazar11.com/contact\";'),('mds_session:73d3vrdskr6mj2k048ae42lejv9f9maf','217.113.194.227','2025-10-15 15:35:30',_binary '__ci_last_regenerate|i:1760542529;mds_shopping_cart|a:0:{}mds_shopping_cart_total|O:8:\"stdClass\":21:{s:8:\"subtotal\";i:0;s:3:\"vat\";i:0;s:13:\"shipping_cost\";i:0;s:21:\"total_before_shipping\";i:0;s:5:\"total\";i:0;s:18:\"is_stock_available\";i:1;s:8:\"currency\";s:3:\"TRY\";s:15:\"transaction_fee\";i:0;s:20:\"transaction_fee_rate\";i:0;s:12:\"affiliate_id\";s:0:\"\";s:21:\"affiliate_referrer_id\";s:0:\"\";s:19:\"affiliate_seller_id\";s:0:\"\";s:20:\"affiliate_product_id\";s:0:\"\";s:25:\"affiliate_commission_rate\";i:0;s:20:\"affiliate_commission\";i:0;s:23:\"affiliate_discount_rate\";i:0;s:18:\"affiliate_discount\";i:0;s:24:\"coupon_discount_products\";s:0:\"\";s:20:\"coupon_discount_rate\";i:0;s:15:\"coupon_discount\";i:0;s:16:\"coupon_seller_id\";i:0;}cartCustomerLocation|O:8:\"stdClass\":2:{s:9:\"countryId\";i:0;s:7:\"stateId\";i:0;}_ci_previous_url|s:24:\"https://pazar11.com/cart\";'),('mds_session:7j5126q1q4enni0m66j9072g7bbul34g','217.113.194.123','2025-10-15 15:35:55',_binary '__ci_last_regenerate|i:1760542555;_ci_previous_url|s:24:\"https://pazar11.com/blog\";'),('mds_session:t0ji2em5ea68pokombb5m8qlcf8uu1io','217.113.194.129','2025-10-15 15:36:15',_binary '__ci_last_regenerate|i:1760542575;mds_shopping_cart|a:0:{}mds_shopping_cart_total|O:8:\"stdClass\":21:{s:8:\"subtotal\";i:0;s:3:\"vat\";i:0;s:13:\"shipping_cost\";i:0;s:21:\"total_before_shipping\";i:0;s:5:\"total\";i:0;s:18:\"is_stock_available\";i:1;s:8:\"currency\";s:3:\"TRY\";s:15:\"transaction_fee\";i:0;s:20:\"transaction_fee_rate\";i:0;s:12:\"affiliate_id\";s:0:\"\";s:21:\"affiliate_referrer_id\";s:0:\"\";s:19:\"affiliate_seller_id\";s:0:\"\";s:20:\"affiliate_product_id\";s:0:\"\";s:25:\"affiliate_commission_rate\";i:0;s:20:\"affiliate_commission\";i:0;s:23:\"affiliate_discount_rate\";i:0;s:18:\"affiliate_discount\";i:0;s:24:\"coupon_discount_products\";s:0:\"\";s:20:\"coupon_discount_rate\";i:0;s:15:\"coupon_discount\";i:0;s:16:\"coupon_seller_id\";i:0;}cartCustomerLocation|O:8:\"stdClass\":2:{s:9:\"countryId\";i:0;s:7:\"stateId\";i:0;}_ci_previous_url|s:27:\"https://pazar11.com/en/cart\";'),('mds_session:ijh32cshf8m7asu8dhg5ev02pvcsj0vp','217.113.194.127','2025-10-15 15:36:38',_binary '__ci_last_regenerate|i:1760542598;_ci_previous_url|s:27:\"https://pazar11.com/telefon\";'),('mds_session:koph1hm9151foq01m22sk8a9mnfv4ick','217.113.194.123','2025-10-15 15:37:03',_binary '__ci_last_regenerate|i:1760542622;_ci_previous_url|s:28:\"https://pazar11.com/products\";'),('mds_session:m01bnidn9ebgqbk1d4mm6hjh1a58eru3','217.113.194.127','2025-10-15 15:37:27',_binary '__ci_last_regenerate|i:1760542646;_ci_previous_url|s:26:\"https://pazar11.com/tablet\";'),('mds_session:kjegju208vbmkrdfjs80423652l0csf0','217.113.194.228','2025-10-15 15:37:53',_binary '__ci_last_regenerate|i:1760542673;_ci_previous_url|s:31:\"https://pazar11.com/en/wishlist\";'),('mds_session:jdk38htq076vejbr7g8rrce1q7np9fqd','217.113.194.124','2025-10-15 15:38:17',_binary '__ci_last_regenerate|i:1760542696;_ci_previous_url|s:28:\"https://pazar11.com/register\";'),('mds_session:a7kl0j399abckt3drqmqqmh0d7hnct6c','217.113.194.228','2025-10-15 15:38:41',_binary '__ci_last_regenerate|i:1760542720;_ci_previous_url|s:25:\"https://pazar11.com/shops\";'),('mds_session:m1jnqetj3q7q5k0vpn5rrmclsvkqblma','217.113.194.122','2025-10-15 15:39:06',_binary '__ci_last_regenerate|i:1760542745;_ci_previous_url|s:33:\"https://pazar11.com/blog/business\";'),('mds_session:4lebsmb69l5h7qq90s3pbk7o6g2vm4ju','3.93.211.16','2025-10-15 15:39:06',_binary '__ci_last_regenerate|i:1760542745;'),('mds_session:t6e8vo8nokcvnfv5unm7al5dcc0h3g0u','18.213.102.186','2025-10-15 15:39:07',_binary '__ci_last_regenerate|i:1760542746;_ci_previous_url|s:24:\"https://pazar11.com/blog\";'),('mds_session:d258pfj0ikiascijv9ka17urrhr6su85','217.113.194.126','2025-10-15 15:39:31',_binary '__ci_last_regenerate|i:1760542771;_ci_previous_url|s:28:\"https://pazar11.com/wishlist\";'),('mds_session:3s0im1dbksebbehm9hhutbt3vc0o562b','217.113.194.127','2025-10-15 15:39:55',_binary '__ci_last_regenerate|i:1760542794;_ci_previous_url|s:31:\"https://pazar11.com/en/products\";'),('mds_session:jv19crej2vhg1k5n4ib77qg97bb5hl54','217.113.194.248','2025-10-15 15:40:18',_binary '__ci_last_regenerate|i:1760542818;_ci_previous_url|s:27:\"https://pazar11.com/tekstil\";'),('mds_session:fetmkil2dcqgiqput4pt4jn8e5v3ndca','217.113.194.129','2025-10-15 15:40:42',_binary '__ci_last_regenerate|i:1760542841;_ci_previous_url|s:31:\"https://pazar11.com/help-center\";'),('mds_session:ganb02s1c6itvh39r59caopp50se5pu9','217.113.194.127','2025-10-15 15:41:08',_binary '__ci_last_regenerate|i:1760542867;_ci_previous_url|s:27:\"https://pazar11.com/Petshop\";'),('mds_session:i44k2v2kuh3rvl9hr9vjs56ajm6biunc','217.113.194.228','2025-10-15 15:41:33',_binary '__ci_last_regenerate|i:1760542892;_ci_previous_url|s:30:\"https://pazar11.com/elektronik\";'),('mds_session:e3dndncr06e3smj366c4of83vvibal2l','217.113.194.131','2025-10-15 15:41:56',_binary '__ci_last_regenerate|i:1760542915;pr_2|s:1:\"1\";_ci_previous_url|s:28:\"https://pazar11.com/xiaomi-2\";'),('mds_session:ku4vl9miufmmla7tidnr9o3plnh4up5j','217.113.194.124','2025-10-15 15:42:20',_binary '__ci_last_regenerate|i:1760542939;_ci_previous_url|s:29:\"https://pazar11.com/rss-feeds\";'),('mds_session:v0uarq3dec737k4m4f6jkv82pd4teol4','217.113.194.131','2025-10-15 15:42:45',_binary '__ci_last_regenerate|i:1760542964;_ci_previous_url|s:35:\"https://pazar11.com/en/blog/fashion\";'),('mds_session:ht7mooamp7krt5a7n13cv1bh1vok5e2f','217.113.194.130','2025-10-15 15:43:09',_binary '__ci_last_regenerate|i:1760542989;_ci_previous_url|s:27:\"https://pazar11.com/mobilya\";'),('mds_session:ga9910k6qf0e7lgb3ttamjr381pcbvsr','217.113.194.126','2025-10-15 15:43:32',_binary '__ci_last_regenerate|i:1760543012;pr_2|s:1:\"1\";_ci_previous_url|s:31:\"https://pazar11.com/en/xiaomi-2\";'),('mds_session:bs4sh75m6r2u4bhstmmhc8b7vt8f3duv','217.113.194.128','2025-10-15 15:43:56',_binary '__ci_last_regenerate|i:1760543036;_ci_previous_url|s:28:\"https://pazar11.com/otomobil\";'),('mds_session:hi2rk67753i855kqv2b4tucpouo82k4c','217.113.194.227','2025-10-15 15:44:20',_binary '__ci_last_regenerate|i:1760543060;_ci_previous_url|s:36:\"https://pazar11.com/terms-conditions\";'),('mds_session:570lod9rk8j4j9af01k37jjgni4ncair','217.113.194.125','2025-10-15 15:44:42',_binary '__ci_last_regenerate|i:1760543082;_ci_previous_url|s:35:\"https://pazar11.com/blog/life-style\";'),('mds_session:28eoqfgnlvromtdi3ljotfinqhmdcbop','217.113.194.128','2025-10-15 15:45:09',_binary '__ci_last_regenerate|i:1760543108;_ci_previous_url|s:26:\"https://pazar11.com/hizmet\";'),('mds_session:bmn3t63ja8mn5r70il3jn9ffgfugu12n','217.113.194.130','2025-10-15 15:45:31',_binary '__ci_last_regenerate|i:1760543131;_ci_previous_url|s:35:\"https://pazar11.com/forgot-password\";'),('mds_session:cu5heoo4nt3j40l68ltba6h9uoh4mj7n','217.113.194.128','2025-10-15 15:45:53',_binary '__ci_last_regenerate|i:1760543152;_ci_previous_url|s:39:\"https://pazar11.com/en/blog/tag/editors\";'),('mds_session:n2eo31dp0a6v323cvn82fig7v7us7ob1','217.113.194.122','2025-10-15 15:46:17',_binary '__ci_last_regenerate|i:1760543176;_ci_previous_url|s:40:\"https://pazar11.com/en/blog/tag/versions\";'),('mds_session:plj4nljdlcthcskv4mlb3o98vofiomv8','217.113.194.248','2025-10-15 15:46:40',_binary '__ci_last_regenerate|i:1760543200;_ci_previous_url|s:37:\"https://pazar11.com/en/blog/tag/owing\";'),('mds_session:47mt9pf0chagh1tklc58do0njthtul7m','217.113.194.128','2025-10-15 15:47:06',_binary '__ci_last_regenerate|i:1760543225;_ci_previous_url|s:27:\"https://pazar11.com/ev-arsa\";'),('mds_session:9bh0s424nbrs7dnic6l07dnm5vrghi0c','217.113.194.126','2025-10-15 15:47:29',_binary '__ci_last_regenerate|i:1760543249;'),('mds_session:iogq0150kriv2f3m0ig04irovv188bnf','217.113.194.129','2025-10-15 15:47:54',_binary '__ci_last_regenerate|i:1760543273;_ci_previous_url|s:31:\"https://pazar11.com/bebek-giyim\";'),('mds_session:ufu44jj850pslmtdj8tbqgn0nhde2nh6','217.113.194.129','2025-10-15 15:48:17',_binary '__ci_last_regenerate|i:1760543297;_ci_previous_url|s:31:\"https://pazar11.com/erkek-giyim\";'),('mds_session:erle6q2rl8oqd93rogqk1l9qdnj4gcjg','217.113.194.127','2025-10-15 15:48:43',_binary '__ci_last_regenerate|i:1760543323;_ci_previous_url|s:30:\"https://pazar11.com/bilgisayar\";'),('mds_session:ndeadupqmhuro9m3jncbmiv7r4cgrq9i','154.54.249.205','2025-10-15 15:49:05',_binary '__ci_last_regenerate|i:1760543345;_ci_previous_url|s:42:\"https://pazar11.com/en/blog/tag/generators\";'),('mds_session:05e4acqjbls2kpa2o8l8i180b4qqnirc','217.113.194.128','2025-10-15 15:49:28',_binary '__ci_last_regenerate|i:1760543367;_ci_previous_url|s:42:\"https://pazar11.com/en/blog/tag/expression\";'),('mds_session:9m18f5b87smsqhl8f2nrusojmjubolk7','217.113.194.126','2025-10-15 15:49:52',_binary '__ci_last_regenerate|i:1760543392;_ci_previous_url|s:42:\"https://pazar11.com/en/blog/tag/predefined\";'),('mds_session:jdsgheipvsmni7ai03envr9j4hkihpem','154.54.249.205','2025-10-15 15:50:15',_binary '__ci_last_regenerate|i:1760543415;_ci_previous_url|s:28:\"https://pazar11.com/mucevher\";'),('mds_session:hacsmpdg871o2q9mgel4nnuibgeembr7','217.113.194.131','2025-10-15 15:50:41',_binary '__ci_last_regenerate|i:1760543441;_ci_previous_url|s:35:\"https://pazar11.com/profile/pazar11\";'),('mds_session:is1ak8hi0fokfna0283q9vlcd6bgbhjj','217.113.194.126','2025-10-15 15:51:07',_binary '__ci_last_regenerate|i:1760543467;_ci_previous_url|s:35:\"https://pazar11.com/profile/ali-tek\";'),('mds_session:jqja16rpgs4vdmsoevocctare0aqtgd9','217.113.194.248','2025-10-15 15:51:30',_binary '__ci_last_regenerate|i:1760543490;'),('mds_session:pi9kitevtrb8hq5bgorsv6bf4q9j8aa3','217.113.194.227','2025-10-15 15:51:55',_binary '__ci_last_regenerate|i:1760543514;'),('mds_session:0dh1d3sjbgji6db3r72dvgj5fqvlco9j','217.113.194.123','2025-10-15 15:52:21',_binary '__ci_last_regenerate|i:1760543541;_ci_previous_url|s:30:\"https://pazar11.com/Beyaz-esya\";'),('mds_session:b5a4c2kslb16igh48een7al82jdu4vqq','217.113.194.123','2025-10-15 15:52:43',_binary '__ci_last_regenerate|i:1760543563;_ci_previous_url|s:38:\"https://pazar11.com/en/reviews/pazar11\";'),('mds_session:9irdsj0t0oiavdtsg2e918ai0chcs9o2','217.113.194.124','2025-10-15 15:53:06',_binary '__ci_last_regenerate|i:1760543586;_ci_previous_url|s:31:\"https://pazar11.com/kadin-giyim\";'),('mds_session:n4lmbrttg07q3u48tcb9dhb5j3oehc55','217.113.194.124','2025-10-15 15:53:28',_binary '__ci_last_regenerate|i:1760543607;_ci_previous_url|s:33:\"https://pazar11.com/kiralik-evler\";'),('mds_session:bp1uakgjjrjqri7ba49p10mg4v2sb6te','217.113.194.131','2025-10-15 15:53:50',_binary '__ci_last_regenerate|i:1760543630;_ci_previous_url|s:31:\"https://pazar11.com/cocuk-giyim\";'),('mds_session:t5qnril497r32jkcjlj4egn3oirr084f','217.113.194.126','2025-10-15 15:54:17',_binary '__ci_last_regenerate|i:1760543656;_ci_previous_url|s:49:\"https://pazar11.com/en/help-center/submit-request\";'),('mds_session:fe14b3jpj2r04hb3ggvr5jelqeih7jbu','217.113.194.124','2025-10-15 15:54:41',_binary '__ci_last_regenerate|i:1760543680;_ci_previous_url|s:40:\"https://pazar11.com/en/followers/pazar11\";'),('mds_session:n0edoubi62c6uhkccfpi55rgbieh6j0v','217.113.194.128','2025-10-15 15:55:03',_binary '__ci_last_regenerate|i:1760543703;_ci_previous_url|s:40:\"https://pazar11.com/en/followers/ali-tek\";'),('mds_session:lfel12uidrl4vu5jve5t47j2e172i0o5','217.113.194.227','2025-10-15 15:55:27',_binary '__ci_last_regenerate|i:1760543727;_ci_previous_url|s:35:\"https://pazar11.com/epin-ve-gifcard\";'),('mds_session:5p8kicuiicb3b20bfhr8r23d9hheoqqs','217.113.194.248','2025-10-15 15:55:50',_binary '__ci_last_regenerate|i:1760543749;'),('mds_session:05klnl0qd1n3r541fh6eshnufsmi98dq','217.113.194.130','2025-10-15 15:56:15',_binary '__ci_last_regenerate|i:1760543774;'),('mds_session:pkt2rqijrk1n97qa5sn08930euknecjn','217.113.194.124','2025-10-15 15:56:39',_binary '__ci_last_regenerate|i:1760543799;'),('mds_session:lvhq9bp3109e6t3gdhajnrv8ji7f0qg4','217.113.194.123','2025-10-15 15:57:00',_binary '__ci_last_regenerate|i:1760543820;'),('mds_session:70mtdceg0hq68dovfk11f9fokngfveu9','217.113.194.127','2025-10-15 15:57:24',_binary '__ci_last_regenerate|i:1760543843;'),('mds_session:5cbfvv75ulu2k9fmkc4rgclpulevk9n2','217.113.194.131','2025-10-15 15:57:46',_binary '__ci_last_regenerate|i:1760543866;_ci_previous_url|s:40:\"https://pazar11.com/en/following/pazar11\";'),('mds_session:ifqpm2g0p1tjsfis4b0qpkin6qkiprm9','217.113.194.130','2025-10-15 15:58:11',_binary '__ci_last_regenerate|i:1760543890;_ci_previous_url|s:40:\"https://pazar11.com/en/following/ali-tek\";'),('mds_session:23rdubros7s413a146fd9u4p7q5492fq','217.113.194.124','2025-10-15 15:58:34',_binary '__ci_last_regenerate|i:1760543914;_ci_previous_url|s:38:\"https://pazar11.com/en/reviews/ali-tek\";'),('mds_session:4j04e29hj41qurh1v29i7r556ip8ogpc','217.113.194.122','2025-10-15 15:58:58',_binary '__ci_last_regenerate|i:1760543937;pr_1|s:1:\"1\";_ci_previous_url|s:33:\"https://pazar11.com/deneme-urun-1\";'),('mds_session:caisabbjcbgcg39l8kud1n20589j8vgg','217.113.194.123','2025-10-15 15:59:21',_binary '__ci_last_regenerate|i:1760543960;_ci_previous_url|s:45:\"https://pazar11.com/en/blog/tag/circumstances\";'),('mds_session:l3bu022blm2teohqd95mlr51r4u58c0j','217.113.194.129','2025-10-15 15:59:46',_binary '__ci_last_regenerate|i:1760543985;'),('mds_session:7lom80h4r2ld9g4tj57tiek9bl61qgps','217.113.194.129','2025-10-15 16:00:09',_binary '__ci_last_regenerate|i:1760544009;'),('mds_session:d2onq5g43j0gkqpkv86sc96m372ev0tr','217.113.194.131','2025-10-15 16:00:31',_binary '__ci_last_regenerate|i:1760544031;_ci_previous_url|s:37:\"https://pazar11.com/hediyelik-esyalar\";'),('mds_session:s020vfgfl61oera6l590vc7pg9nin3kr','217.113.194.127','2025-10-15 16:00:57',_binary '__ci_last_regenerate|i:1760544056;_ci_previous_url|s:44:\"https://pazar11.com/bilgisayar/laptop-tablet\";'),('mds_session:plav0h3jlf88i7golop2nbodbbd933r7','217.113.194.228','2025-10-15 16:01:20',_binary '__ci_last_regenerate|i:1760544079;'),('mds_session:ul10cam5euq87qmj7ju017025e1ncpml','217.113.194.126','2025-10-15 16:01:44',_binary '__ci_last_regenerate|i:1760544104;'),('mds_session:6r046vbu2emht5pkd9t039m0r96a2shh','217.113.194.227','2025-10-15 16:02:08',_binary '__ci_last_regenerate|i:1760544127;_ci_previous_url|s:41:\"https://pazar11.com/araba-ve-aksesuarlari\";'),('mds_session:tb6qlrvsn2tgalmlqsj5ta1s3e0v4h13','217.113.194.227','2025-10-15 16:02:32',_binary '__ci_last_regenerate|i:1760544151;_ci_previous_url|s:42:\"https://pazar11.com/giyile-bilir-teknoloji\";'),('mds_session:sq4dh5tjrvsl2v47egiv7jkvndiv0oqa','217.113.194.129','2025-10-15 16:02:56',_binary '__ci_last_regenerate|i:1760544175;pr_3|s:1:\"1\";_ci_previous_url|s:42:\"https://pazar11.com/iphone-16-pro-128-gb-3\";'),('mds_session:lfj4c4qekbie8uoga5q831hlnd4v4gg1','217.113.194.123','2025-10-15 16:03:22',_binary '__ci_last_regenerate|i:1760544202;_ci_previous_url|s:37:\"https://pazar11.com/temizlik-urunleri\";'),('mds_session:7thim168q9i0p180bdjqs0nfc1fsjlaf','217.113.194.131','2025-10-15 16:03:45',_binary '__ci_last_regenerate|i:1760544224;_ci_previous_url|s:44:\"https://pazar11.com/profile/ali-tek?p_cat=17\";'),('mds_session:c5dle0uu6hfhhbhg9dp70vai69s2on5p','217.113.194.227','2025-10-15 16:04:08',_binary '__ci_last_regenerate|i:1760544248;'),('mds_session:7e1q5lq3ulbo6rcejevvcf8o1d1ap1vt','217.113.194.130','2025-10-15 16:04:32',_binary '__ci_last_regenerate|i:1760544272;'),('mds_session:q2ahq18r9upb6sakgmt3rt677nljotjp','217.113.194.123','2025-10-15 16:04:55',_binary '__ci_last_regenerate|i:1760544295;'),('mds_session:7jklorokiuigct34dqt8p3u5d4ip0bqc','217.113.194.123','2025-10-15 16:05:20',_binary '__ci_last_regenerate|i:1760544320;'),('mds_session:169akb3b2gfcekthko914unq3uihu13q','217.113.194.228','2025-10-15 16:05:44',_binary '__ci_last_regenerate|i:1760544344;'),('mds_session:ijcokhc777j6shhfmbvhv6scniilhbal','217.113.194.228','2025-10-15 16:06:07',_binary '__ci_last_regenerate|i:1760544367;'),('mds_session:5k0del3a08sui95bfv5277csfudm8asr','217.113.194.130','2025-10-15 16:06:31',_binary '__ci_last_regenerate|i:1760544391;_ci_previous_url|s:46:\"https://pazar11.com/en/profile/ali-tek?p_cat=2\";'),('mds_session:a9qcf4uttg73hgr6vklu2unr5k6f57sh','217.113.194.124','2025-10-15 16:06:54',_binary '__ci_last_regenerate|i:1760544413;_ci_previous_url|s:38:\"https://pazar11.com/satici-soezlesmesi\";'),('mds_session:5e5srvi6ck4bi5vuf3ao6iipncgol8jq','217.113.194.131','2025-10-15 16:07:18',_binary '__ci_last_regenerate|i:1760544438;_ci_previous_url|s:44:\"https://pazar11.com/en/tekstil?fabric=cotton\";'),('mds_session:amrtbds68fcd0g2rtsra4679meda9s0s','217.113.194.248','2025-10-15 16:07:42',_binary '__ci_last_regenerate|i:1760544461;_ci_previous_url|s:42:\"https://pazar11.com/en/tekstil?fabric=silk\";'),('mds_session:a7lr6tp34ne025eti11kav2hjv2esluq','217.113.194.130','2025-10-15 16:08:03',_binary '__ci_last_regenerate|i:1760544482;_ci_previous_url|s:50:\"https://pazar11.com/en/elektronik?material=leather\";'),('mds_session:otoojmmdag8gus19kb24frvr91vrn9ou','154.54.249.205','2025-10-15 16:08:27',_binary '__ci_last_regenerate|i:1760544506;_ci_previous_url|s:47:\"https://pazar11.com/en/profile/ali-tek?p_cat=15\";'),('mds_session:riipih6dqqpdrt6g5uifiv9n8h8rmht9','217.113.194.122','2025-10-15 16:08:50',_binary '__ci_last_regenerate|i:1760544530;_ci_previous_url|s:47:\"https://pazar11.com/en/profile/ali-tek?p_cat=13\";'),('mds_session:j3slhd0ttraomtambva5dfgoes5j5kdg','217.113.194.126','2025-10-15 16:09:13',_binary '__ci_last_regenerate|i:1760544552;_ci_previous_url|s:47:\"https://pazar11.com/en/profile/ali-tek?p_cat=14\";'),('mds_session:f3qa7kh2ue712ugfstnmoc0thv3hspcc','217.113.194.130','2025-10-15 16:09:38',_binary '__ci_last_regenerate|i:1760544577;_ci_previous_url|s:46:\"https://pazar11.com/en/profile/ali-tek?p_cat=7\";'),('mds_session:9p59kpq6vjeuvqd295sa9lb2ghg9371d','217.113.194.228','2025-10-15 16:10:01',_binary '__ci_last_regenerate|i:1760544600;_ci_previous_url|s:47:\"https://pazar11.com/en/profile/pazar11?p_cat=15\";'),('mds_session:k98tjc4vdpgmk7c9jt45mbpf22fm3bsa','217.113.194.130','2025-10-15 16:10:22',_binary '__ci_last_regenerate|i:1760544622;_ci_previous_url|s:44:\"https://pazar11.com/en/tekstil?fabric=bamboo\";'),('mds_session:hcufhjqbfr5dt4a9ee9hsg7683shgcfj','217.113.194.227','2025-10-15 16:10:49',_binary '__ci_last_regenerate|i:1760544648;_ci_previous_url|s:45:\"https://pazar11.com/en/tekstil?fabric=leather\";'),('mds_session:t5ecv6g0rt4oghm35mvl9ddpooi3kl8b','198.244.183.235','2025-10-15 16:10:58',_binary '__ci_last_regenerate|i:1760544657;pr_2|s:1:\"1\";_ci_previous_url|s:31:\"https://pazar11.com/en/xiaomi-2\";'),('mds_session:jb7j70rc1g1tjvomrp5bk2agr40ioicr','217.113.194.128','2025-10-15 16:11:12',_binary '__ci_last_regenerate|i:1760544672;_ci_previous_url|s:43:\"https://pazar11.com/en/tekstil?fabric=nylon\";'),('mds_session:q1ucjgmmo1rmgm1o1j8lqoalmo7d8v7l','217.113.194.126','2025-10-15 16:11:34',_binary '__ci_last_regenerate|i:1760544694;'),('mds_session:jrhlfll5qqutl2rvckh72kf19100tn87','217.113.194.126','2025-10-15 16:11:58',_binary '__ci_last_regenerate|i:1760544717;'),('mds_session:6cmtr0a1e159824re1mi18mqfo7bgnog','217.113.194.227','2025-10-15 16:12:20',_binary '__ci_last_regenerate|i:1760544739;'),('mds_session:965fe6vn0kf00m9d4a44d4iopsqh38f0','217.113.194.124','2025-10-15 16:12:43',_binary '__ci_last_regenerate|i:1760544762;'),('mds_session:88i9nv6k1bj12a108pnoh2fjvnfs5vv8','217.113.194.123','2025-10-15 16:13:07',_binary '__ci_last_regenerate|i:1760544787;_ci_previous_url|s:52:\"https://pazar11.com/en/elektronik?material=synthetic\";'),('mds_session:65jc81gf9k6k6t48n01f6ucue8529v2l','217.113.194.122','2025-10-15 16:13:29',_binary '__ci_last_regenerate|i:1760544808;'),('mds_session:uimaq655eard2totgp94bq7bhchl2mai','217.113.194.131','2025-10-15 16:13:55',_binary '__ci_last_regenerate|i:1760544834;'),('mds_session:00r8lo67t7t6bemnisk983v3bv3tdg16','217.113.194.126','2025-10-15 16:14:20',_binary '__ci_last_regenerate|i:1760544859;_ci_previous_url|s:56:\"https://pazar11.com/en/elektronik?material=fabric-lining\";'),('mds_session:68ko9a8d561717tt3k1l448lccivfggl','217.113.194.128','2025-10-15 16:14:42',_binary '__ci_last_regenerate|i:1760544881;_ci_previous_url|s:48:\"https://pazar11.com/tekstil?fabric=bamboo%2Csilk\";'),('mds_session:n61e0a0ht5f2b1h0ma4p1h9iuf4d0ao3','217.113.194.124','2025-10-15 16:15:07',_binary '__ci_last_regenerate|i:1760544906;_ci_previous_url|s:49:\"https://pazar11.com/tekstil?fabric=bamboo%2Cnylon\";'),('mds_session:9fomc3pscbqn0g099kbrbba7hjb633ul','217.113.194.227','2025-10-15 16:15:30',_binary '__ci_last_regenerate|i:1760544930;_ci_previous_url|s:47:\"https://pazar11.com/tekstil?fabric=silk%2Cnylon\";'),('mds_session:5vt9919gfo6jpsfiabekaiqcddporuli','217.113.194.127','2025-10-15 16:15:54',_binary '__ci_last_regenerate|i:1760544954;_ci_previous_url|s:48:\"https://pazar11.com/tekstil?fabric=silk%2Ccotton\";'),('mds_session:3sejv8casrh2t8ntqt2elc0qb45b1jsp','154.54.249.205','2025-10-15 16:16:20',_binary '__ci_last_regenerate|i:1760544979;_ci_previous_url|s:48:\"https://pazar11.com/tekstil?fabric=cotton%2Csilk\";'),('mds_session:ipg3jhinjbr46fki99e5t2iqiuknrri7','217.113.194.227','2025-10-15 16:16:43',_binary '__ci_last_regenerate|i:1760545003;_ci_previous_url|s:49:\"https://pazar11.com/tekstil?fabric=cotton%2Cnylon\";'),('mds_session:a1b7bjdv6jmebbsu8h54f3690p5f3026','217.113.194.227','2025-10-15 16:17:06',_binary '__ci_last_regenerate|i:1760545025;_ci_previous_url|s:51:\"https://pazar11.com/tekstil?fabric=cotton%2Cleather\";'),('mds_session:fm35lka8uelm3ep7bapb53aesod9mr9o','217.113.194.122','2025-10-15 16:17:32',_binary '__ci_last_regenerate|i:1760545052;_ci_previous_url|s:49:\"https://pazar11.com/tekstil?fabric=leather%2Csilk\";'),('mds_session:1ebr70blcj4qkl76j7008slj8t9cupdg','217.113.194.228','2025-10-15 16:17:57',_binary '__ci_last_regenerate|i:1760545076;_ci_previous_url|s:50:\"https://pazar11.com/tekstil?fabric=leather%2Cnylon\";'),('mds_session:gkdnikh71bge1ogs8c732tjldhjonnp2','217.113.194.130','2025-10-15 16:18:19',_binary '__ci_last_regenerate|i:1760545099;_ci_previous_url|s:47:\"https://pazar11.com/tekstil?fabric=nylon%2Csilk\";'),('mds_session:ciqu6q2o2737kkq3ikgi634sdovviq4r','217.113.194.122','2025-10-15 16:18:45',_binary '__ci_last_regenerate|i:1760545125;_ci_previous_url|s:46:\"https://pazar11.com/en/mucevher/Degerli-taslar\";'),('mds_session:lin2ftch7j9jt3kv5j2jarmjr8s6aqi5','217.113.194.248','2025-10-15 16:19:07',_binary '__ci_last_regenerate|i:1760545146;'),('mds_session:3b8kd5ujr7dd6g5n6tn7oendej0urmf9','217.113.194.127','2025-10-15 16:19:29',_binary '__ci_last_regenerate|i:1760545168;_ci_previous_url|s:50:\"https://pazar11.com/tekstil?fabric=bamboo%2Ccotton\";'),('mds_session:9tkj357cbg39vkmobp8h7qu2747srb7b','40.77.167.136','2025-10-15 16:19:37',_binary '__ci_last_regenerate|i:1760545177;_ci_previous_url|s:43:\"https://pazar11.com/profile/ali-tek?p_cat=7\";'),('mds_session:rj43g7no7p94inh44ea9a0ipdda98p8a','217.113.194.131','2025-10-15 16:19:54',_binary '__ci_last_regenerate|i:1760545194;_ci_previous_url|s:51:\"https://pazar11.com/tekstil?fabric=bamboo%2Cleather\";'),('mds_session:751p447suq3lb8d8civr3hd0bosm9r5f','217.113.194.123','2025-10-15 16:20:17',_binary '__ci_last_regenerate|i:1760545217;_ci_previous_url|s:49:\"https://pazar11.com/tekstil?fabric=silk%2Cleather\";'),('mds_session:j2m84k3p0p66rulkomeiulo6jgbogavf','217.113.194.227','2025-10-15 16:20:41',_binary '__ci_last_regenerate|i:1760545240;_ci_previous_url|s:48:\"https://pazar11.com/tekstil?fabric=silk%2Cbamboo\";'),('mds_session:9q1pi99s5lo2odqmnuapn3lq1icr61ai','217.113.194.248','2025-10-15 16:21:06',_binary '__ci_last_regenerate|i:1760545265;_ci_previous_url|s:50:\"https://pazar11.com/tekstil?fabric=cotton%2Cbamboo\";'),('mds_session:dq4snfiosjboque6502f1v11ljddg6a9','217.113.194.131','2025-10-15 16:21:29',_binary '__ci_last_regenerate|i:1760545288;_ci_previous_url|s:51:\"https://pazar11.com/tekstil?fabric=leather%2Ccotton\";'),('mds_session:1karfq02dm9d0m1htrpjvil14p2m1ccq','217.113.194.130','2025-10-15 16:21:53',_binary '__ci_last_regenerate|i:1760545312;_ci_previous_url|s:51:\"https://pazar11.com/tekstil?fabric=leather%2Cbamboo\";'),('mds_session:lqe3mf4u631d3iejgaut7lj6pck9ekgc','217.113.194.127','2025-10-15 16:22:21',_binary '__ci_last_regenerate|i:1760545341;_ci_previous_url|s:49:\"https://pazar11.com/tekstil?fabric=nylon%2Ccotton\";'),('mds_session:1us8rtq167uu4j28vhee4edvloq2c61g','217.113.194.128','2025-10-15 16:22:44',_binary '__ci_last_regenerate|i:1760545363;_ci_previous_url|s:49:\"https://pazar11.com/tekstil?fabric=nylon%2Cbamboo\";'),('mds_session:dtmm2pr8pbntr21pjla9338jn7molkl7','217.113.194.125','2025-10-15 16:23:07',_binary '__ci_last_regenerate|i:1760545386;_ci_previous_url|s:50:\"https://pazar11.com/tekstil?fabric=nylon%2Cleather\";'),('mds_session:j5buf1an2cbh26abiolvau1de89j89i4','217.113.194.126','2025-10-15 16:23:29',_binary '__ci_last_regenerate|i:1760545409;'),('mds_session:oglrarb7rmpk756uc3m3d899kplsbt3n','18.214.124.6','2025-10-15 16:23:53',_binary '__ci_last_regenerate|i:1760545433;_ci_previous_url|s:27:\"https://pazar11.com/tekstil\";'),('mds_session:ehcov25l136k56m9nibkhf000m6lkqlc','217.113.194.124','2025-10-15 16:23:55',_binary '__ci_last_regenerate|i:1760545435;_ci_previous_url|s:59:\"https://pazar11.com/elektronik?material=leather%2Csynthetic\";'),('mds_session:mje8r9abdmpfe9ngh3raviebhseb7fm0','217.113.194.131','2025-10-15 16:24:19',_binary '__ci_last_regenerate|i:1760545459;'),('mds_session:gmptf6fgfrh8b0g0o1alqcfscgc3mbik','154.54.249.205','2025-10-15 16:24:43',_binary '__ci_last_regenerate|i:1760545483;_ci_previous_url|s:63:\"https://pazar11.com/elektronik?material=leather%2Cfabric-lining\";'),('mds_session:o19jorprnp925lo4l7o5k0oqkqlj36hv','217.113.194.128','2025-10-15 16:25:07',_binary '__ci_last_regenerate|i:1760545507;_ci_previous_url|s:59:\"https://pazar11.com/elektronik?material=synthetic%2Cleather\";'),('mds_session:at4tnl22osf1ertq2kklp8s36gvvqigb','217.113.194.228','2025-10-15 16:25:32',_binary '__ci_last_regenerate|i:1760545531;_ci_previous_url|s:65:\"https://pazar11.com/elektronik?material=synthetic%2Cfabric-lining\";'),('mds_session:lbdn6l7br6s9bmvondiv78cins9ab9qt','217.113.194.127','2025-10-15 16:25:55',_binary '__ci_last_regenerate|i:1760545555;_ci_previous_url|s:63:\"https://pazar11.com/elektronik?material=fabric-lining%2Cleather\";'),('mds_session:6r3uen1oq160vh3gch3r71e6te5caft5','217.113.194.130','2025-10-15 16:26:18',_binary '__ci_last_regenerate|i:1760545577;_ci_previous_url|s:53:\"https://pazar11.com/bilgisayar/bilgisayar-bilesenleri\";'),('mds_session:jbfoqsj7l0n95lof6qaem4j114u2j6cg','217.113.194.227','2025-10-15 16:26:42',_binary '__ci_last_regenerate|i:1760545602;'),('mds_session:ouh4lu2bacufr6ort763dlkk7sm9819o','217.113.194.128','2025-10-15 16:27:06',_binary '__ci_last_regenerate|i:1760545626;_ci_previous_url|s:65:\"https://pazar11.com/elektronik?material=fabric-lining%2Csynthetic\";'),('mds_session:oh1rm5mk1aodrma02vti2jdj3amadubs','217.113.194.127','2025-10-15 16:27:29',_binary '__ci_last_regenerate|i:1760545649;'),('mds_session:p43trqbtt56nnmtvqcv7ls0q9s721alm','217.113.194.248','2025-10-15 16:27:54',_binary '__ci_last_regenerate|i:1760545674;'),('mds_session:j796v92810qt7er93ju6el7jj0sjs96d','217.113.194.130','2025-10-15 16:28:17',_binary '__ci_last_regenerate|i:1760545697;'),('mds_session:tsvjjv8usjh03vlnesvus201j1gog8tq','217.113.194.124','2025-10-15 16:28:42',_binary '__ci_last_regenerate|i:1760545722;pr_7|s:1:\"1\";_ci_previous_url|s:60:\"https://pazar11.com/kumtel-4l-beyaz-mini-buzdolabi-hmfr-01-7\";'),('mds_session:hqu9907p8soe084or6b1ep23nd9pm084','217.113.194.127','2025-10-15 16:29:09',_binary '__ci_last_regenerate|i:1760545749;'),('mds_session:r3bdsf132ksigp8mqq3ekuv9jmh3jkgi','217.113.194.126','2025-10-15 16:29:37',_binary '__ci_last_regenerate|i:1760545776;pr_10|s:1:\"1\";_ci_previous_url|s:94:\"https://pazar11.com/honor-pad-9-8gb-256gb-121-tablet-klavyeli-kilif-honor-turkiye-garantili-10\";'),('mds_session:m2n2sobqolktdf1t1300os46ounbs4nd','217.113.194.129','2025-10-15 16:30:00',_binary '__ci_last_regenerate|i:1760545800;pr_8|s:1:\"1\";_ci_previous_url|s:95:\"https://pazar11.com/tecno-camon-40-pro-5g-256-gb-12-gb-ram-tecno-turkiye-garantili-buz-beyazi-8\";'),('mds_session:8tbo7c9g6dtluj39ghpigdp42hjar110','217.113.194.124','2025-10-15 16:30:25',_binary '__ci_last_regenerate|i:1760545825;pr_9|s:1:\"1\";_ci_previous_url|s:101:\"https://pazar11.com/msi-mb-pro-b650-s-wifi-am5-ddr5-7200mhzoc-hdmi-dp-m2-usb32-25g-lan-wi-fi-6e-atx-9\";'),('mds_session:qq6rvf2hpn9srtjo3t4ltntivl59on5b','217.113.194.130','2025-10-15 16:30:50',_binary '__ci_last_regenerate|i:1760545850;pr_5|s:1:\"1\";_ci_previous_url|s:126:\"https://pazar11.com/msi-thin-15-b12ucx-2634xtr-intel-core-i5-12450h-8gb-512gb-ssd-rtx2050-freedos-156-tasinabilir-bilgisayar-5\";'),('mds_session:tgsfphb4pnsh8tp3odn0vq3o7timrigm','217.113.194.125','2025-10-15 16:31:14',_binary '__ci_last_regenerate|i:1760545873;pr_6|s:1:\"1\";_ci_previous_url|s:135:\"https://pazar11.com/kumtel-siyah-cam-dijital-dokunmatik-ankastre-set-8-programli-ko-40-tahdf-ocak-b66-sf2-ddt-firin-da6-835-davlumbaz-6\";'),('mds_session:v741jq34puuibirkmev34q8o61r7q8tf','40.77.167.9','2025-10-15 16:38:59',_binary '__ci_last_regenerate|i:1760546339;'),('mds_session:u5j7e0r05uvn48koev80cfcgaa4of9tj','50.16.216.166','2025-10-15 16:50:46',_binary '__ci_last_regenerate|i:1760547046;_ci_previous_url|s:37:\"https://pazar11.com/temizlik-urunleri\";'),('mds_session:rolqsv947o5182q3tiqebdmkuaqeksj2','44.195.50.71','2025-10-15 16:50:50',_binary '__ci_last_regenerate|i:1760547050;_ci_previous_url|s:41:\"https://pazar11.com/araba-ve-aksesuarlari\";'),('mds_session:vp8700dme70nih1bq9olsnb5oo69ao8v','198.244.183.128','2025-10-15 17:09:34',_binary '__ci_last_regenerate|i:1760548174;_ci_previous_url|s:80:\"https://pazar11.com/en/blog/fashion/various-versions-have-evolved-over-the-years\";'),('mds_session:26bg9a56ht6jk9od86d57073ob43b7mv','3.94.156.104','2025-10-15 17:17:15',_binary '__ci_last_regenerate|i:1760548635;_ci_previous_url|s:33:\"https://pazar11.com/kiralik-evler\";'),('mds_session:kct9drrfin21dr7jp0dtqqsmv1vl9d2a','182.44.9.147','2025-10-15 17:35:25',_binary '__ci_last_regenerate|i:1760549725;_ci_previous_url|s:20:\"https://pazar11.com/\";'),('mds_session:qbqr8le9te3q1nk10htia22vsg7jqhta','54.209.100.30','2025-10-15 17:45:43',_binary '__ci_last_regenerate|i:1760550342;_ci_previous_url|s:26:\"https://pazar11.com/hizmet\";'),('mds_session:mtvqak4oasm7kqvbtf0hoqimrv476ho8','43.133.187.11','2025-10-15 17:50:58',_binary '__ci_last_regenerate|i:1760550657;_ci_previous_url|s:20:\"https://pazar11.com/\";'),('mds_session:cd6ebl2r9c1kda69fvmlgalm9eunreif','198.244.183.152','2025-10-15 18:04:23',_binary '__ci_last_regenerate|i:1760551463;_ci_previous_url|s:46:\"https://pazar11.com/help-center/submit-request\";'),('mds_session:jc9lk9gucis7r2ro71anbksag84qg81b','43.130.71.237','2025-10-15 18:07:32',_binary '__ci_last_regenerate|i:1760551651;_ci_previous_url|s:20:\"https://pazar11.com/\";'),('mds_session:i4mn4s28r2nuvilg80t1pr502qmdp4ei','49.51.253.26','2025-10-15 18:18:56',_binary '__ci_last_regenerate|i:1760552335;_ci_previous_url|s:27:\"https://pazar11.com/ev-arsa\";'),('mds_session:nbputcef02q2s3bkeuujjrsugvfb448p','43.166.226.57','2025-10-15 18:28:49',_binary '__ci_last_regenerate|i:1760552929;_ci_previous_url|s:25:\"https://pazar11.com/shops\";'),('mds_session:ku0d425m051ossqfrr0gp6tkjn9hp2sj','43.167.232.38','2025-10-15 18:35:44',_binary '__ci_last_regenerate|i:1760553344;_ci_previous_url|s:27:\"https://pazar11.com/tekstil\";'),('mds_session:8bsb5lgj2megbaqt5f8e0m1s5rgoq329','49.51.203.164','2025-10-15 18:45:38',_binary '__ci_last_regenerate|i:1760553937;_ci_previous_url|s:26:\"https://pazar11.com/hizmet\";'),('mds_session:ei9t6thrupac8un1me576ec3brnl2cha','43.157.158.178','2025-10-15 18:53:43',_binary '__ci_last_regenerate|i:1760554422;_ci_previous_url|s:30:\"https://pazar11.com/Beyaz-esya\";'),('mds_session:1sc1gmnj5hhsr45fslgtjcpm17d8kug5','207.46.13.107','2025-10-15 18:54:28',_binary '__ci_last_regenerate|i:1760554467;_ci_previous_url|s:37:\"https://pazar11.com/temizlik-urunleri\";'),('mds_session:qn5en004ljj4hbahb7dlq0qatoun1as8','51.195.215.103','2025-10-15 19:00:17',_binary '__ci_last_regenerate|i:1760554816;pr_3|s:1:\"1\";_ci_previous_url|s:45:\"https://pazar11.com/en/iphone-16-pro-128-gb-3\";'),('mds_session:bssh3hrg49or29dfv7uu4urqa6p0u01h','170.106.35.137','2025-10-15 19:10:04',_binary '__ci_last_regenerate|i:1760555403;_ci_previous_url|s:35:\"https://pazar11.com/profile/ali-tek\";'),('mds_session:37s0tb9sd8jebjvelgqjott6shgnufle','43.157.168.43','2025-10-15 19:15:06',_binary '__ci_last_regenerate|i:1760555706;_ci_previous_url|s:38:\"https://pazar11.com/satici-soezlesmesi\";'),('mds_session:c1hmja37ouvkodrou1mubab6opvls1d0','52.200.251.20','2025-10-15 19:17:55',_binary '__ci_last_regenerate|i:1760555874;_ci_previous_url|s:30:\"https://pazar11.com/elektronik\";'),('mds_session:q193kjgdvabh8bnvnq3dd6t9cqcma7p8','3.212.219.113','2025-10-15 19:17:59',_binary '__ci_last_regenerate|i:1760555878;_ci_previous_url|s:31:\"https://pazar11.com/bebek-giyim\";'),('mds_session:fm1vvohvfi1qrlh6m74q32vrmt3jl34k','152.42.167.31','2025-10-15 19:22:19',_binary '__ci_last_regenerate|i:1760556127;_ci_previous_url|s:20:\"https://pazar11.com/\";'),('mds_session:6k2gu32m1com4enscilgvgafgb7796cr','162.62.213.165','2025-10-15 19:24:30',_binary '__ci_last_regenerate|i:1760556270;'),('mds_session:b4n5ps5o8bgi6neus6170e6lmr585qke','162.62.213.165','2025-10-15 19:24:34',_binary '__ci_last_regenerate|i:1760556274;_ci_previous_url|s:22:\"https://pazar11.com/en\";'),('mds_session:i8sp4jufrj9da9qrpo8gvqot8j3qac3t','159.203.115.100','2025-10-15 19:33:49',_binary '__ci_last_regenerate|i:1760556829;_ci_previous_url|s:20:\"https://pazar11.com/\";'),('mds_session:q7ljki45u8upeb0d6cpg252dht09pcq4','159.203.115.100','2025-10-15 19:34:36',_binary '__ci_last_regenerate|i:1760556876;'),('mds_session:t28amoapdjmgnn9ide3u4jve41cjpin5','159.203.115.100','2025-10-15 19:34:36',_binary '__ci_last_regenerate|i:1760556876;'),('mds_session:od8to8rri1rl8c3b463nms90h67s48la','159.203.115.100','2025-10-15 19:34:36',_binary '__ci_last_regenerate|i:1760556876;'),('mds_session:5nb011aaed91hkagede849dh34mgkfkk','159.203.115.100','2025-10-15 19:34:36',_binary '__ci_last_regenerate|i:1760556876;'),('mds_session:6hc6loqcsk49qsh7nb18ofhiae3bv7dg','43.164.197.209','2025-10-15 19:37:28',_binary '__ci_last_regenerate|i:1760557047;_ci_previous_url|s:53:\"https://pazar11.com/bilgisayar/bilgisayar-bilesenleri\";'),('mds_session:ieucppum6qo6ikoe41uui7856uh3rktn','18.204.89.56','2025-10-15 19:47:20',_binary '__ci_last_regenerate|i:1760557639;pr_9|s:1:\"1\";_ci_previous_url|s:101:\"https://pazar11.com/msi-mb-pro-b650-s-wifi-am5-ddr5-7200mhzoc-hdmi-dp-m2-usb32-25g-lan-wi-fi-6e-atx-9\";'),('mds_session:d943hk69k85bbr3ufcmpc98k05jabdc6','43.159.135.203','2025-10-15 19:51:59',_binary '__ci_last_regenerate|i:1760557919;_ci_previous_url|s:27:\"https://pazar11.com/Petshop\";'),('mds_session:1v5l9bo47jbq4u1eeom3sra1us9bqoob','43.128.156.124','2025-10-15 20:15:44',_binary '__ci_last_regenerate|i:1760559343;_ci_previous_url|s:44:\"https://pazar11.com/profile/ali-tek?p_cat=13\";'),('mds_session:q8i56n8td753gtnl2o07s3kq8e4d9ds7','43.130.74.193','2025-10-15 20:30:45',_binary '__ci_last_regenerate|i:1760560244;_ci_previous_url|s:30:\"https://pazar11.com/en/ev-arsa\";'),('mds_session:se15d067ndad5aa949ksuksg3iubek23','66.249.66.165','2025-10-15 20:34:45',_binary '__ci_last_regenerate|i:1760560476;_ci_previous_url|s:101:\"https://pazar11.com/tekstil?search=search_term_string&fabric=cotton%2Cleather%2Cnylon%2Cbamboo%2Csilk\";'),('mds_session:trt8j0gbse45e2afmdf85heeij4cfd8t','43.158.91.71','2025-10-15 20:39:55',_binary '__ci_last_regenerate|i:1760560794;_ci_previous_url|s:56:\"https://pazar11.com/en/bilgisayar/bilgisayar-bilesenleri\";'),('mds_session:a7n652vuerbord1rf7ifcdomsepaqquj','3.212.219.113','2025-10-15 20:44:14',_binary '__ci_last_regenerate|i:1760561053;_ci_previous_url|s:80:\"https://pazar11.com/en/blog/fashion/various-versions-have-evolved-over-the-years\";'),('mds_session:g6mmlie26f85783fi57engvct1kij5dk','54.166.126.132','2025-10-15 20:44:18',_binary '__ci_last_regenerate|i:1760561058;_ci_previous_url|s:84:\"https://pazar11.com/en/blog/life-style/certain-circumstances-and-owing-to-the-claims\";'),('mds_session:o5gs75liq3gsuo0k4c4v07vnt3cuu2qa','52.44.229.124','2025-10-15 20:50:45',_binary '__ci_last_regenerate|i:1760561445;_ci_previous_url|s:38:\"https://pazar11.com/satici-soezlesmesi\";'),('mds_session:qgr445f38a7n1h3lqn3lgcu5nl74624b','23.22.59.87','2025-10-15 20:50:50',_binary '__ci_last_regenerate|i:1760561450;_ci_previous_url|s:53:\"https://pazar11.com/bilgisayar/bilgisayar-bilesenleri\";'),('mds_session:34f63aa5ocs6fjd36pq3uog82agkj25o','43.131.45.213','2025-10-15 20:54:45',_binary '__ci_last_regenerate|i:1760561685;_ci_previous_url|s:28:\"https://pazar11.com/mucevher\";'),('mds_session:kl308kgk54hjvpdt1ai5io1n6nq16f8f','170.106.161.78','2025-10-15 21:01:32',_binary '__ci_last_regenerate|i:1760562092;_ci_previous_url|s:31:\"https://pazar11.com/erkek-giyim\";'),('mds_session:6g0bb3v2kivp9srjpsfp3b0ltvr6srgb','198.244.240.114','2025-10-15 21:10:25',_binary '__ci_last_regenerate|i:1760562625;'),('mds_session:cmd9qn2apopsjk9p6jvcqrg9shj7a1b6','66.249.66.163','2025-10-15 21:18:41',_binary '__ci_last_regenerate|i:1760563112;_ci_previous_url|s:31:\"https://pazar11.com/en/wishlist\";'),('mds_session:egsc3ok3d2lq14rkrtu8g5v0n670pktf','172.191.183.155','2025-10-15 21:29:14',_binary '__ci_last_regenerate|i:1760563754;'),('mds_session:f0v8c4tl9em9jc2bnnpb44q5elb79jp8','172.191.183.155','2025-10-15 21:29:14',_binary '__ci_last_regenerate|i:1760563754;'),('mds_session:62i5qiqh4c1fspvlphmda7rd22p096tm','172.191.183.155','2025-10-15 21:29:14',_binary '__ci_last_regenerate|i:1760563754;'),('mds_session:n2sgrb7gpg9uld5p9078e9l1f5jlramu','172.191.183.155','2025-10-15 21:29:15',_binary '__ci_last_regenerate|i:1760563755;'),('mds_session:os314isrqg82mdmsg52d5k6egcjdq1ea','172.191.183.155','2025-10-15 21:29:15',_binary '__ci_last_regenerate|i:1760563755;'),('mds_session:bq67nv9o4l1cb5mpk8gdcai15ejbbpnf','172.191.183.155','2025-10-15 21:29:15',_binary '__ci_last_regenerate|i:1760563755;'),('mds_session:2pdma2d1mnpg1eh1u95h7d30v9r3ree2','172.191.183.155','2025-10-15 21:29:16',_binary '__ci_last_regenerate|i:1760563756;'),('mds_session:13k015ms1u5kiem8qc3f8126cmvuf7p6','172.191.183.155','2025-10-15 21:29:16',_binary '__ci_last_regenerate|i:1760563756;'),('mds_session:g8giqg4mvvfhgsaj09cko2jjls016l30','172.191.183.155','2025-10-15 21:29:16',_binary '__ci_last_regenerate|i:1760563756;'),('mds_session:ap8tvfnmjgqrpnps20pukmqckfmg4c85','172.191.183.155','2025-10-15 21:29:17',_binary '__ci_last_regenerate|i:1760563757;'),('mds_session:qm7fnp9001rmd6ahg1ljgaoundcf724n','66.249.66.164','2025-10-15 21:49:49',_binary '__ci_last_regenerate|i:1760564976;_ci_previous_url|s:75:\"https://pazar11.com/tekstil?fabric=bamboo%2Cnylon%2Cleather%2Csilk%2Ccotton\";'),('mds_session:1bhqn1le38p7a9dis4trlfijc2ksirld','34.206.212.24','2025-10-15 21:55:14',_binary '__ci_last_regenerate|i:1760565313;_ci_previous_url|s:68:\"https://pazar11.com/en/blog/fashion/many-desktop-publishing-packages\";'),('mds_session:o6a1vh5k4fvtbk4bn407emhd5ca993g7','156.146.55.180','2025-10-15 22:17:41',_binary '__ci_last_regenerate|i:1760566659;_ci_previous_url|s:27:\"https://pazar11.com/contact\";'),('mds_session:3rbk41g40mmtaajjrgm34aro73jcko78','54.156.248.117','2025-10-15 22:23:01',_binary '__ci_last_regenerate|i:1760566981;_ci_previous_url|s:27:\"https://pazar11.com/telefon\";'),('mds_session:boc5t3jdu6cffkptsouqoq3hbngoca98','52.204.71.8','2025-10-15 22:23:06',_binary '__ci_last_regenerate|i:1760566985;_ci_previous_url|s:31:\"https://pazar11.com/kadin-giyim\";'),('mds_session:uoeu85s5qgkkqrj4v4ml32cnc2b8b55p','34.234.197.175','2025-10-15 22:23:09',_binary '__ci_last_regenerate|i:1760566989;_ci_previous_url|s:28:\"https://pazar11.com/mucevher\";'),('mds_session:3uq1fbelboblfmv65eg1g32jbeh9jmt0','52.167.144.145','2025-10-15 22:27:50',_binary '__ci_last_regenerate|i:1760567270;_ci_previous_url|s:40:\"https://pazar11.com/en/hediyelik-esyalar\";'),('mds_session:vtv3vjqo55d4js68ttv161q60u5u1pla','40.77.167.11','2025-10-15 22:38:34',_binary '__ci_last_regenerate|i:1760567913;_ci_previous_url|s:66:\"https://pazar11.com/en/elektronik?material=fabric-lining%2Cleather\";'),('mds_session:td3p2hb8l1s8c6mht3233ipdg5hlaqdt','66.249.66.163','2025-10-15 23:04:45',_binary '__ci_last_regenerate|i:1760569476;pr_6|s:1:\"1\";_ci_previous_url|s:135:\"https://pazar11.com/kumtel-siyah-cam-dijital-dokunmatik-ankastre-set-8-programli-ko-40-tahdf-ocak-b66-sf2-ddt-firin-da6-835-davlumbaz-6\";'),('mds_session:i6sata7s9kqtrl32d3hjf8a6rvmph8hg','222.79.104.23','2025-10-15 23:16:36',_binary '__ci_last_regenerate|i:1760570195;_ci_previous_url|s:20:\"https://pazar11.com/\";'),('mds_session:t71vm449djij8t18sd6pcdpfbivlpntk','44.205.74.196','2025-10-15 23:18:33',_binary '__ci_last_regenerate|i:1760570313;_ci_previous_url|s:42:\"https://pazar11.com/giyile-bilir-teknoloji\";'),('mds_session:61qb76otscgea0n8e423shjrstdivvbq','66.249.66.163','2025-10-15 23:31:39',_binary '__ci_last_regenerate|i:1760571093;_ci_previous_url|s:27:\"https://pazar11.com/ev-arsa\";'),('mds_session:aelp77vcci6eb00cjp2gjip4j8ut0vbe','120.229.98.220','2025-10-15 23:34:42',_binary '__ci_last_regenerate|i:1760571281;_ci_previous_url|s:20:\"https://pazar11.com/\";'),('mds_session:9hpjdopbutg2psmooaajti601ff2a69r','198.244.226.172','2025-10-15 23:35:53',_binary '__ci_last_regenerate|i:1760571353;_ci_previous_url|s:20:\"https://pazar11.com/\";'),('mds_session:jj12lbpioadq36k0qd72v089pcp7of5a','202.8.42.155','2025-10-15 23:35:56',''),('mds_session:qrgg7ioomd96u2k5tc2p1svb6p0grr0b','202.8.42.155','2025-10-15 23:35:57',_binary '__ci_last_regenerate|i:1760571355;_ci_previous_url|s:20:\"https://pazar11.com/\";'),('mds_session:2u36pb9k7eovgiqjg6k43smrnud52ail','54.221.203.24','2025-10-15 23:39:54',_binary '__ci_last_regenerate|i:1760571593;pr_8|s:1:\"1\";_ci_previous_url|s:95:\"https://pazar11.com/tecno-camon-40-pro-5g-256-gb-12-gb-ram-tecno-turkiye-garantili-buz-beyazi-8\";'),('mds_session:k3phadjb5dhshb9pee6jmva6t0hip3rl','66.249.66.163','2025-10-15 23:55:42',_binary '__ci_last_regenerate|i:1760572532;pr_10|s:1:\"1\";_ci_previous_url|s:94:\"https://pazar11.com/honor-pad-9-8gb-256gb-121-tablet-klavyeli-kilif-honor-turkiye-garantili-10\";'),('mds_session:dghk3hsp89v8gno3u1rphbfl0uq0n4db','66.249.66.165','2025-10-16 00:28:13',_binary '__ci_last_regenerate|i:1760574491;_ci_previous_url|s:22:\"https://pazar11.com/en\";'),('mds_session:t3nfa6mik9gff26rjm040374g3r1mr1n','66.249.66.164','2025-10-16 00:28:18',''),('mds_session:fae8eq5c7ij26etq3lc64ejeoq8m3t7e','140.228.21.27','2025-10-16 00:47:39',_binary '__ci_last_regenerate|i:1760575659;_ci_previous_url|s:20:\"https://pazar11.com/\";'),('mds_session:nc34cnbgln6h1bg7h7cdvbb76sbkm16l','15.220.152.231','2025-10-16 01:14:40',_binary '__ci_last_regenerate|i:1760577279;_ci_previous_url|s:20:\"https://pazar11.com/\";'),('mds_session:0se8c7gquagdjpo4sdnc806pemposnjq','54.210.152.179','2025-10-16 01:20:56',_binary '__ci_last_regenerate|i:1760577656;_ci_previous_url|s:43:\"https://pazar11.com/profile/ali-tek?p_cat=2\";'),('mds_session:u4p43mmrms96vgl4bq3opftl0ahg5o5n','220.181.108.175','2025-10-16 01:23:32',_binary '__ci_last_regenerate|i:1760577766;pr_3|s:1:\"1\";_ci_previous_url|s:42:\"https://pazar11.com/iphone-16-pro-128-gb-3\";'),('mds_session:mac4hg91i9apo4bdfge35bksgesmo2nq','216.244.66.246','2025-10-16 01:41:49',_binary '__ci_last_regenerate|i:1760578908;_ci_previous_url|s:39:\"https://pazar11.com/blog/tag/predefined\";'),('mds_session:cqlsmrupf3s9qm0bqs1dukav3dd8bu3j','52.203.65.83','2025-10-16 01:46:56',_binary '__ci_last_regenerate|i:1760579216;_ci_previous_url|s:49:\"https://pazar11.com/en/help-center/submit-request\";'),('mds_session:iok7svipnnvn2s9cud6idljtvjtts8j5','52.44.229.124','2025-10-16 01:47:00',_binary '__ci_last_regenerate|i:1760579219;_ci_previous_url|s:45:\"https://pazar11.com/en/blog/tag/circumstances\";'),('mds_session:74hsld9qrgniqf15s9v6mbvgl3h9k8vi','40.77.167.76','2025-10-16 02:05:43',_binary '__ci_last_regenerate|i:1760580342;_ci_previous_url|s:44:\"https://pazar11.com/profile/ali-tek?p_cat=17\";'),('mds_session:jnpm7a3ja2g419ppkpf0qmfk7h11slfr','198.244.226.210','2025-10-16 02:45:29',_binary '__ci_last_regenerate|i:1760582728;_ci_previous_url|s:38:\"https://pazar11.com/en/profile/ali-tek\";'),('mds_session:9p0sk39t7ksodk8ilifp9ummkhci2gb2','134.122.47.203','2025-10-16 03:27:49',_binary '__ci_last_regenerate|i:1760585268;_ci_previous_url|s:20:\"https://pazar11.com/\";'),('mds_session:m52gr4b9nqioah4nhjnl65lih7do1t2r','43.167.236.228','2025-10-16 03:47:32',_binary '__ci_last_regenerate|i:1760586452;_ci_previous_url|s:20:\"https://pazar11.com/\";'),('mds_session:9ahl8hnv5i620ouqtpucunms786hdocr','52.73.142.41','2025-10-16 03:52:53',_binary '__ci_last_regenerate|i:1760586773;'),('mds_session:21jhqtqokb3g98aljv4dlig69eiidtsr','34.239.197.197','2025-10-16 03:54:32',_binary '__ci_last_regenerate|i:1760586872;_ci_previous_url|s:31:\"https://pazar11.com/en/otomobil\";'),('mds_session:a4anrke32dqjkpfma5a42dt79atk4ebr','100.24.167.60','2025-10-16 03:54:36',_binary '__ci_last_regenerate|i:1760586875;_ci_previous_url|s:44:\"https://pazar11.com/en/araba-ve-aksesuarlari\";'),('mds_session:o0ufe3knqf57oo4vg30k20o76dj8jqt5','51.195.244.232','2025-10-16 03:56:15',_binary '__ci_last_regenerate|i:1760586975;_ci_previous_url|s:43:\"https://pazar11.com/mucevher/Degerli-taslar\";'),('mds_session:n5nq3eqf92htmb8pms5ndnm9upkjmlns','43.166.244.192','2025-10-16 04:01:16',_binary '__ci_last_regenerate|i:1760587276;pr_2|s:1:\"1\";_ci_previous_url|s:28:\"https://pazar11.com/xiaomi-2\";'),('mds_session:99ra53r4j9b2ev8bcttkrm680sa90vrh','216.244.66.246','2025-10-16 04:09:21',_binary '__ci_last_regenerate|i:1760587761;_ci_previous_url|s:36:\"https://pazar11.com/en/blog/tag/have\";'),('mds_session:02emgl5i9vmimotcbckdd1rgh4okh081','43.153.27.244','2025-10-16 04:11:38',_binary '__ci_last_regenerate|i:1760587898;_ci_previous_url|s:37:\"https://pazar11.com/hediyelik-esyalar\";'),('mds_session:1ufie4mqbq50sd7d0k461dhq9psmh1c1','34.202.88.37','2025-10-16 04:11:44',_binary '__ci_last_regenerate|i:1760587903;_ci_previous_url|s:44:\"https://pazar11.com/profile/ali-tek?p_cat=14\";'),('mds_session:gjtoki2fo3e6udavn2ko8csl2tof7nk4','40.77.167.44','2025-10-16 04:31:27',_binary '__ci_last_regenerate|i:1760589087;_ci_previous_url|s:46:\"https://pazar11.com/en/profile/ali-tek?p_cat=2\";'),('mds_session:sq582ngu5eug5quls0b4amcdn8hebpor','49.51.253.26','2025-10-16 04:32:26',_binary '__ci_last_regenerate|i:1760589146;_ci_previous_url|s:23:\"https://pazar11.com/en/\";'),('mds_session:5e1lrfu3an84c3j9sdvtr84uvg9v163u','52.167.144.147','2025-10-16 04:39:17',_binary '__ci_last_regenerate|i:1760589555;_ci_previous_url|s:22:\"https://pazar11.com/en\";'),('mds_session:9qm14nrpd1uj6p5tj1ghn1qf5dnn5t37','43.130.3.122','2025-10-16 04:42:54',_binary '__ci_last_regenerate|i:1760589773;_ci_previous_url|s:41:\"https://pazar11.com/araba-ve-aksesuarlari\";'),('mds_session:hg8i8qinrmm8bufhp6vpa25hhjnur8vu','184.72.95.195','2025-10-16 04:49:13',_binary '__ci_last_regenerate|i:1760590153;_ci_previous_url|s:22:\"https://pazar11.com/en\";'),('mds_session:46b0edhpqrklvt736n64u7r8lacvbdkm','54.210.155.69','2025-10-16 04:49:17',_binary '__ci_last_regenerate|i:1760590156;_ci_previous_url|s:37:\"https://pazar11.com/followers/ali-tek\";'),('mds_session:gp9fbaj74men9md65omoj3k9fi7n9njb','43.157.149.188','2025-10-16 04:50:28',_binary '__ci_last_regenerate|i:1760590228;pr_7|s:1:\"1\";_ci_previous_url|s:60:\"https://pazar11.com/kumtel-4l-beyaz-mini-buzdolabi-hmfr-01-7\";'),('mds_session:294d09q82anpk2cu47ltt7og1vfh2fn2','43.153.96.233','2025-10-16 05:03:42',_binary '__ci_last_regenerate|i:1760591022;pr_2|s:1:\"1\";_ci_previous_url|s:28:\"https://pazar11.com/xiaomi-2\";'),('mds_session:7m9fso74ok8jsqm0blciqjrch367d1gv','66.249.66.164','2025-10-16 05:06:45',_binary '__ci_last_regenerate|i:1760591203;_ci_previous_url|s:22:\"https://pazar11.com/en\";'),('mds_session:hu2ifvu3jtrv7j4g7s6v2iugbsvu75ir','66.249.66.164','2025-10-16 05:06:50',''),('mds_session:00jehg0o52kffqhsboriqke4qj7enuet','58.49.233.126','2025-10-16 05:08:09',_binary '__ci_last_regenerate|i:1760591288;_ci_previous_url|s:20:\"https://pazar11.com/\";'),('mds_session:2n9ung09o3ov97nbj5foem9vj4h3a4h9','40.69.165.140','2025-10-16 05:09:54',_binary '__ci_last_regenerate|i:1760591372;_ci_previous_url|s:20:\"https://pazar11.com/\";'),('mds_session:29lhnj9me8vts6b39f5qk0gtskltjcav','198.244.183.103','2025-10-16 05:09:44',_binary '__ci_last_regenerate|i:1760591384;_ci_previous_url|s:49:\"https://pazar11.com/en/help-center/submit-request\";'),('mds_session:u6uehrvgd7e8a4n90sbt2j5pfnogubk1','43.135.182.43','2025-10-16 05:11:10',_binary '__ci_last_regenerate|i:1760591470;'),('mds_session:fs33g56pfhaotrk4l90gje7s0t46dueo','213.153.146.246','2025-10-16 05:11:26',_binary '__ci_last_regenerate|i:1760591486;_ci_previous_url|s:20:\"https://pazar11.com/\";'),('mds_session:jni9flvracdpmi9d7a58a9sjpori2r1f','43.153.35.128','2025-10-16 05:20:53',_binary '__ci_last_regenerate|i:1760592053;_ci_previous_url|s:31:\"https://pazar11.com/en/wishlist\";'),('mds_session:jdfbc7p3vrgd4jr2ajv5ju4q98pp8m37','43.131.39.179','2025-10-16 05:30:49',_binary '__ci_last_regenerate|i:1760592648;_ci_previous_url|s:30:\"https://pazar11.com/en/mobilya\";'),('mds_session:lj0kvkeq9u31hfghv5sc39vu2dq7knrj','43.154.127.188','2025-10-16 05:41:31',_binary '__ci_last_regenerate|i:1760593291;_ci_previous_url|s:44:\"https://pazar11.com/en/araba-ve-aksesuarlari\";'),('mds_session:s9v3nup58lec3ck8o0qtc85g05jscbce','43.130.228.73','2025-10-16 05:52:07',_binary '__ci_last_regenerate|i:1760593927;pr_7|s:1:\"1\";_ci_previous_url|s:60:\"https://pazar11.com/kumtel-4l-beyaz-mini-buzdolabi-hmfr-01-7\";'),('mds_session:ltopmshb6277r7hqbg4nuu7q9ludkbsd','43.157.142.101','2025-10-16 06:00:18',_binary '__ci_last_regenerate|i:1760594417;pr_2|s:1:\"1\";_ci_previous_url|s:28:\"https://pazar11.com/xiaomi-2\";'),('mds_session:2v90ndq71fne9oqv2vjbne6ab6d0vq8a','43.159.152.184','2025-10-16 06:12:16',_binary '__ci_last_regenerate|i:1760595136;'),('mds_session:mnf3d9tdrd8dfijo1js0m7drj325s146','43.164.196.57','2025-10-16 06:21:57',_binary '__ci_last_regenerate|i:1760595717;mds_shopping_cart|a:0:{}mds_shopping_cart_total|O:8:\"stdClass\":21:{s:8:\"subtotal\";i:0;s:3:\"vat\";i:0;s:13:\"shipping_cost\";i:0;s:21:\"total_before_shipping\";i:0;s:5:\"total\";i:0;s:18:\"is_stock_available\";i:1;s:8:\"currency\";s:3:\"TRY\";s:15:\"transaction_fee\";i:0;s:20:\"transaction_fee_rate\";i:0;s:12:\"affiliate_id\";s:0:\"\";s:21:\"affiliate_referrer_id\";s:0:\"\";s:19:\"affiliate_seller_id\";s:0:\"\";s:20:\"affiliate_product_id\";s:0:\"\";s:25:\"affiliate_commission_rate\";i:0;s:20:\"affiliate_commission\";i:0;s:23:\"affiliate_discount_rate\";i:0;s:18:\"affiliate_discount\";i:0;s:24:\"coupon_discount_products\";s:0:\"\";s:20:\"coupon_discount_rate\";i:0;s:15:\"coupon_discount\";i:0;s:16:\"coupon_seller_id\";i:0;}cartCustomerLocation|O:8:\"stdClass\":2:{s:9:\"countryId\";i:0;s:7:\"stateId\";i:0;}_ci_previous_url|s:27:\"https://pazar11.com/en/cart\";'),('mds_session:8r9jq1vad565o1ds50enf1mi7lma44rj','157.55.39.8','2025-10-16 06:29:52',_binary '__ci_last_regenerate|i:1760596191;_ci_previous_url|s:41:\"https://pazar11.com/en/blog/tag/available\";'),('mds_session:ahhbpokr6hlseei7mvpdb02d4pufg127','43.153.107.22','2025-10-16 06:36:27',_binary '__ci_last_regenerate|i:1760596586;_ci_previous_url|s:29:\"https://pazar11.com/en/hizmet\";'),('mds_session:04l6clkr7pcoki3na4acvdcrp7ivkehn','43.159.145.153','2025-10-16 06:42:05',_binary '__ci_last_regenerate|i:1760596925;_ci_previous_url|s:29:\"https://pazar11.com/en/tablet\";'),('mds_session:fsfa48dall2kl4e3p8ca1fiq7dtl4d6f','169.150.203.202','2025-10-16 06:46:27',_binary '__ci_last_regenerate|i:1760597171;_ci_previous_url|s:20:\"https://pazar11.com/\";'),('mds_session:dnsbhuhm6b38mnqkctjm233u6c7aqnp0','51.195.215.33','2025-10-16 06:51:20',_binary '__ci_last_regenerate|i:1760597480;_ci_previous_url|s:22:\"https://pazar11.com/en\";'),('mds_session:ttfs4i1956g4iq58diiqsmton112sc2k','52.73.142.41','2025-10-16 06:53:53',_binary '__ci_last_regenerate|i:1760597632;_ci_previous_url|s:38:\"https://pazar11.com/en/profile/pazar11\";'),('mds_session:8lemjvs3tmgr59kjh3rr0k3l9vgvm0hj','66.249.66.163','2025-10-16 07:27:50',_binary '__ci_last_regenerate|i:1760599662;_ci_previous_url|s:20:\"https://pazar11.com/\";'),('mds_session:6vcplue4v3hgvjavtdrdbplv9qhf0itq','49.51.183.220','2025-10-16 07:56:06',_binary '__ci_last_regenerate|i:1760601365;_ci_previous_url|s:20:\"https://pazar11.com/\";'),('mds_session:156pqsttsmfskd6tqbq13n7sba6r2gq8','43.159.143.190','2025-10-16 08:11:22',_binary '__ci_last_regenerate|i:1760602282;_ci_previous_url|s:35:\"https://pazar11.com/profile/pazar11\";'),('mds_session:el4q0g4fcmg5k0k1j3it1l58l9sk7r27','34.233.114.237','2025-10-16 08:19:01',_binary '__ci_last_regenerate|i:1760602740;_ci_previous_url|s:37:\"https://pazar11.com/following/ali-tek\";'),('mds_session:59105sqtquvsl1dcn8hmsv3cd8nv1g10','43.159.128.247','2025-10-16 08:20:17',_binary '__ci_last_regenerate|i:1760602816;pr_1|s:1:\"1\";_ci_previous_url|s:33:\"https://pazar11.com/deneme-urun-1\";'),('mds_session:nkfq8klbvafmh7v249nns34a5vcdq0h0','34.224.132.215','2025-10-16 08:24:09',_binary '__ci_last_regenerate|i:1760603048;_ci_previous_url|s:40:\"https://pazar11.com/en/temizlik-urunleri\";'),('mds_session:igdtqt0v6ll2cnmr2uorghi05g0ni3f8','49.51.253.26','2025-10-16 08:31:10',_binary '__ci_last_regenerate|i:1760603469;pr_8|s:1:\"1\";_ci_previous_url|s:95:\"https://pazar11.com/tecno-camon-40-pro-5g-256-gb-12-gb-ram-tecno-turkiye-garantili-buz-beyazi-8\";'),('mds_session:gb0tg45v6h6ee9ah8dtu2f9lvuaj8rqi','77.245.214.168','2025-10-16 08:31:30',_binary '__ci_last_regenerate|i:1760603488;_ci_previous_url|s:27:\"https://pazar11.com/contact\";'),('mds_session:a8konr4rroes68a8mdl0nu140anuqmvi','43.135.182.95','2025-10-16 08:40:06',_binary '__ci_last_regenerate|i:1760604006;pr_9|s:1:\"1\";_ci_previous_url|s:101:\"https://pazar11.com/msi-mb-pro-b650-s-wifi-am5-ddr5-7200mhzoc-hdmi-dp-m2-usb32-25g-lan-wi-fi-6e-atx-9\";'),('mds_session:dj8rvgfggv84nrj1suieage4aks8mv7r','40.77.167.30','2025-10-16 08:45:49',_binary '__ci_last_regenerate|i:1760604349;_ci_previous_url|s:39:\"https://pazar11.com/blog/tag/expression\";'),('mds_session:a27el9mg1hghae7ue1bmo3l270ku13vm','43.166.251.233','2025-10-16 08:51:33',_binary '__ci_last_regenerate|i:1760604692;pr_6|s:1:\"1\";_ci_previous_url|s:135:\"https://pazar11.com/kumtel-siyah-cam-dijital-dokunmatik-ankastre-set-8-programli-ko-40-tahdf-ocak-b66-sf2-ddt-firin-da6-835-davlumbaz-6\";'),('mds_session:hcsc1mehb4clrhh6fmm8g5u1c0vtnroi','43.159.128.247','2025-10-16 09:00:43',_binary '__ci_last_regenerate|i:1760605242;_ci_previous_url|s:37:\"https://pazar11.com/following/pazar11\";'),('mds_session:33n65b83k5l9gr1e43gkrvh93m8usv3a','43.157.150.69','2025-10-16 09:09:16',_binary '__ci_last_regenerate|i:1760605755;_ci_previous_url|s:44:\"https://pazar11.com/profile/pazar11?p_cat=15\";'),('mds_session:q0coueg28g20unbsbc158qjhh6vucjft','77.237.241.71','2025-10-16 09:12:21',_binary '__ci_last_regenerate|i:1760605941;'),('mds_session:2313e56m1e96jviv3aag6d0mh10ihfai','77.237.241.71','2025-10-16 09:12:49',_binary '__ci_last_regenerate|i:1760605969;'),('mds_session:91kvke45j2jj97phqtu1k2t0rt6lp7r7','77.237.241.71','2025-10-16 09:13:17',_binary '__ci_last_regenerate|i:1760605997;'),('mds_session:5ntfs5d476atu9is1r8iid244mh2npgl','77.237.241.71','2025-10-16 09:13:38',_binary '__ci_last_regenerate|i:1760606018;'),('mds_session:s3nut85dind8en1f4bq4qrufpsd3i98c','77.237.241.71','2025-10-16 09:14:32',_binary '__ci_last_regenerate|i:1760606072;'),('mds_session:656956a7apvnj51numhfolgq9sumkvhk','77.237.241.71','2025-10-16 09:14:59',_binary '__ci_last_regenerate|i:1760606099;'),('mds_session:1g5qmqnl3bfshj4hf2df8m3a31l74b49','43.133.14.237','2025-10-16 09:19:50',_binary '__ci_last_regenerate|i:1760606389;pr_1|s:1:\"1\";_ci_previous_url|s:33:\"https://pazar11.com/deneme-urun-1\";'),('mds_session:nlvgfabqp1qtbajpoqgegg9vou8qvo1e','51.195.244.124','2025-10-16 09:25:30',_binary '__ci_last_regenerate|i:1760606730;pr_1|s:1:\"1\";_ci_previous_url|s:36:\"https://pazar11.com/en/deneme-urun-1\";'),('mds_session:82uu2l3g77euj8tkg32p3sss205s33el','170.64.142.145','2025-10-16 09:30:37',_binary '__ci_last_regenerate|i:1760607037;'),('mds_session:30n8s6nm97k0ob04vt6qu73rvcis25pb','49.51.72.76','2025-10-16 09:31:00',_binary '__ci_last_regenerate|i:1760607059;pr_8|s:1:\"1\";_ci_previous_url|s:95:\"https://pazar11.com/tecno-camon-40-pro-5g-256-gb-12-gb-ram-tecno-turkiye-garantili-buz-beyazi-8\";'),('mds_session:716av86pr2sckjub5eb2ahoismj2s4rs','43.153.67.21','2025-10-16 09:41:46',_binary '__ci_last_regenerate|i:1760607705;pr_9|s:1:\"1\";_ci_previous_url|s:101:\"https://pazar11.com/msi-mb-pro-b650-s-wifi-am5-ddr5-7200mhzoc-hdmi-dp-m2-usb32-25g-lan-wi-fi-6e-atx-9\";'),('mds_session:5isgbg3mielfnhfknku5ctam947iuev7','43.164.196.57','2025-10-16 09:50:01',_binary '__ci_last_regenerate|i:1760608200;pr_6|s:1:\"1\";_ci_previous_url|s:135:\"https://pazar11.com/kumtel-siyah-cam-dijital-dokunmatik-ankastre-set-8-programli-ko-40-tahdf-ocak-b66-sf2-ddt-firin-da6-835-davlumbaz-6\";'),('mds_session:r5rna28n8oi2tm6peeeecnk996qle8oi','18.235.81.246','2025-10-16 09:52:12',_binary '__ci_last_regenerate|i:1760608332;_ci_previous_url|s:56:\"https://pazar11.com/en/bilgisayar/bilgisayar-bilesenleri\";'),('mds_session:5beultfu19fu9vkf1p23fb7ek974dit3','34.194.165.45','2025-10-16 09:52:17',_binary '__ci_last_regenerate|i:1760608337;_ci_previous_url|s:38:\"https://pazar11.com/en/forgot-password\";'),('mds_session:3bgp8svqq25n56rhqd6jlqrq29ku7ip3','54.210.152.179','2025-10-16 09:52:21',_binary '__ci_last_regenerate|i:1760608341;_ci_previous_url|s:27:\"https://pazar11.com/contact\";'),('mds_session:iohf1u75rk8f24ft9nt7h5csumbja46c','216.244.66.246','2025-10-16 09:56:29',_binary '__ci_last_regenerate|i:1760608588;_ci_previous_url|s:39:\"https://pazar11.com/blog/tag/generators\";'),('mds_session:c548ipkug7mdpti72rq9abuvqeceb75k','54.83.56.1','2025-10-16 09:58:28',_binary '__ci_last_regenerate|i:1760608708;_ci_previous_url|s:31:\"https://pazar11.com/en/wishlist\";'),('mds_session:ufmhcmlo8fsv1fifp1i60eb3j5mluc4n','34.195.60.66','2025-10-16 09:59:45',_binary '__ci_last_regenerate|i:1760608785;_ci_previous_url|s:44:\"https://pazar11.com/profile/ali-tek?p_cat=15\";'),('mds_session:fr1bde0gt8q2s63snj8h20u2u3dvn1cs','43.159.145.149','2025-10-16 10:00:29',_binary '__ci_last_regenerate|i:1760608828;_ci_previous_url|s:35:\"https://pazar11.com/reviews/pazar11\";'),('mds_session:9u3g1t3gfjohla57b1pm6lt1koeu67to','52.230.163.37','2025-10-16 10:03:06',_binary '__ci_last_regenerate|i:1760608986;pr_7|s:1:\"1\";_ci_previous_url|s:60:\"https://pazar11.com/kumtel-4l-beyaz-mini-buzdolabi-hmfr-01-7\";'),('mds_session:ooasqhm1m9t0c1u5n4h979m1b0a695sb','43.166.130.123','2025-10-16 10:05:46',_binary '__ci_last_regenerate|i:1760609145;_ci_previous_url|s:20:\"https://pazar11.com/\";'),('mds_session:lsmu6t7ppcepp6tqqlb2bp9s9bphd09q','42.236.17.66','2025-10-16 10:08:17',_binary '__ci_last_regenerate|i:1760609297;_ci_previous_url|s:20:\"https://pazar11.com/\";'),('mds_session:mjn4ov87orhfmcbna53l3ivj2biljtnh','43.153.85.46','2025-10-16 10:11:24',_binary '__ci_last_regenerate|i:1760609484;_ci_previous_url|s:44:\"https://pazar11.com/profile/pazar11?p_cat=15\";'),('mds_session:j7u5071dtkrjhbbrnof0ti38mde9epi8','49.51.73.183','2025-10-16 10:21:14',_binary '__ci_last_regenerate|i:1760610073;pr_1|s:1:\"1\";_ci_previous_url|s:33:\"https://pazar11.com/deneme-urun-1\";'),('mds_session:ep7plmndou6fl5mmcqubqa5htc3rdoba','43.133.253.253','2025-10-16 10:29:06',_binary '__ci_last_regenerate|i:1760610545;pr_8|s:1:\"1\";_ci_previous_url|s:95:\"https://pazar11.com/tecno-camon-40-pro-5g-256-gb-12-gb-ram-tecno-turkiye-garantili-buz-beyazi-8\";'),('mds_session:i6ga78ojq5sfj7ua52mdd4b8knsa1uc7','3.213.46.222','2025-10-16 10:53:56',_binary '__ci_last_regenerate|i:1760612036;pr_9|s:1:\"1\";_ci_previous_url|s:104:\"https://pazar11.com/en/msi-mb-pro-b650-s-wifi-am5-ddr5-7200mhzoc-hdmi-dp-m2-usb32-25g-lan-wi-fi-6e-atx-9\";'),('mds_session:6mmk8dovmtet7gb6ovk3j7t6cr4cr6hc','52.54.15.103','2025-10-16 10:54:00',_binary '__ci_last_regenerate|i:1760612039;_ci_previous_url|s:20:\"https://pazar11.com/\";'),('mds_session:rigbm8jfme9k2n5i2unmj7kui9u20r4e','3.89.170.186','2025-10-16 10:54:04',_binary '__ci_last_regenerate|i:1760612043;_ci_previous_url|s:29:\"https://pazar11.com/rss-feeds\";'),('mds_session:q2sislfpaahbg1rifq58of617p8hifv1','182.44.2.148','2025-10-16 11:00:44',_binary '__ci_last_regenerate|i:1760612444;_ci_previous_url|s:20:\"https://pazar11.com/\";'),('mds_session:g7j124oqum8es5u1a96hh33s31a11e3b','52.167.144.233','2025-10-16 11:12:53',_binary '__ci_last_regenerate|i:1760613172;'),('mds_session:okfsfd2rg26o8sjj1b1jbvut7jvo5ec3','20.0.53.105','2025-10-16 11:14:26',_binary '__ci_last_regenerate|i:1760613265;pr_7|s:1:\"1\";_ci_previous_url|s:60:\"https://pazar11.com/kumtel-4l-beyaz-mini-buzdolabi-hmfr-01-7\";'),('mds_session:koq8k2h5jcbu3pj5ad99h4gnf3v03rbf','20.0.53.100','2025-10-16 11:14:26',_binary '__ci_last_regenerate|i:1760613266;pr_7|s:1:\"1\";_ci_previous_url|s:60:\"https://pazar11.com/kumtel-4l-beyaz-mini-buzdolabi-hmfr-01-7\";'),('mds_session:gs7kp058453a3jtmka1popd8jcpsl8ql','42.236.17.17','2025-10-16 11:36:39',_binary '__ci_last_regenerate|i:1760614599;_ci_previous_url|s:20:\"https://pazar11.com/\";'),('mds_session:e6qajg99pi8p7br4uo7q2ff9dfjk3jjq','42.236.17.214','2025-10-16 11:36:40',_binary '__ci_last_regenerate|i:1760614599;_ci_previous_url|s:20:\"https://pazar11.com/\";'),('mds_session:spvph5602ha20181vb1o759vrcbkciak','34.225.138.57','2025-10-16 11:46:17',_binary '__ci_last_regenerate|i:1760615176;_ci_previous_url|s:35:\"https://pazar11.com/reviews/ali-tek\";'),('mds_session:fij944seg08nkfobqp7b3v9nh4f63gf6','198.244.226.140','2025-10-16 11:46:32',_binary '__ci_last_regenerate|i:1760615191;'),('mds_session:e9h1gjf4pv7a5oki1h7512cpaogigjg3','34.239.85.139','2025-10-16 11:55:53',_binary '__ci_last_regenerate|i:1760615753;_ci_previous_url|s:36:\"https://pazar11.com/en/kiralik-evler\";'),('mds_session:0e1jmoskd8di1eu2l9j67vch3rkn19kf','42.236.12.231','2025-10-16 12:04:13',_binary '__ci_last_regenerate|i:1760616253;_ci_previous_url|s:20:\"https://pazar11.com/\";'),('mds_session:ig8b676hqp681n56383fgm4v66t6ugpt','44.215.235.20','2025-10-16 12:05:36',_binary '__ci_last_regenerate|i:1760616336;_ci_previous_url|s:44:\"https://pazar11.com/profile/ali-tek?p_cat=13\";'),('mds_session:ufqmvd655e9ki92uv2j3g336cd5hd8fr','170.64.142.145','2025-10-16 12:45:18',_binary '__ci_last_regenerate|i:1760618718;'),('mds_session:f24pm7eojon6nv5cja73s9egt6vh7dgq','213.209.157.253','2025-10-16 13:03:58',_binary '__ci_last_regenerate|i:1760619838;'),('mds_session:q193osu0fsa1t2t77jaqic9pq4kj02eo','43.135.133.194','2025-10-16 13:31:50',_binary '__ci_last_regenerate|i:1760621510;_ci_previous_url|s:20:\"https://pazar11.com/\";'),('mds_session:ipsmsh75lec7nbqi5dhek76keg7vlr00','23.23.99.55','2025-10-16 13:40:12',_binary '__ci_last_regenerate|i:1760622012;pr_1|s:1:\"1\";_ci_previous_url|s:33:\"https://pazar11.com/deneme-urun-1\";'),('mds_session:elfnt5vbjnbc30ls2v723fpgk18lf3e9','3.213.213.161','2025-10-16 13:40:17',_binary '__ci_last_regenerate|i:1760622017;_ci_previous_url|s:38:\"https://pazar11.com/en/profile/ali-tek\";'),('mds_session:tkngla0av2b4mlb06ng8sbubvmi1sgfj','42.236.101.220','2025-10-16 13:51:32',_binary '__ci_last_regenerate|i:1760622691;_ci_previous_url|s:20:\"https://pazar11.com/\";'),('mds_session:mhuab4gukhhr7hrjve7huspvuvmg5755','13.86.64.83','2025-10-16 14:01:28',_binary '__ci_last_regenerate|i:1760623275;'),('mds_session:136ot7m3tlgmpg9afls71kj1oma72vsq','107.23.62.75','2025-10-16 14:15:58',_binary '__ci_last_regenerate|i:1760624157;pr_6|s:1:\"1\";_ci_previous_url|s:135:\"https://pazar11.com/kumtel-siyah-cam-dijital-dokunmatik-ankastre-set-8-programli-ko-40-tahdf-ocak-b66-sf2-ddt-firin-da6-835-davlumbaz-6\";'),('mds_session:j2554mn236soeqgu959rqbh0khijr4cb','51.89.129.220','2025-10-16 14:25:29',_binary '__ci_last_regenerate|i:1760624728;'),('mds_session:n45nbnfpjhcn1n31v1n0f9hcao51di3e','220.181.108.81','2025-10-16 14:35:20',_binary '__ci_last_regenerate|i:1760625275;_ci_previous_url|s:28:\"https://pazar11.com/otomobil\";'),('mds_session:ma23u061ts6m9he7lqh2tc8f24fefsmd','204.12.231.186','2025-10-16 14:39:39',_binary '__ci_last_regenerate|i:1760625578;_ci_previous_url|s:20:\"https://pazar11.com/\";'),('mds_session:4riokikjlutdm919gikjqnif0i244g3n','51.195.183.87','2025-10-16 14:49:13',_binary '__ci_last_regenerate|i:1760626153;_ci_previous_url|s:84:\"https://pazar11.com/en/blog/life-style/certain-circumstances-and-owing-to-the-claims\";'),('mds_session:o9518hm8rb980qkcg3p80vie8flelf5q','42.236.17.75','2025-10-16 14:50:59',_binary '__ci_last_regenerate|i:1760626259;_ci_previous_url|s:20:\"https://pazar11.com/\";'),('mds_session:7t6j6tdbv85t7slkj9jmepenb0qltca7','43.159.152.184','2025-10-16 15:20:49',_binary '__ci_last_regenerate|i:1760628048;_ci_previous_url|s:20:\"https://pazar11.com/\";'),('mds_session:9tfus3hda2fjca9p33r9ou6nk5vtvglr','184.72.84.154','2025-10-16 15:26:54',_binary '__ci_last_regenerate|i:1760628413;pr_3|s:1:\"1\";_ci_previous_url|s:42:\"https://pazar11.com/iphone-16-pro-128-gb-3\";'),('mds_session:585k6t21621ii9hbhqq8vlk5mnk7biqe','52.45.77.169','2025-10-16 15:45:33',_binary '__ci_last_regenerate|i:1760629532;_ci_previous_url|s:47:\"https://pazar11.com/en/bilgisayar/laptop-tablet\";'),('mds_session:4gn0lhue7negpmqttaaj73jm9ef60urm','216.244.66.246','2025-10-16 15:46:30',_binary '__ci_last_regenerate|i:1760629590;_ci_previous_url|s:35:\"https://pazar11.com/blog/life-style\";'),('mds_session:q8c4c8rs3qjg691kc3uusjldoplj1jun','216.244.66.246','2025-10-16 15:48:20',_binary '__ci_last_regenerate|i:1760629699;_ci_previous_url|s:37:\"https://pazar11.com/en/blog/tag/owing\";'),('mds_session:707ag9a303h02j62es0q6k4qjs62v3v9','98.84.70.201','2025-10-16 15:50:32',_binary '__ci_last_regenerate|i:1760629832;_ci_previous_url|s:43:\"https://pazar11.com/mucevher/Degerli-taslar\";'),('mds_session:s764i6erc5qnp77oa9bh8h7uetlv9kd7','216.244.66.246','2025-10-16 15:51:03',_binary '__ci_last_regenerate|i:1760629863;'),('mds_session:ilvbcpv3cp98i0536v4q3gib9hlhq6d4','66.249.66.165','2025-10-16 16:21:51',_binary '__ci_last_regenerate|i:1760631703;_ci_previous_url|s:53:\"https://pazar11.com/bilgisayar/bilgisayar-bilesenleri\";'),('mds_session:d2od6hig0nr3ctoi83id7js2co8prda5','40.77.167.41','2025-10-16 16:23:40',_binary '__ci_last_regenerate|i:1760631819;_ci_previous_url|s:30:\"https://pazar11.com/en/telefon\";'),('mds_session:dfd4iq9t6bc8en7h84r41cg6hn5ibkp9','51.68.111.203','2025-10-16 16:33:55',_binary '__ci_last_regenerate|i:1760632434;_ci_previous_url|s:20:\"https://pazar11.com/\";'),('mds_session:8sd169dcp7bo5fpo4q6p7m0ie9h2d43q','51.68.111.203','2025-10-16 16:33:56',_binary '__ci_last_regenerate|i:1760632435;_ci_previous_url|s:20:\"https://pazar11.com/\";'),('mds_session:9v4pngi259tstr8ppdhvhsblunn9vcn4','157.55.39.203','2025-10-16 16:40:07',_binary '__ci_last_regenerate|i:1760632807;_ci_previous_url|s:75:\"https://pazar11.com/en/blog/life-style/decisively-advantages-nor-expression\";'),('mds_session:imd39mbltj0e27vej6iuimo5jnr1bjk4','35.169.119.108','2025-10-16 16:47:04',_binary '__ci_last_regenerate|i:1760633222;_ci_previous_url|s:29:\"https://pazar11.com/en/hizmet\";'),('mds_session:55kmq4m6bm6s8d0oqrhf55ithtrgjt2v','54.92.171.106','2025-10-16 16:47:06',_binary '__ci_last_regenerate|i:1760633226;_ci_previous_url|s:38:\"https://pazar11.com/en/epin-ve-gifcard\";'),('mds_session:nk3lrpgbubm1obr65gplg7vjhbhoes0a','58.49.233.126','2025-10-16 17:12:44',_binary '__ci_last_regenerate|i:1760634764;_ci_previous_url|s:20:\"https://pazar11.com/\";'),('mds_session:vnc3g58dif5h5a3hi2b1an8gbhghjj6u','44.215.210.112','2025-10-16 17:53:11',_binary '__ci_last_regenerate|i:1760637190;_ci_previous_url|s:38:\"https://pazar11.com/en/blog/life-style\";'),('mds_session:pconmunoldcril6prt22d61qiuda9amf','50.19.102.70','2025-10-16 17:53:14',_binary '__ci_last_regenerate|i:1760637194;_ci_previous_url|s:34:\"https://pazar11.com/en/erkek-giyim\";'),('mds_session:m2e8dv2emhoccnvtlnfis6t7ieeff9rl','54.197.114.76','2025-10-16 17:53:19',_binary '__ci_last_regenerate|i:1760637198;pr_10|s:1:\"1\";_ci_previous_url|s:97:\"https://pazar11.com/en/honor-pad-9-8gb-256gb-121-tablet-klavyeli-kilif-honor-turkiye-garantili-10\";'),('mds_session:ucn7ip41pjdof26rpvfql4n582ao1kt7','17.241.227.92','2025-10-16 18:28:10',_binary '__ci_last_regenerate|i:1760639290;_ci_previous_url|s:42:\"https://pazar11.com/en/blog/tag/variations\";'),('mds_session:dlmmpqqecqc9jrt831so0obg9e01nr31','34.227.234.246','2025-10-16 18:32:11',_binary '__ci_last_regenerate|i:1760639531;'),('mds_session:j5fue9je5jum51oq4efmpsjrrogov9lh','52.200.54.136','2025-10-16 18:59:47',_binary '__ci_last_regenerate|i:1760641186;pr_7|s:1:\"1\";_ci_previous_url|s:60:\"https://pazar11.com/kumtel-4l-beyaz-mini-buzdolabi-hmfr-01-7\";'),('mds_session:rcfqd2d6rmmavbkvbftm32s3kq39p04s','98.83.177.42','2025-10-16 18:59:52',_binary '__ci_last_regenerate|i:1760641191;_ci_previous_url|s:39:\"https://pazar11.com/en/blog/tag/evolved\";'),('mds_session:26n6e3nnur2tqvjmdi89p51t6f2d37rp','44.207.207.36','2025-10-16 18:59:57',_binary '__ci_last_regenerate|i:1760641196;_ci_previous_url|s:74:\"https://pazar11.com/en/blog/business/there-are-many-variations-of-passages\";'),('mds_session:h9lcdnlvg218mq3bivjtqliqm9mg8kpm','107.20.181.148','2025-10-16 18:59:58',_binary '__ci_last_regenerate|i:1760641198;_ci_previous_url|s:75:\"https://pazar11.com/en/blog/life-style/lose-away-off-why-half-led-have-near\";'),('mds_session:981uc9tebr6hobuslrtsjn1ss0j75lip','34.236.41.241','2025-10-16 19:00:04',_binary '__ci_last_regenerate|i:1760641202;_ci_previous_url|s:28:\"https://pazar11.com/products\";'),('mds_session:89mu0m33tvjkud8ahdfrm056hg36nd92','3.208.156.9','2025-10-16 19:00:09',_binary '__ci_last_regenerate|i:1760641208;_ci_previous_url|s:33:\"https://pazar11.com/en/Beyaz-esya\";'),('mds_session:atjgndj3rb7s5ng5866sb3rv6fpj2han','170.106.163.48','2025-10-16 19:13:16',_binary '__ci_last_regenerate|i:1760641995;_ci_previous_url|s:20:\"https://pazar11.com/\";'),('mds_session:4hc0e38j0g9o947qr7bprmspfseg5bht','157.55.39.10','2025-10-16 19:27:37',_binary '__ci_last_regenerate|i:1760642856;_ci_previous_url|s:103:\"https://pazar11.com/en/blog/life-style/contrary-to-popular-belief-lorem-ipsum-is-not-simply-random-text\";'),('mds_session:mhoo81ls1epcqcj79ii09oqa84a68vk1','68.221.75.30','2025-10-16 19:33:57',_binary '__ci_last_regenerate|i:1760643237;pr_7|s:1:\"1\";_ci_previous_url|s:60:\"https://pazar11.com/kumtel-4l-beyaz-mini-buzdolabi-hmfr-01-7\";'),('mds_session:8jqi4gcouu8u89hjrsqb048heini46ra','68.221.75.18','2025-10-16 19:38:06',_binary '__ci_last_regenerate|i:1760643485;pr_7|s:1:\"1\";_ci_previous_url|s:63:\"https://pazar11.com/en/kumtel-4l-beyaz-mini-buzdolabi-hmfr-01-7\";'),('mds_session:oisdupta8uhp0ebf5ec2oeuei5asnjpc','68.221.75.24','2025-10-16 19:38:16',_binary '__ci_last_regenerate|i:1760643495;_ci_previous_url|s:20:\"https://pazar11.com/\";'),('mds_session:t4hjlbqtkt65r0174mmp409ov8278d5s','18.235.158.19','2025-10-16 19:40:22',_binary '__ci_last_regenerate|i:1760643622;_ci_previous_url|s:45:\"https://pazar11.com/en/giyile-bilir-teknoloji\";'),('mds_session:dsnds587hb5l6v9hec1ts8ihmrtkcloo','34.234.197.175','2025-10-16 19:40:29',_binary '__ci_last_regenerate|i:1760643628;_ci_previous_url|s:30:\"https://pazar11.com/en/mobilya\";'),('mds_session:1id8trcr50oe00cvhg1b6c245dav3cgf','3.229.164.203','2025-10-16 20:08:05',_binary '__ci_last_regenerate|i:1760645284;pr_5|s:1:\"1\";_ci_previous_url|s:129:\"https://pazar11.com/en/msi-thin-15-b12ucx-2634xtr-intel-core-i5-12450h-8gb-512gb-ssd-rtx2050-freedos-156-tasinabilir-bilgisayar-5\";'),('mds_session:nopnbpj4tegflkl9s2bvq67ic2aog5ji','216.244.66.246','2025-10-16 20:16:49',_binary '__ci_last_regenerate|i:1760645808;_ci_previous_url|s:41:\"https://pazar11.com/en/blog/tag/available\";'),('mds_session:6mcrpobn6nh0p4tq8vkssnghdmm5jj05','17.246.19.206','2025-10-16 20:25:57',_binary '__ci_last_regenerate|i:1760646357;_ci_previous_url|s:39:\"https://pazar11.com/en/blog/tag/evolved\";'),('mds_session:oheq9q7lgjoojcrvrm5s29koqmf600nd','100.28.204.82','2025-10-16 20:35:07',_binary '__ci_last_regenerate|i:1760646907;_ci_previous_url|s:43:\"https://pazar11.com/profile/ali-tek?p_cat=7\";'),('mds_session:ven43gej3mj5ap5qjmolhgf9feogs79u','207.46.13.125','2025-10-16 20:48:25',_binary '__ci_last_regenerate|i:1760647704;_ci_previous_url|s:68:\"https://pazar11.com/en/blog/fashion/many-desktop-publishing-packages\";'),('mds_session:ql0cs7saa4iqngbl9m00nkgvtd5nsjh8','120.239.245.246','2025-10-16 20:59:01',_binary '__ci_last_regenerate|i:1760648340;_ci_previous_url|s:20:\"https://pazar11.com/\";'),('mds_session:m1jkmbp3liktn3c0grefp0qaa8ph9m46','66.249.66.163','2025-10-16 21:03:14',_binary '__ci_last_regenerate|i:1760648582;pr_10|s:1:\"1\";_ci_previous_url|s:97:\"https://pazar11.com/en/honor-pad-9-8gb-256gb-121-tablet-klavyeli-kilif-honor-turkiye-garantili-10\";'),('mds_session:qo536iapeqlt4nanlvdqubaactp3npo4','81.17.20.98','2025-10-16 21:06:15',_binary '__ci_last_regenerate|i:1760648774;_ci_previous_url|s:20:\"https://pazar11.com/\";'),('mds_session:mms5pc2gjh4uq7tbq9tjuig6sscnq2er','81.17.20.98','2025-10-16 21:06:50',_binary '__ci_last_regenerate|i:1760648809;'),('mds_session:jet1pidk7qn8embm5uq1o31hr419nhpv','81.17.20.98','2025-10-16 21:06:50',_binary '__ci_last_regenerate|i:1760648809;'),('mds_session:uesio2seum8lj0iuglr290pbltcg3d9q','81.17.20.98','2025-10-16 21:06:50',_binary '__ci_last_regenerate|i:1760648809;'),('mds_session:l30phkrgqbgceng5l2rf0etsla05io6u','81.17.20.98','2025-10-16 21:06:50',_binary '__ci_last_regenerate|i:1760648810;'),('mds_session:1ta8d4kmu97ol965dcmgp9jtgfd8m7n5','81.17.20.98','2025-10-16 21:07:23',_binary '__ci_last_regenerate|i:1760648843;'),('mds_session:m13da9gj9cqf7rhup57um25ea4spsc2s','81.17.20.98','2025-10-16 21:07:25',_binary '__ci_last_regenerate|i:1760648845;'),('mds_session:5l71cg90mkoq9ermld8aoaqr0vfa4i6k','81.17.20.98','2025-10-16 21:07:25',_binary '__ci_last_regenerate|i:1760648845;'),('mds_session:6if6841k1mvq34l7a70osfmiahiui21s','81.17.20.98','2025-10-16 21:07:25',_binary '__ci_last_regenerate|i:1760648845;'),('mds_session:5dvab9d3iq9acl9ljkda8h79h6nmt6ig','81.17.20.98','2025-10-16 21:07:55',_binary '__ci_last_regenerate|i:1760648875;'),('mds_session:fk4rvld916t4eovarjbipbr3mmrtqc2l','81.17.20.98','2025-10-16 21:07:55',_binary '__ci_last_regenerate|i:1760648875;'),('mds_session:u40c1nchmlbq9o1tqv6bpjeapm91m6hi','81.17.20.98','2025-10-16 21:07:55',_binary '__ci_last_regenerate|i:1760648875;'),('mds_session:dbfhov5vcq86fufqrrn3d2b0ihtcrbe7','81.17.20.98','2025-10-16 21:07:55',_binary '__ci_last_regenerate|i:1760648875;'),('mds_session:4b06ld4q0mptb6kgo4mufs0bds64bqi3','52.54.95.127','2025-10-16 21:12:19',_binary '__ci_last_regenerate|i:1760649138;pr_2|s:1:\"1\";_ci_previous_url|s:28:\"https://pazar11.com/xiaomi-2\";'),('mds_session:eu0t1sk35q9geipno27n67a7u0c72q1o','121.29.51.28','2025-10-16 21:17:38',_binary '__ci_last_regenerate|i:1760649457;_ci_previous_url|s:20:\"https://pazar11.com/\";'),('mds_session:6mhel1kg206dt7pct7dd8f734cd5mv2h','121.29.51.28','2025-10-16 21:17:56',_binary '__ci_last_regenerate|i:1760649475;'),('mds_session:nukpckpfhq2r3ut6veh5r9o6ii4t8bn7','216.244.66.246','2025-10-16 21:31:42',_binary '__ci_last_regenerate|i:1760650302;'),('mds_session:0ntq5ft8tlcqt5ifq02ulmuguup2unol','52.21.62.139','2025-10-16 21:35:26',_binary '__ci_last_regenerate|i:1760650526;_ci_previous_url|s:35:\"https://pazar11.com/profile/pazar11\";'),('mds_session:3f49ad621i3evd5pr7n5diarqn2vql2j','23.23.104.107','2025-10-16 22:14:40',_binary '__ci_last_regenerate|i:1760652879;pr_7|s:1:\"1\";_ci_previous_url|s:63:\"https://pazar11.com/en/kumtel-4l-beyaz-mini-buzdolabi-hmfr-01-7\";'),('mds_session:c289hkohgd8agu5mj37d0rt5519teof2','54.159.18.27','2025-10-16 22:14:44',_binary '__ci_last_regenerate|i:1760652883;pr_8|s:1:\"1\";_ci_previous_url|s:98:\"https://pazar11.com/en/tecno-camon-40-pro-5g-256-gb-12-gb-ram-tecno-turkiye-garantili-buz-beyazi-8\";'),('mds_session:vpfafcdnjovulpphibsgaa3k7f4pufma','216.244.66.246','2025-10-16 22:25:34',_binary '__ci_last_regenerate|i:1760653533;'),('mds_session:jgfnpgdpaetve1gfm83dtmlrru407tmj','206.189.233.36','2025-10-16 22:29:07',_binary '__ci_last_regenerate|i:1760653746;_ci_previous_url|s:20:\"https://pazar11.com/\";'),('mds_session:c1mmos02frqi8b9p1huvbg96vqnhavs3','206.189.233.36','2025-10-16 22:29:08',_binary '__ci_last_regenerate|i:1760653747;_ci_previous_url|s:20:\"https://pazar11.com/\";'),('mds_session:e5qmgcq10ttu25q7rjo3c94hsisnp7uv','206.189.233.36','2025-10-16 22:29:08',_binary '__ci_last_regenerate|i:1760653748;'),('mds_session:3hadbe9kinoprol08kk4ld635bg4vg5c','206.189.233.36','2025-10-16 22:29:09',_binary '__ci_last_regenerate|i:1760653749;'),('mds_session:ndur054gerl8g8mhcgnfe6kt27okvt5n','206.189.233.36','2025-10-16 22:29:09',_binary '__ci_last_regenerate|i:1760653749;'),('mds_session:slddjr2e91tq2n61torlaq2p5n7m7hon','206.189.233.36','2025-10-16 22:29:10',_binary '__ci_last_regenerate|i:1760653750;'),('mds_session:iols90noc8i18jpblg5no7u3vsjdai8l','206.189.233.36','2025-10-16 22:29:10',_binary '__ci_last_regenerate|i:1760653750;'),('mds_session:pdkk4t5cnt52iph3nrn52vop671hs7np','206.189.233.36','2025-10-16 22:29:10',_binary '__ci_last_regenerate|i:1760653750;'),('mds_session:6dfmmka2oentagia9o5o0c10i3kul2nf','206.189.233.36','2025-10-16 22:29:11',_binary '__ci_last_regenerate|i:1760653751;'),('mds_session:9fb33f9et7du43eaaa7oicq5fo8d9r1g','206.189.233.36','2025-10-16 22:29:11',_binary '__ci_last_regenerate|i:1760653751;'),('mds_session:q1pgkhkgilu74jbq0vn84ajalrgpgn4o','206.189.233.36','2025-10-16 22:29:12',_binary '__ci_last_regenerate|i:1760653752;'),('mds_session:3g0lq5c4t6b5u4knaj644p2cbjp6dkbh','206.189.233.36','2025-10-16 22:29:12',_binary '__ci_last_regenerate|i:1760653752;'),('mds_session:05kdlbkipmkcu1sl43udd9fu7i77eikp','206.189.233.36','2025-10-16 22:29:13',_binary '__ci_last_regenerate|i:1760653753;'),('mds_session:3k0makv7jv3mf513985i0krfqd2150qo','206.189.233.36','2025-10-16 22:29:13',_binary '__ci_last_regenerate|i:1760653753;'),('mds_session:sug17fh3m542q7lbtiilsps8vkpceiac','206.189.233.36','2025-10-16 22:29:13',_binary '__ci_last_regenerate|i:1760653753;'),('mds_session:8rtr96vmsfedr8i9r5efvufolcon1k9m','206.189.233.36','2025-10-16 22:29:14',_binary '__ci_last_regenerate|i:1760653754;'),('mds_session:3no8nbfkq0h7bcp9nfbeqn700l1qvr26','206.189.233.36','2025-10-16 22:29:14',_binary '__ci_last_regenerate|i:1760653754;'),('mds_session:3atn1h90u7vicujsh0o8u1u7snnq2e6l','206.189.233.36','2025-10-16 22:29:15',_binary '__ci_last_regenerate|i:1760653755;'),('mds_session:4sp5k9ihp09ev3pbe2i27qte1d6m7jkv','206.189.233.36','2025-10-16 22:29:15',_binary '__ci_last_regenerate|i:1760653755;'),('mds_session:m6572b0j3jbvn176plgolmneqlcp4uf5','206.189.233.36','2025-10-16 22:29:16',_binary '__ci_last_regenerate|i:1760653756;'),('mds_session:q3oal7vcki0qfsn8po6ttr31017atih9','206.189.233.36','2025-10-16 22:29:16',_binary '__ci_last_regenerate|i:1760653756;'),('mds_session:0vido3hv4m8q1534ccn8e480mhps8i2u','206.189.233.36','2025-10-16 22:29:17',_binary '__ci_last_regenerate|i:1760653756;'),('mds_session:pjupvkp6df18kcfvtaljki2rjl6klt87','206.189.233.36','2025-10-16 22:29:17',_binary '__ci_last_regenerate|i:1760653757;'),('mds_session:5k6ven6hbp5leapfctkseoo1g8fkmgr8','206.189.233.36','2025-10-16 22:29:17',_binary '__ci_last_regenerate|i:1760653757;'),('mds_session:8gugm35espke8rg3jhksn5s56vpkqi1e','206.189.233.36','2025-10-16 22:29:18',_binary '__ci_last_regenerate|i:1760653758;'),('mds_session:k4soniacjg4tra6jbnr21l174toah8cu','206.189.233.36','2025-10-16 22:29:18',_binary '__ci_last_regenerate|i:1760653758;'),('mds_session:gunffpaghfc4hhm2p29qht2mqvpsnge2','206.189.233.36','2025-10-16 22:29:19',_binary '__ci_last_regenerate|i:1760653759;'),('mds_session:hgd5hfgh6vb4t5rnmibrf7osfjl6t1r9','206.189.233.36','2025-10-16 22:29:19',_binary '__ci_last_regenerate|i:1760653759;'),('mds_session:6dme3pfa62r691856trp2n93tqtptdlj','206.189.233.36','2025-10-16 22:29:20',_binary '__ci_last_regenerate|i:1760653760;'),('mds_session:p3rurcjlj2r2lpv2e5o6n3cu86hj087a','206.189.233.36','2025-10-16 22:29:20',_binary '__ci_last_regenerate|i:1760653760;'),('mds_session:sb7djjkl4hk19a29r0k6kommqalpgpnp','206.189.233.36','2025-10-16 22:29:21',_binary '__ci_last_regenerate|i:1760653761;'),('mds_session:agoh2tilgplkgg988ajfct2mhfi3641g','206.189.233.36','2025-10-16 22:29:21',_binary '__ci_last_regenerate|i:1760653761;'),('mds_session:k30datmtbu6do7sibpvrt9gmqf70t0d6','206.189.233.36','2025-10-16 22:29:22',_binary '__ci_last_regenerate|i:1760653762;'),('mds_session:1d9m23gt5fbionn4oa1m5r9u34aqmbeo','206.189.233.36','2025-10-16 22:29:23',_binary '__ci_last_regenerate|i:1760653762;_ci_previous_url|s:53:\"https://pazar11.com/?rest_route=%2Fwp%2Fv2%2Fusers%2F\";'),('mds_session:8740lics6d5g4qgn2km7h3s8vf46rkjb','5.133.192.136','2025-10-16 22:29:57',_binary '__ci_last_regenerate|i:1760653797;_ci_previous_url|s:20:\"https://pazar11.com/\";'),('mds_session:58u5c2qiqq6um7t9b9jjue38jqvanqml','198.244.242.54','2025-10-16 22:34:34',_binary '__ci_last_regenerate|i:1760654074;_ci_previous_url|s:29:\"https://pazar11.com/rss-feeds\";'),('mds_session:3gs61pj8ev88daogn80if0bf9a81625v','34.196.114.170','2025-10-16 22:45:52',_binary '__ci_last_regenerate|i:1760654751;_ci_previous_url|s:30:\"https://pazar11.com/en/telefon\";'),('mds_session:j9e81s2nbq01nppkm81ag4legam8djnf','34.231.118.144','2025-10-16 22:45:55',_binary '__ci_last_regenerate|i:1760654755;pr_10|s:1:\"1\";_ci_previous_url|s:94:\"https://pazar11.com/honor-pad-9-8gb-256gb-121-tablet-klavyeli-kilif-honor-turkiye-garantili-10\";'),('mds_session:st64ba8j4hvl3cgm313gu1c41cpqm6gd','52.207.47.227','2025-10-16 22:45:59',_binary '__ci_last_regenerate|i:1760654759;_ci_previous_url|s:36:\"https://pazar11.com/en/blog/business\";'),('mds_session:ecnr9hk8t5o5099cfi0cfua5ccj5jcn8','98.83.94.113','2025-10-16 22:46:03',_binary '__ci_last_regenerate|i:1760654762;_ci_previous_url|s:103:\"https://pazar11.com/en/blog/life-style/contrary-to-popular-belief-lorem-ipsum-is-not-simply-random-text\";'),('mds_session:8h9n15c7574qblbm08r66nctf03occ9t','34.238.45.183','2025-10-16 22:46:08',_binary '__ci_last_regenerate|i:1760654767;_ci_previous_url|s:34:\"https://pazar11.com/en/kadin-giyim\";'),('mds_session:vc0v0gq0j119lbgr5klf4apv8hd06r9a','98.82.66.172','2025-10-16 23:15:11',_binary '__ci_last_regenerate|i:1760656510;pr_5|s:1:\"1\";_ci_previous_url|s:126:\"https://pazar11.com/msi-thin-15-b12ucx-2634xtr-intel-core-i5-12450h-8gb-512gb-ssd-rtx2050-freedos-156-tasinabilir-bilgisayar-5\";'),('mds_session:blffo1tc73celqlr8v3gd0j902vgt65n','216.244.66.246','2025-10-16 23:15:13',_binary '__ci_last_regenerate|i:1760656513;'),('mds_session:ce1meu48o8t80obmuhhpmcs0an4c16dr','216.244.66.246','2025-10-16 23:20:38',_binary '__ci_last_regenerate|i:1760656837;_ci_previous_url|s:46:\"https://pazar11.com/en/profile/ali-tek?p_cat=7\";'),('mds_session:5q9441pg43mmmjfrut7329j77skln40m','198.244.168.162','2025-10-16 23:28:30',_binary '__ci_last_regenerate|i:1760657309;'),('mds_session:aoubq6h4p7ttfpkr726e0phsju57q7sh','52.201.155.215','2025-10-16 23:53:47',_binary '__ci_last_regenerate|i:1760658826;'),('mds_session:4g8grno2r1guuncne17coef7d1kv2a9g','98.82.39.241','2025-10-16 23:53:52',_binary '__ci_last_regenerate|i:1760658832;_ci_previous_url|s:46:\"https://pazar11.com/help-center/submit-request\";'),('mds_session:11rt1790fjta0evjosgu262v28eha3dr','216.244.66.246','2025-10-17 00:02:01',_binary '__ci_last_regenerate|i:1760659320;_ci_previous_url|s:40:\"https://pazar11.com/en/blog/tag/passages\";'),('mds_session:340isdo3scpke2a6osqbo9284fir6i91','51.89.129.35','2025-10-17 00:19:14',_binary '__ci_last_regenerate|i:1760660353;_ci_previous_url|s:28:\"https://pazar11.com/products\";'),('mds_session:d1bnub2afgc5ue75adb8m65cvd2q04ig','198.244.168.132','2025-10-17 01:14:38',_binary '__ci_last_regenerate|i:1760663678;_ci_previous_url|s:20:\"https://pazar11.com/\";'),('mds_session:l38ii3ak5pk1p5aeft3q149172g6d491','202.8.42.155','2025-10-17 01:14:40',''),('mds_session:mq0967299fb3t4v2i6k1544atpb24c68','202.8.42.155','2025-10-17 01:14:41',_binary '__ci_last_regenerate|i:1760663680;_ci_previous_url|s:20:\"https://pazar11.com/\";'),('mds_session:993siuk4573vki1h3l9evnnh1vmh725f','198.244.240.213','2025-10-17 02:20:58',_binary '__ci_last_regenerate|i:1760667657;'),('mds_session:vqluk99q8r0deto053lh7n4ul8rj4epb','20.0.53.106','2025-10-17 02:36:06',_binary '__ci_last_regenerate|i:1760668565;pr_7|s:1:\"1\";_ci_previous_url|s:63:\"https://pazar11.com/en/kumtel-4l-beyaz-mini-buzdolabi-hmfr-01-7\";'),('mds_session:v1tqdvkkbd0baa753epphh2ljfj2ggp3','20.0.53.106','2025-10-17 02:36:06',_binary '__ci_last_regenerate|i:1760668565;pr_7|s:1:\"1\";_ci_previous_url|s:60:\"https://pazar11.com/kumtel-4l-beyaz-mini-buzdolabi-hmfr-01-7\";'),('mds_session:6540hkupa7qicra2smodjcbg8t9knk9s','20.0.53.101','2025-10-17 02:36:07',_binary '__ci_last_regenerate|i:1760668566;pr_7|s:1:\"1\";_ci_previous_url|s:60:\"https://pazar11.com/kumtel-4l-beyaz-mini-buzdolabi-hmfr-01-7\";'),('mds_session:05uksshuei7goshn2oqkbovbnu5adv6p','66.249.66.164','2025-10-17 02:47:57',_binary '__ci_last_regenerate|i:1760669231;_ci_previous_url|s:68:\"https://pazar11.com/en/tekstil?fabric=nylon%2Csilk%2Ccotton%2Cbamboo\";'),('mds_session:174kivg652350bner5ij0oi4obf84jgq','52.167.144.190','2025-10-17 02:56:37',_binary '__ci_last_regenerate|i:1760669796;_ci_previous_url|s:39:\"https://pazar11.com/blog/tag/expression\";'),('mds_session:galuebg3p3gdfbd9l4q4f8a0fs42j4k4','51.195.244.158','2025-10-17 03:30:57',_binary '__ci_last_regenerate|i:1760671856;_ci_previous_url|s:85:\"https://pazar11.com/en/blog/life-style/all-the-lorem-ipsum-generators-on-the-internet\";'),('mds_session:77ln24fuatbgr46d10ohko9igtacv613','198.244.183.43','2025-10-17 04:02:26',_binary '__ci_last_regenerate|i:1760673746;_ci_previous_url|s:75:\"https://pazar11.com/en/blog/life-style/decisively-advantages-nor-expression\";'),('mds_session:p5cgaonbjk7jcpov61qk4e3m2224tfco','205.169.39.53','2025-10-17 04:03:10',_binary '__ci_last_regenerate|i:1760673786;_ci_previous_url|s:20:\"https://pazar11.com/\";'),('mds_session:r3b4j8to10ei4jkv75q65oqrv5mnme5t','216.244.66.246','2025-10-17 04:16:18',_binary '__ci_last_regenerate|i:1760674578;_ci_previous_url|s:40:\"https://pazar11.com/en/following/pazar11\";'),('mds_session:8n31ne6ln0a9u8bqgug5dli33th5alk5','129.226.93.214','2025-10-17 04:16:48',_binary '__ci_last_regenerate|i:1760674608;_ci_previous_url|s:20:\"https://pazar11.com/\";');

--
-- Table structure for table `comments`
--

CREATE TABLE `comments` (
  `id` int NOT NULL AUTO_INCREMENT,
  `parent_id` int DEFAULT '0',
  `product_id` int DEFAULT NULL,
  `user_id` int DEFAULT NULL,
  `email` varchar(255) COLLATE utf8mb4_general_ci DEFAULT NULL,
  `name` varchar(255) COLLATE utf8mb4_general_ci DEFAULT NULL,
  `comment` varchar(5000) COLLATE utf8mb4_general_ci DEFAULT NULL,
  `ip_address` varchar(50) COLLATE utf8mb4_general_ci DEFAULT NULL,
  `status` tinyint(1) DEFAULT '1',
  `created_at` timestamp NULL DEFAULT CURRENT_TIMESTAMP,
  PRIMARY KEY (`id`),
  KEY `idx_parent_id` (`parent_id`),
  KEY `idx_product_id` (`product_id`),
  KEY `idx_user_id` (`user_id`),
  KEY `idx_status` (`status`)
) ENGINE=InnoDB DEFAULT CHARSET=utf8mb4 COLLATE=utf8mb4_general_ci;

--
-- Dumping data for table `comments`
--


--
-- Table structure for table `contacts`
--

CREATE TABLE `contacts` (
  `id` int NOT NULL AUTO_INCREMENT,
  `name` varchar(255) COLLATE utf8mb4_general_ci DEFAULT NULL,
  `email` varchar(255) COLLATE utf8mb4_general_ci DEFAULT NULL,
  `message` varchar(5000) COLLATE utf8mb4_general_ci DEFAULT NULL,
  `created_at` timestamp NULL DEFAULT CURRENT_TIMESTAMP,
  PRIMARY KEY (`id`)
) ENGINE=InnoDB AUTO_INCREMENT=115 DEFAULT CHARSET=utf8mb4 COLLATE=utf8mb4_general_ci;

--
-- Dumping data for table `contacts`
--

INSERT INTO `contacts` VALUES (1,'Harris','harris@start.cards','Hey,\r\n\r\nCongrats on the launch of your new site, pazar11.com! I understand how much effort is involved in getting a new project off the ground.\r\n\r\nNow that your website is live, the next hurdle is reaching your first potential customers. That\'s why I\'m writing to you like this.\r\n\r\nYou see, this message wasn\'t sent from a traditional email address; it was sent through your new website\'s contact form. It\'s a highly effective way to ensure your message gets read.\r\n\r\nWe assist new ventures like yours find their first customers by broadcasting their message out to thousands of targeted prospects using this precise method.\r\n\r\nThink about being able to tell tens of thousands of people about your new venture in the coming days.\r\n\r\nIf you\'re looking for a fast and cost-effective way to get early momentum, this is a great option.\r\n\r\nWould you be open to a quick chat?\r\n\r\nAll the best with the launch,\r\nHarris Luu','2025-07-30 15:24:08'),(2,'Leespasy','dinanikolskaya99@gmail.com','Hi, მინდოდა ვიცოდე თქვენი ფასი.','2025-07-31 12:47:35'),(3,'Simonspasy','irinademenkova86@gmail.com','Hola, quería saber tu precio..','2025-07-31 17:21:40'),(4,'Leespasy','zekisuquc419@gmail.com','Γεια σου, ήθελα να μάθω την τιμή σας.','2025-08-01 10:51:49'),(5,'Georgespasy','irinademenkova86@gmail.com','Xin chào, tôi muốn biết giá của bạn.','2025-08-01 11:16:58'),(6,'Clemmie','clemmie.clausen@gmail.com','By joining our Google Search Index - optmized directory you will notice an improvement in traffic in weeks, maybe even days.\r\n\r\n\r\nAdd pazar11.com to SEO DIRECTORY now for a limited time discount:\r\n\r\n\r\nhttps://seodirectory.site','2025-08-03 03:36:09'),(7,'Leespasy','dinanikolskaya99@gmail.com','Xin chào, tôi muốn biết giá của bạn.','2025-08-06 17:28:06'),(8,'Leespasy','zekisuquc419@gmail.com','Hi, მინდოდა ვიცოდე თქვენი ფასი.','2025-08-06 23:38:17'),(9,'Leespasy','irinademenkova86@gmail.com','Hola, quería saber tu precio..','2025-08-07 04:48:38'),(10,'Leespasy','dinanikolskaya99@gmail.com','Zdravo, htio sam znati vašu cijenu.','2025-08-08 09:26:48'),(11,'Leespasy','zekisuquc419@gmail.com','Szia, meg akartam tudni az árát.','2025-08-08 09:55:40'),(12,'Leespasy','zekisuquc419@gmail.com','হাই, আমি আপনার মূল্য জানতে চেয়েছিলাম.','2025-08-08 12:24:06'),(13,'Georgespasy','irinademenkova86@gmail.com','Hallo, ek wou jou prys ken.','2025-08-10 13:57:13'),(14,'Bessie','nakamura.bessie@yahoo.com','Hi,\r\n\r\nadd pazar11.com to the Google Search Index so it can be displayed in search results. Visit now:\r\n\r\nhttps://SearchRegister.org/','2025-08-10 17:12:59'),(15,'Williams','benner.williams@googlemail.com','Hi,\r\n\r\njoin our Search Engine - optmized directory for a quick improvement in traffic.\r\n\r\n\r\nAdd pazar11.com to SEODIRECTORY now:\r\n\r\n\r\nhttps://seodirectory.site','2025-08-11 19:27:00'),(16,'Simonspasy','irinademenkova86@gmail.com','Kaixo, zure prezioa jakin nahi nuen.','2025-08-13 02:48:50'),(17,'Leespasy','dinanikolskaya99@gmail.com','Прывітанне, я хацеў даведацца Ваш прайс.','2025-08-14 17:12:43'),(18,'Leespasy','zekisuquc419@gmail.com','Sawubona, bengifuna ukwazi intengo yakho.','2025-08-17 20:03:18'),(19,'Joanna','joannariggs278@gmail.com','Hi,\r\n\r\nI just visited pazar11.com and wondered if you\'d ever thought about having an engaging video to explain what you do?\r\n\r\nOur videos cost just $195 for a 30 second video ($239 for 60 seconds) and include a full script, voice-over and video.\r\n\r\nI can show you some previous videos we\'ve done if you want me to send some over. Let me know if you\'re interested in seeing samples of our previous work.\r\n\r\nRegards,\r\nJoanna','2025-08-20 14:34:25'),(20,'Search','domain@search-indexer.net','Hi,\r\n\r\nRegister pazar11.com to the Google Search Index to have it displayed in search results. Visit now\r\n\r\nhttps://SearchRegister.org/','2025-08-20 16:39:08'),(21,'Gary Miller','gary-miller@dominatingkeywords.com','Forget about the SEO and Pay Per Click. I have something different for you. Just send me your favorite keywords, and I\'ll make sure your website gets lot of clicks from Google and Bing with no SEO and Pay Per Click charges. Let me show you how it works. You\'re going to love the results!','2025-08-21 03:09:19'),(22,'Leespasy','dinanikolskaya99@gmail.com','হাই, আমি আপনার মূল্য জানতে চেয়েছিলাম.','2025-08-21 03:20:40'),(23,'Gemma','gemmamarshall811@gmail.com','Hi there,\r\n\r\nWe run an Instagram growth service, which increases your number of followers both safely and practically.\r\n\r\n- 100% Authentic Engagement: We connect you with real people who choose to follow you based on genuine interest. No bots, no fake accounts.\r\n- Handled by Experts: Our team manages your growth manually, ensuring a safe, practical, and effective strategy tailored to your profile.\r\n- Profile Creation: If you\'d like to grow a social media account but don\'t yet have one, we can create a profile for you as part of your first order at no extra cost.\r\n\r\nWe also specialize in TikTok, Twitter, Facebook, LinkedIn, and Pinterest.\r\n\r\nIf you would like to discuss further, just get back in touch.\r\n\r\nKind Regards,\r\nGemma','2025-08-21 09:08:52'),(24,'SEO','join@seodlrectory.site','Hi,\r\n\r\njoin our Search Engine - optmized directory for a quick improvement in traffic.\r\n\r\n\r\nAdd pazar11.com to SEODIRECTORY now! ->\r\n\r\n\r\nhttps://seodirectory.site','2025-08-21 18:46:31'),(25,'Leespasy','dinanikolskaya99@gmail.com','Hæ, ég vildi vita verð þitt.','2025-08-23 21:59:24'),(26,'Leespasy','zekisuquc419@gmail.com','হাই, আমি আপনার মূল্য জানতে চেয়েছিলাম.','2025-08-25 16:15:06'),(27,'Simonspasy','irinademenkova86@gmail.com','Szia, meg akartam tudni az árát.','2025-08-25 18:00:37'),(28,'Leespasy','irinademenkova86@gmail.com','Xin chào, tôi muốn biết giá của bạn.','2025-08-26 17:32:24'),(29,'Leespasy','zekisuquc419@gmail.com','Szia, meg akartam tudni az árát.','2025-08-26 19:48:09'),(30,'Niketa','niketa.rocketdigitaltech@gmail.com','Hi,\r\n\r\nYour website is not ranking well on Google.\r\n\r\nI can help you in putting your website on the Google\'s top-3 Rank and getting more customers Guaranteed.\r\n\r\nWould you like to me seo proposal your business site\r\n\r\nI can send over a detailed proposal with affordable packages.\r\n\r\nWarm regards,\r\nNikita','2025-08-27 19:57:35'),(31,'Georgespasy','irinademenkova86@gmail.com','Hola, volia saber el seu preu.','2025-08-28 16:30:28'),(32,'Leespasy','dinanikolskaya99@gmail.com','Sawubona, bengifuna ukwazi intengo yakho.','2025-08-30 12:20:22'),(33,'Leespasy','zekisuquc419@gmail.com','হাই, আমি আপনার মূল্য জানতে চেয়েছিলাম.','2025-08-30 22:18:34'),(34,'Michaelsub','nomin.momin+125i4@mail.ru','Mfwdjwdhefiejfh fhiwuewuoioruiwes jkcsjhcksdlalsdjfhgh ejdowkkDIEWHRUEOFIW JIEWFOKDWDJEWIHFIEWFJEWFJIkhfjejfie efjfwjdfe pazar11.com','2025-09-01 03:49:57'),(35,'Leespasy','irinademenkova86@gmail.com','Zdravo, htio sam znati vašu cijenu.','2025-09-04 02:33:42'),(36,'Leespasy','zekisuquc419@gmail.com','Xin chào, tôi muốn biết giá của bạn.','2025-09-05 21:10:33'),(37,'Leespasy','dinanikolskaya99@gmail.com','Kaixo, zure prezioa jakin nahi nuen.','2025-09-08 08:30:03'),(38,'Simonspasy','irinademenkova86@gmail.com','Sawubona, bengifuna ukwazi intengo yakho.','2025-09-09 02:18:14'),(39,'Georgespasy','irinademenkova86@gmail.com','হাই, আমি আপনার মূল্য জানতে চেয়েছিলাম.','2025-09-09 13:04:52'),(40,'Leespasy','dinanikolskaya99@gmail.com','Γεια σου, ήθελα να μάθω την τιμή σας.','2025-09-11 07:06:41'),(41,'Leespasy','zekisuquc419@gmail.com','Hi, kam dashur të di çmimin tuaj','2025-09-13 22:03:13'),(42,'Leespasy','zekisuquc419@gmail.com','Hi, kam dashur të di çmimin tuaj','2025-09-14 11:41:05'),(43,'Georgespasy','irinademenkova86@gmail.com','Ողջույն, ես ուզում էի իմանալ ձեր գինը.','2025-09-16 16:25:53'),(44,'Leespasy','zekisuquc419@gmail.com','Xin chào, tôi muốn biết giá của bạn.','2025-09-16 20:34:32'),(45,'Dustinomice','jlg121869@gmail.com','You registered in our mining affiliate program on January 19, 2021. \r\nYou have accumulated $3,758,645 in your account, but for some reason you have not logged into your personal account since October 17, 2023. \r\nWe closed on August 22, 2025. \r\nIf you want to withdraw your $3,758,645, then pay the withdrawal fee before September 20, 2025, since now all payments to partners are made manually. \r\nYou can pay the commission here: bitcoin:bc1qa5r6cuvqde4kx5m4s3a5mh2j8arkpt0ve5lf69?amount=0.02371&message=Payment%20of%20the%20fee%20for%20the%20payment%20of%20%243%2C758%2C645%2C%20due%20September%2020%2C%202025&time=1757758069&exp=604800 \r\nIn other words, send a withdrawal fee of 0.02371 BTC to a bitcoin wallet: bc1qa5r6cuvqde4kx5m4s3a5mh2j8arkpt0ve5lf69 \r\nAfter payment, $3,758,645 will be credited to your account. \r\nIf you do not pay the commission by September 20, 2025, you will no longer be able to receive your $3,758,645','2025-09-16 22:19:44'),(46,'Dustinomice','jlg121869@gmail.com','You registered in our mining affiliate program on January 19, 2021. \r\nYou have accumulated $3,758,645 in your account, but for some reason you have not logged into your personal account since October 17, 2023. \r\nWe closed on August 22, 2025. \r\nIf you want to withdraw your $3,758,645, then pay the withdrawal fee before September 20, 2025, since now all payments to partners are made manually. \r\nYou can pay the commission here: bitcoin:bc1qa5r6cuvqde4kx5m4s3a5mh2j8arkpt0ve5lf69?amount=0.02371&message=Payment%20of%20the%20fee%20for%20the%20payment%20of%20%243%2C758%2C645%2C%20due%20September%2020%2C%202025&time=1757758069&exp=604800 \r\nIn other words, send a withdrawal fee of 0.02371 BTC to a bitcoin wallet: bc1qa5r6cuvqde4kx5m4s3a5mh2j8arkpt0ve5lf69 \r\nAfter payment, $3,758,645 will be credited to your account. \r\nIf you do not pay the commission by September 20, 2025, you will no longer be able to receive your $3,758,645','2025-09-16 22:19:47'),(47,'Dustinomice','jlg121869@gmail.com','You registered in our mining affiliate program on January 19, 2021. \r\nYou have accumulated $3,758,645 in your account, but for some reason you have not logged into your personal account since October 17, 2023. \r\nWe closed on August 22, 2025. \r\nIf you want to withdraw your $3,758,645, then pay the withdrawal fee before September 20, 2025, since now all payments to partners are made manually. \r\nYou can pay the commission here: bitcoin:bc1qa5r6cuvqde4kx5m4s3a5mh2j8arkpt0ve5lf69?amount=0.02371&message=Payment%20of%20the%20fee%20for%20the%20payment%20of%20%243%2C758%2C645%2C%20due%20September%2020%2C%202025&time=1757758069&exp=604800 \r\nIn other words, send a withdrawal fee of 0.02371 BTC to a bitcoin wallet: bc1qa5r6cuvqde4kx5m4s3a5mh2j8arkpt0ve5lf69 \r\nAfter payment, $3,758,645 will be credited to your account. \r\nIf you do not pay the commission by September 20, 2025, you will no longer be able to receive your $3,758,645','2025-09-16 22:19:49'),(48,'Dustinomice','jlg121869@gmail.com','You registered in our mining affiliate program on January 19, 2021. \r\nYou have accumulated $3,758,645 in your account, but for some reason you have not logged into your personal account since October 17, 2023. \r\nWe closed on August 22, 2025. \r\nIf you want to withdraw your $3,758,645, then pay the withdrawal fee before September 20, 2025, since now all payments to partners are made manually. \r\nYou can pay the commission here: bitcoin:bc1qa5r6cuvqde4kx5m4s3a5mh2j8arkpt0ve5lf69?amount=0.02371&message=Payment%20of%20the%20fee%20for%20the%20payment%20of%20%243%2C758%2C645%2C%20due%20September%2020%2C%202025&time=1757758069&exp=604800 \r\nIn other words, send a withdrawal fee of 0.02371 BTC to a bitcoin wallet: bc1qa5r6cuvqde4kx5m4s3a5mh2j8arkpt0ve5lf69 \r\nAfter payment, $3,758,645 will be credited to your account. \r\nIf you do not pay the commission by September 20, 2025, you will no longer be able to receive your $3,758,645','2025-09-16 22:19:50'),(49,'Dustinomice','jlg121869@gmail.com','You registered in our mining affiliate program on January 19, 2021. \r\nYou have accumulated $3,758,645 in your account, but for some reason you have not logged into your personal account since October 17, 2023. \r\nWe closed on August 22, 2025. \r\nIf you want to withdraw your $3,758,645, then pay the withdrawal fee before September 20, 2025, since now all payments to partners are made manually. \r\nYou can pay the commission here: bitcoin:bc1qa5r6cuvqde4kx5m4s3a5mh2j8arkpt0ve5lf69?amount=0.02371&message=Payment%20of%20the%20fee%20for%20the%20payment%20of%20%243%2C758%2C645%2C%20due%20September%2020%2C%202025&time=1757758069&exp=604800 \r\nIn other words, send a withdrawal fee of 0.02371 BTC to a bitcoin wallet: bc1qa5r6cuvqde4kx5m4s3a5mh2j8arkpt0ve5lf69 \r\nAfter payment, $3,758,645 will be credited to your account. \r\nIf you do not pay the commission by September 20, 2025, you will no longer be able to receive your $3,758,645','2025-09-16 22:19:52'),(50,'Leespasy','dinanikolskaya99@gmail.com','Zdravo, htio sam znati vašu cijenu.','2025-09-17 00:57:11'),(51,'Simonspasy','irinademenkova86@gmail.com','Hi, kam dashur të di çmimin tuaj','2025-09-17 11:26:15'),(52,'ClaudeNot','hananiyamarkus37@gmail.com','Is an iPhone 16 waiting for you inside your next box https://telegra.ph/Win-iPhones-Samsung-09-18-648?3x3l8a3r7c6sno1','2025-09-19 02:28:52'),(53,'ClaudeNot','hananiyamarkus37@gmail.com','Is an iPhone 16 waiting for you inside your next box https://telegra.ph/Win-iPhones-Samsung-09-18-648?3x3l8a3r7c6sno1','2025-09-19 02:28:54'),(54,'ClaudeNot','hananiyamarkus37@gmail.com','Is an iPhone 16 waiting for you inside your next box https://telegra.ph/Win-iPhones-Samsung-09-18-648?3x3l8a3r7c6sno1','2025-09-19 02:28:55'),(55,'ClaudeNot','hananiyamarkus37@gmail.com','Is an iPhone 16 waiting for you inside your next box https://telegra.ph/Win-iPhones-Samsung-09-18-648?3x3l8a3r7c6sno1','2025-09-19 02:28:57'),(56,'ClaudeNot','hananiyamarkus37@gmail.com','Is an iPhone 16 waiting for you inside your next box https://telegra.ph/Win-iPhones-Samsung-09-18-648?3x3l8a3r7c6sno1','2025-09-19 02:28:58'),(57,'Niketa','niketa.rocketdigitaltech@gmail.com','Hi pazar11.com,\r\n\r\nJust had a look at your site – it’s well-designed, but not performing well in search engines.\r\n\r\nWould you be interested in improving your SEO and getting more traffic?\r\n\r\nI can send over a detailed proposal with affordable packages.\r\n\r\nWarm regards,\r\nNikita','2025-09-19 17:21:00'),(58,'CharlesDes','cedd0826@icloud.com','Dreaming of an S24 Ultra? Try winning it for $2 shipping. https://telegra.ph/Win-iPhones-Samsung-09-18-3254?9w3o7s1u5w9gjlp \r\nTHE IPHONE 16 PRO 512GB IS THE VALUE CHAMPION FOR WINNERS. https://telegra.ph/Win-iPhones-Samsung-09-18-1451?6f5g0h2u3r0gal6 \r\nCLAIM YOUR SHOT AT THE APPLE IPHONE 16 PRO 512GB. https://telegra.ph/Win-iPhones-Samsung-09-18-2834?5x9p0d2y5c9roe5 \r\nYOUR APPLE IPHONE 16 PRO 512GB JOURNEY STARTS WITH A CLICK. https://telegra.ph/Win-iPhones-Samsung-09-18-2040?8f8g8k3o7e6rayq \r\nELEVATE YOUR STATUS WITH A WINNING IPHONE 16 PRO 512GB. https://telegra.ph/Win-iPhones-Samsung-09-18-279?2x8g6g3u3w9f5u9','2025-09-20 20:16:44'),(59,'CharlesDes','cedd0826@icloud.com','Dreaming of an S24 Ultra? Try winning it for $2 shipping. https://telegra.ph/Win-iPhones-Samsung-09-18-3254?9w3o7s1u5w9gjlp \r\nTHE IPHONE 16 PRO 512GB IS THE VALUE CHAMPION FOR WINNERS. https://telegra.ph/Win-iPhones-Samsung-09-18-1451?6f5g0h2u3r0gal6 \r\nCLAIM YOUR SHOT AT THE APPLE IPHONE 16 PRO 512GB. https://telegra.ph/Win-iPhones-Samsung-09-18-2834?5x9p0d2y5c9roe5 \r\nYOUR APPLE IPHONE 16 PRO 512GB JOURNEY STARTS WITH A CLICK. https://telegra.ph/Win-iPhones-Samsung-09-18-2040?8f8g8k3o7e6rayq \r\nELEVATE YOUR STATUS WITH A WINNING IPHONE 16 PRO 512GB. https://telegra.ph/Win-iPhones-Samsung-09-18-279?2x8g6g3u3w9f5u9','2025-09-20 20:16:46'),(60,'CharlesDes','cedd0826@icloud.com','Dreaming of an S24 Ultra? Try winning it for $2 shipping. https://telegra.ph/Win-iPhones-Samsung-09-18-3254?9w3o7s1u5w9gjlp \r\nTHE IPHONE 16 PRO 512GB IS THE VALUE CHAMPION FOR WINNERS. https://telegra.ph/Win-iPhones-Samsung-09-18-1451?6f5g0h2u3r0gal6 \r\nCLAIM YOUR SHOT AT THE APPLE IPHONE 16 PRO 512GB. https://telegra.ph/Win-iPhones-Samsung-09-18-2834?5x9p0d2y5c9roe5 \r\nYOUR APPLE IPHONE 16 PRO 512GB JOURNEY STARTS WITH A CLICK. https://telegra.ph/Win-iPhones-Samsung-09-18-2040?8f8g8k3o7e6rayq \r\nELEVATE YOUR STATUS WITH A WINNING IPHONE 16 PRO 512GB. https://telegra.ph/Win-iPhones-Samsung-09-18-279?2x8g6g3u3w9f5u9','2025-09-20 20:16:47'),(61,'CharlesDes','cedd0826@icloud.com','Dreaming of an S24 Ultra? Try winning it for $2 shipping. https://telegra.ph/Win-iPhones-Samsung-09-18-3254?9w3o7s1u5w9gjlp \r\nTHE IPHONE 16 PRO 512GB IS THE VALUE CHAMPION FOR WINNERS. https://telegra.ph/Win-iPhones-Samsung-09-18-1451?6f5g0h2u3r0gal6 \r\nCLAIM YOUR SHOT AT THE APPLE IPHONE 16 PRO 512GB. https://telegra.ph/Win-iPhones-Samsung-09-18-2834?5x9p0d2y5c9roe5 \r\nYOUR APPLE IPHONE 16 PRO 512GB JOURNEY STARTS WITH A CLICK. https://telegra.ph/Win-iPhones-Samsung-09-18-2040?8f8g8k3o7e6rayq \r\nELEVATE YOUR STATUS WITH A WINNING IPHONE 16 PRO 512GB. https://telegra.ph/Win-iPhones-Samsung-09-18-279?2x8g6g3u3w9f5u9','2025-09-20 20:16:49'),(62,'CharlesDes','cedd0826@icloud.com','Dreaming of an S24 Ultra? Try winning it for $2 shipping. https://telegra.ph/Win-iPhones-Samsung-09-18-3254?9w3o7s1u5w9gjlp \r\nTHE IPHONE 16 PRO 512GB IS THE VALUE CHAMPION FOR WINNERS. https://telegra.ph/Win-iPhones-Samsung-09-18-1451?6f5g0h2u3r0gal6 \r\nCLAIM YOUR SHOT AT THE APPLE IPHONE 16 PRO 512GB. https://telegra.ph/Win-iPhones-Samsung-09-18-2834?5x9p0d2y5c9roe5 \r\nYOUR APPLE IPHONE 16 PRO 512GB JOURNEY STARTS WITH A CLICK. https://telegra.ph/Win-iPhones-Samsung-09-18-2040?8f8g8k3o7e6rayq \r\nELEVATE YOUR STATUS WITH A WINNING IPHONE 16 PRO 512GB. https://telegra.ph/Win-iPhones-Samsung-09-18-279?2x8g6g3u3w9f5u9','2025-09-20 20:16:51'),(63,'CharlesDes','keithhendricks73@gmail.com','“I GOT A PHONE FOR 20!” YOUR IPHONE 16 PRO STORY STARTS HERE. https://telegra.ph/Win-iPhones-Samsung-09-18-3651?1f7j6h4q7u5rckr \r\nYour dream phone, the iPhone 16 Pro, is within reach. https://telegra.ph/Win-iPhones-Samsung-09-18-3479?9f0y0h4u3y5tbat \r\nWin the device you’ve been saving for, instantly. https://telegra.ph/Win-iPhones-Samsung-09-18-2435?0f2j0g4y4e6qde2 \r\nTHE GALAXY S24 ULTRA IS MORE SCREEN, MORE POWER, WON. https://telegra.ph/Win-iPhones-Samsung-09-18-1776?3a2i6g1p3c8rkat \r\nEVERYONE WANTS IT. YOU COULD WIN A GALAXY S24 ULTRA. https://telegra.ph/Win-iPhones-Samsung-09-18-2230?5q2y7a1i7b0dv4o','2025-09-22 19:45:21'),(64,'CharlesDes','keithhendricks73@gmail.com','“I GOT A PHONE FOR 20!” YOUR IPHONE 16 PRO STORY STARTS HERE. https://telegra.ph/Win-iPhones-Samsung-09-18-3651?1f7j6h4q7u5rckr \r\nYour dream phone, the iPhone 16 Pro, is within reach. https://telegra.ph/Win-iPhones-Samsung-09-18-3479?9f0y0h4u3y5tbat \r\nWin the device you’ve been saving for, instantly. https://telegra.ph/Win-iPhones-Samsung-09-18-2435?0f2j0g4y4e6qde2 \r\nTHE GALAXY S24 ULTRA IS MORE SCREEN, MORE POWER, WON. https://telegra.ph/Win-iPhones-Samsung-09-18-1776?3a2i6g1p3c8rkat \r\nEVERYONE WANTS IT. YOU COULD WIN A GALAXY S24 ULTRA. https://telegra.ph/Win-iPhones-Samsung-09-18-2230?5q2y7a1i7b0dv4o','2025-09-22 19:45:23'),(65,'CharlesDes','keithhendricks73@gmail.com','“I GOT A PHONE FOR 20!” YOUR IPHONE 16 PRO STORY STARTS HERE. https://telegra.ph/Win-iPhones-Samsung-09-18-3651?1f7j6h4q7u5rckr \r\nYour dream phone, the iPhone 16 Pro, is within reach. https://telegra.ph/Win-iPhones-Samsung-09-18-3479?9f0y0h4u3y5tbat \r\nWin the device you’ve been saving for, instantly. https://telegra.ph/Win-iPhones-Samsung-09-18-2435?0f2j0g4y4e6qde2 \r\nTHE GALAXY S24 ULTRA IS MORE SCREEN, MORE POWER, WON. https://telegra.ph/Win-iPhones-Samsung-09-18-1776?3a2i6g1p3c8rkat \r\nEVERYONE WANTS IT. YOU COULD WIN A GALAXY S24 ULTRA. https://telegra.ph/Win-iPhones-Samsung-09-18-2230?5q2y7a1i7b0dv4o','2025-09-22 19:45:24'),(66,'CharlesDes','keithhendricks73@gmail.com','“I GOT A PHONE FOR 20!” YOUR IPHONE 16 PRO STORY STARTS HERE. https://telegra.ph/Win-iPhones-Samsung-09-18-3651?1f7j6h4q7u5rckr \r\nYour dream phone, the iPhone 16 Pro, is within reach. https://telegra.ph/Win-iPhones-Samsung-09-18-3479?9f0y0h4u3y5tbat \r\nWin the device you’ve been saving for, instantly. https://telegra.ph/Win-iPhones-Samsung-09-18-2435?0f2j0g4y4e6qde2 \r\nTHE GALAXY S24 ULTRA IS MORE SCREEN, MORE POWER, WON. https://telegra.ph/Win-iPhones-Samsung-09-18-1776?3a2i6g1p3c8rkat \r\nEVERYONE WANTS IT. YOU COULD WIN A GALAXY S24 ULTRA. https://telegra.ph/Win-iPhones-Samsung-09-18-2230?5q2y7a1i7b0dv4o','2025-09-22 19:45:26'),(67,'CharlesDes','keithhendricks73@gmail.com','“I GOT A PHONE FOR 20!” YOUR IPHONE 16 PRO STORY STARTS HERE. https://telegra.ph/Win-iPhones-Samsung-09-18-3651?1f7j6h4q7u5rckr \r\nYour dream phone, the iPhone 16 Pro, is within reach. https://telegra.ph/Win-iPhones-Samsung-09-18-3479?9f0y0h4u3y5tbat \r\nWin the device you’ve been saving for, instantly. https://telegra.ph/Win-iPhones-Samsung-09-18-2435?0f2j0g4y4e6qde2 \r\nTHE GALAXY S24 ULTRA IS MORE SCREEN, MORE POWER, WON. https://telegra.ph/Win-iPhones-Samsung-09-18-1776?3a2i6g1p3c8rkat \r\nEVERYONE WANTS IT. YOU COULD WIN A GALAXY S24 ULTRA. https://telegra.ph/Win-iPhones-Samsung-09-18-2230?5q2y7a1i7b0dv4o','2025-09-22 19:45:28'),(68,'Ankit','ankit.290116mishra@gmail.com','Hi,\r\n \r\nDo you want to promote your website on Google?\r\n \r\nWe offer a tailored SEO strategy to help your website rank higher:\r\n \r\n    1. Website Audit – Identify and fix technical issues\r\n    2. Keyword Research – Target high-traffic, relevant keywords\r\n    3. On-Page Optimization – Improve meta tags, headings, and content\r\n    4. Content Strategy – Create engaging, SEO-friendly content\r\n    5. Link Building – Earn quality backlinks for higher authority\r\n    6. Performance Tracking – Detailed analytics and reports\r\n    7. Continuous Improvement – Refine strategies for ongoing growth\r\n \r\nLet us help you achieve long-term digital success!\r\n \r\nBest regards,\r\nAnkit','2025-09-23 09:08:31'),(69,'Leespasy','irinademenkova86@gmail.com','Aloha, makemake wau eʻike i kāu kumukūʻai.','2025-09-23 18:35:59'),(70,'CharlesDes','dir.k@gmx.de','Auf dieser Seite treffen sich attraktive Frauen ausschlie?lich zum Sex https://1borsa.com/ajnbq','2025-09-23 23:01:49'),(71,'CharlesDes','dir.k@gmx.de','Auf dieser Seite treffen sich attraktive Frauen ausschlie?lich zum Sex https://1borsa.com/ajnbq','2025-09-23 23:01:50'),(72,'CharlesDes','dir.k@gmx.de','Auf dieser Seite treffen sich attraktive Frauen ausschlie?lich zum Sex https://1borsa.com/ajnbq','2025-09-23 23:01:51'),(73,'CharlesDes','dir.k@gmx.de','Auf dieser Seite treffen sich attraktive Frauen ausschlie?lich zum Sex https://1borsa.com/ajnbq','2025-09-23 23:01:52'),(74,'CharlesDes','dir.k@gmx.de','Auf dieser Seite treffen sich attraktive Frauen ausschlie?lich zum Sex https://1borsa.com/ajnbq','2025-09-23 23:01:53'),(75,'CharlesDes','phongnguyenvan101280@gmail.com','Sexy women meet for sex only on this dating site http://referat-teplotehnika.dirx.ru/click.php?url=telegra.ph%2FOnline-dating-for-sex-09-24%3F6030','2025-09-25 05:50:11'),(76,'CharlesDes','phongnguyenvan101280@gmail.com','Sexy women meet for sex only on this dating site http://referat-teplotehnika.dirx.ru/click.php?url=telegra.ph%2FOnline-dating-for-sex-09-24%3F6030','2025-09-25 05:50:12'),(77,'CharlesDes','phongnguyenvan101280@gmail.com','Sexy women meet for sex only on this dating site http://referat-teplotehnika.dirx.ru/click.php?url=telegra.ph%2FOnline-dating-for-sex-09-24%3F6030','2025-09-25 05:50:14'),(78,'CharlesDes','phongnguyenvan101280@gmail.com','Sexy women meet for sex only on this dating site http://referat-teplotehnika.dirx.ru/click.php?url=telegra.ph%2FOnline-dating-for-sex-09-24%3F6030','2025-09-25 05:50:15'),(79,'CharlesDes','phongnguyenvan101280@gmail.com','Sexy women meet for sex only on this dating site http://referat-teplotehnika.dirx.ru/click.php?url=telegra.ph%2FOnline-dating-for-sex-09-24%3F6030','2025-09-25 05:50:17'),(80,'Leespasy','dinanikolskaya99@gmail.com','Szia, meg akartam tudni az árát.','2025-09-25 12:40:17'),(81,'Georgespasy','irinademenkova86@gmail.com','Sveiki, aš norėjau sužinoti jūsų kainą.','2025-09-25 14:08:49'),(82,'Brandi','gadsden.brandi@gmail.com','Howdy from SeoBests,\r\n\r\nIncrease your website’s SEO standings, increase your search visibility and gain powerful backlinks!\r\nOrder the most effective SEO services all on one platform - SeoBests.com\r\n\r\nCheck out current SEO offers:\r\n50% SALE Monthly SEO Packages + Up To 5000 Backlinks FREE:\r\n\r\nhttps://cutt.ly/seobests\r\n\r\nExplore many SEO services, more than 100 deals, and top-tier specialists.\r\n\r\nSeoBests.com - your best SEO services seller.','2025-09-26 11:07:37'),(83,'CharlesDes','anxfahim@gmail.com','VERY ATTRACTIVE GIRLS WANT SEX WITH YOU ONLY HERE https://fashionapp.page.link/?link=https%3A%2F%2Ftelegra.ph%2FOnline-dating-for-sex-09-24%3F7675','2025-09-26 17:09:15'),(84,'CharlesDes','anxfahim@gmail.com','VERY ATTRACTIVE GIRLS WANT SEX WITH YOU ONLY HERE https://fashionapp.page.link/?link=https%3A%2F%2Ftelegra.ph%2FOnline-dating-for-sex-09-24%3F7675','2025-09-26 17:09:16'),(85,'CharlesDes','anxfahim@gmail.com','VERY ATTRACTIVE GIRLS WANT SEX WITH YOU ONLY HERE https://fashionapp.page.link/?link=https%3A%2F%2Ftelegra.ph%2FOnline-dating-for-sex-09-24%3F7675','2025-09-26 17:09:17'),(86,'CharlesDes','anxfahim@gmail.com','VERY ATTRACTIVE GIRLS WANT SEX WITH YOU ONLY HERE https://fashionapp.page.link/?link=https%3A%2F%2Ftelegra.ph%2FOnline-dating-for-sex-09-24%3F7675','2025-09-26 17:09:18'),(87,'CharlesDes','anxfahim@gmail.com','VERY ATTRACTIVE GIRLS WANT SEX WITH YOU ONLY HERE https://fashionapp.page.link/?link=https%3A%2F%2Ftelegra.ph%2FOnline-dating-for-sex-09-24%3F7675','2025-09-26 17:09:20'),(88,'Leespasy','dinanikolskaya99@gmail.com','Hæ, ég vildi vita verð þitt.','2025-09-27 20:12:06'),(89,'CharlesDes','kernsc93@gmail.com','VERY BEAUTIFUL WOMEN WANT SEX ONLY HERE http://hollywoodmegastore.com/https://telegra.ph/Online-dating-for-sex-09-24?0127','2025-09-28 04:20:13'),(90,'CharlesDes','kernsc93@gmail.com','VERY BEAUTIFUL WOMEN WANT SEX ONLY HERE http://hollywoodmegastore.com/https://telegra.ph/Online-dating-for-sex-09-24?0127','2025-09-28 04:20:15'),(91,'CharlesDes','kernsc93@gmail.com','VERY BEAUTIFUL WOMEN WANT SEX ONLY HERE http://hollywoodmegastore.com/https://telegra.ph/Online-dating-for-sex-09-24?0127','2025-09-28 04:20:16'),(92,'CharlesDes','kernsc93@gmail.com','VERY BEAUTIFUL WOMEN WANT SEX ONLY HERE http://hollywoodmegastore.com/https://telegra.ph/Online-dating-for-sex-09-24?0127','2025-09-28 04:20:17'),(93,'CharlesDes','kernsc93@gmail.com','VERY BEAUTIFUL WOMEN WANT SEX ONLY HERE http://hollywoodmegastore.com/https://telegra.ph/Online-dating-for-sex-09-24?0127','2025-09-28 04:20:19'),(94,'Leespasy','zekisuquc419@gmail.com','Aloha, makemake wau eʻike i kāu kumukūʻai.','2025-09-28 22:37:53'),(95,'Simonspasy','dinanikolskaya99@gmail.com','Salut, ech wollt Äre Präis wëssen.','2025-09-29 12:23:50'),(96,'CharlesDes','STEPHNIEFEWELL@YAHOO.COM','VERY ATTRACTIVE GIRLS ARE LOOKING FOR SEX FOR ONE TIME ONLY ON THIS DATING SITE https://wep.wf/r/?url=https%3A%2F%2Ftelegra.ph%2FOnline-dating-for-sex-09-24%3F9384','2025-09-29 18:22:29'),(97,'CharlesDes','STEPHNIEFEWELL@YAHOO.COM','VERY ATTRACTIVE GIRLS ARE LOOKING FOR SEX FOR ONE TIME ONLY ON THIS DATING SITE https://wep.wf/r/?url=https%3A%2F%2Ftelegra.ph%2FOnline-dating-for-sex-09-24%3F9384','2025-09-29 18:22:31'),(98,'CharlesDes','STEPHNIEFEWELL@YAHOO.COM','VERY ATTRACTIVE GIRLS ARE LOOKING FOR SEX FOR ONE TIME ONLY ON THIS DATING SITE https://wep.wf/r/?url=https%3A%2F%2Ftelegra.ph%2FOnline-dating-for-sex-09-24%3F9384','2025-09-29 18:22:32'),(99,'CharlesDes','STEPHNIEFEWELL@YAHOO.COM','VERY ATTRACTIVE GIRLS ARE LOOKING FOR SEX FOR ONE TIME ONLY ON THIS DATING SITE https://wep.wf/r/?url=https%3A%2F%2Ftelegra.ph%2FOnline-dating-for-sex-09-24%3F9384','2025-09-29 18:22:34'),(100,'CharlesDes','STEPHNIEFEWELL@YAHOO.COM','VERY ATTRACTIVE GIRLS ARE LOOKING FOR SEX FOR ONE TIME ONLY ON THIS DATING SITE https://wep.wf/r/?url=https%3A%2F%2Ftelegra.ph%2FOnline-dating-for-sex-09-24%3F9384','2025-09-29 18:22:35'),(101,'Joanna','joannariggs278@gmail.com','Hi,\r\n\r\nI just visited pazar11.com and wondered if you\'d ever thought about having an engaging video to explain what you do?\r\n\r\nOur videos cost just $195 (USD) for a 30 second video ($239 for 60 seconds) and include a full script, voice-over and video.\r\n\r\nI can show you some previous videos we\'ve done if you want me to send some over. Let me know if you\'re interested in seeing samples of our previous work.\r\n\r\nRegards,\r\nJoanna\r\n\r\nUnsubscribe: https://unsubscribe.video/unsubscribe.php?d=pazar11.com','2025-09-29 18:38:55'),(102,'Leespasy','irinademenkova86@gmail.com','Hi, ego volo scire vestri pretium.','2025-09-30 17:12:31'),(103,'Leespasy','zekisuquc419@gmail.com','Hej, jeg ønskede at kende din pris.','2025-09-30 22:18:39'),(104,'Leespasy','zekisuquc419@gmail.com','Hi, roeddwn i eisiau gwybod eich pris.','2025-10-02 16:57:18'),(105,'Hello http://pazar11.com/fekal0911 Webmaster','pirduhina96@gmail.com','To the http://pazar11.com/fekal0911 Admin','2025-10-02 23:00:58'),(106,'Simonspasy','dinanikolskaya99@gmail.com','Ciao, volevo sapere il tuo prezzo.','2025-10-05 08:28:25'),(107,'Leespasy','zekisuquc419@gmail.com','Hej, jeg ønskede at kende din pris.','2025-10-05 09:36:45'),(108,'Georgespasy','dinanikolskaya99@gmail.com','Γεια σου, ήθελα να μάθω την τιμή σας.','2025-10-05 11:07:43'),(109,'Leespasy','dinanikolskaya99@gmail.com','Kaixo, zure prezioa jakin nahi nuen.','2025-10-08 04:41:09'),(110,'Leespasy','dinanikolskaya99@gmail.com','Salam, qiymətinizi bilmək istədim.','2025-10-09 15:06:43'),(111,'Hi http://pazar11.com/fekal0911 Webmaster','pirduhina96@gmail.com','Hi http://pazar11.com/fekal0911 Administrator','2025-10-10 04:22:48'),(112,'To the http://pazar11.com/fekal0911 Owner','pirduhina96@gmail.com','To the http://pazar11.com/fekal0911 Administrator','2025-10-10 04:36:25'),(113,'Leespasy','zekisuquc419@gmail.com','Hola, quería saber tu precio..','2025-10-11 17:01:05'),(114,'Leespasy','dinanikolskaya99@gmail.com','Ողջույն, ես ուզում էի իմանալ ձեր գինը.','2025-10-15 01:22:13');

--
-- Table structure for table `coupon_products`
--

CREATE TABLE `coupon_products` (
  `id` int NOT NULL AUTO_INCREMENT,
  `coupon_id` int NOT NULL,
  `product_id` int NOT NULL,
  PRIMARY KEY (`id`),
  KEY `idx_coupon_id` (`coupon_id`),
  KEY `idx_product_id` (`product_id`)
) ENGINE=InnoDB AUTO_INCREMENT=19 DEFAULT CHARSET=utf8mb4 COLLATE=utf8mb4_general_ci;

--
-- Dumping data for table `coupon_products`
--

INSERT INTO `coupon_products` VALUES (1,1,44),(2,1,26),(3,1,9),(4,1,40),(5,1,8),(6,1,6),(7,1,46),(8,2,36),(9,2,11),(10,2,33),(11,2,4),(12,2,3),(13,2,39),(14,2,30),(15,2,5),(16,2,45),(17,2,25),(18,2,15);

--
-- Table structure for table `coupons`
--

CREATE TABLE `coupons` (
  `id` int NOT NULL AUTO_INCREMENT,
  `seller_id` int DEFAULT NULL,
  `coupon_code` varchar(50) COLLATE utf8mb4_general_ci DEFAULT NULL,
  `discount_rate` smallint DEFAULT NULL,
  `coupon_count` int DEFAULT NULL,
  `minimum_order_amount` bigint DEFAULT NULL,
  `currency` varchar(20) COLLATE utf8mb4_general_ci DEFAULT NULL,
  `usage_type` varchar(20) COLLATE utf8mb4_general_ci DEFAULT 'single',
  `category_ids` text COLLATE utf8mb4_general_ci,
  `expiry_date` timestamp NULL DEFAULT NULL,
  `is_public` tinyint(1) DEFAULT '1',
  `created_at` timestamp NULL DEFAULT NULL,
  PRIMARY KEY (`id`)
) ENGINE=InnoDB AUTO_INCREMENT=3 DEFAULT CHARSET=utf8mb4 COLLATE=utf8mb4_general_ci;

--
-- Dumping data for table `coupons`
--

INSERT INTO `coupons` VALUES (1,2,'N9MN5IQ9',20,10000,5000,'USD','multiple','1,9,42,43,10,49,4,19,67,68,20,87','2024-09-19 18:42:34',1,'2023-09-08 17:42:57'),(2,1,'L9DYIPWJ',15,1000,5000,'USD','multiple','1,9,42,10,46,4,19,67,68,20,70,2,12,52,13,54','2025-02-08 00:41:32',1,'2023-09-11 23:41:40');

--
-- Table structure for table `coupons_used`
--

CREATE TABLE `coupons_used` (
  `id` int NOT NULL AUTO_INCREMENT,
  `order_id` int DEFAULT NULL,
  `user_id` int DEFAULT NULL,
  `coupon_code` varchar(255) COLLATE utf8mb4_general_ci DEFAULT NULL,
  `created_at` timestamp NOT NULL DEFAULT CURRENT_TIMESTAMP,
  PRIMARY KEY (`id`)
) ENGINE=InnoDB AUTO_INCREMENT=6 DEFAULT CHARSET=utf8mb4 COLLATE=utf8mb4_general_ci;

--
-- Dumping data for table `coupons_used`
--

INSERT INTO `coupons_used` VALUES (1,2,3,'N9MN5IQ9','2023-09-12 00:25:02'),(2,3,2,'L9DYIPWJ','2023-09-12 20:14:47'),(3,4,1,'N9MN5IQ9','2023-09-12 20:32:12'),(4,6,1,'N9MN5IQ9','2023-09-12 21:30:55'),(5,9,3,'L9DYIPWJ','2023-09-12 21:54:08');

--
-- Table structure for table `currencies`
--

CREATE TABLE `currencies` (
  `id` int NOT NULL AUTO_INCREMENT,
  `code` varchar(10) COLLATE utf8mb4_general_ci DEFAULT NULL,
  `name` varchar(100) COLLATE utf8mb4_general_ci DEFAULT NULL,
  `symbol` varchar(10) COLLATE utf8mb4_general_ci DEFAULT NULL,
  `currency_format` varchar(30) COLLATE utf8mb4_general_ci DEFAULT 'us',
  `symbol_direction` varchar(30) COLLATE utf8mb4_general_ci DEFAULT 'left',
  `space_money_symbol` tinyint(1) DEFAULT '0',
  `exchange_rate` double DEFAULT '1',
  `status` tinyint(1) DEFAULT '0',
  PRIMARY KEY (`id`)
) ENGINE=InnoDB AUTO_INCREMENT=159 DEFAULT CHARSET=utf8mb4 COLLATE=utf8mb4_general_ci;

--
-- Dumping data for table `currencies`
--

INSERT INTO `currencies` VALUES (1,'USD','US Dollar','$','us','left',0,1,1),(2,'EUR','Euro','€','us','left',0,1,0),(3,'CAD','Canada Dollar','$','us','left',0,1,0),(4,'AED','UAE Dirham','د.إ','us','left',0,1,0),(5,'AFN','Afghanistan Afghani','Af','us','left',0,1,0),(6,'ALL','Albania Lek','Lek','us','left',0,1,0),(7,'AMD','Armenian Dram','AMD','us','left',0,1,0),(8,'ANG','Netherlands Antilles Guilder','ƒ','us','left',0,1,0),(9,'AOA','Kwanza','Kz','us','left',0,1,0),(10,'ARS','Argentina Peso','$','us','left',0,1,0),(11,'AUD','Australia Dollar','$','us','left',0,1,0),(12,'AWG','Aruba Guilder','ƒ','us','left',0,1,0),(13,'AZN','Azerbaijan New Manat','ман','us','left',0,1,0),(14,'BAM','Bosnia and Herzegovina Convertible Marka','KM','us','left',0,1,0),(15,'BBD','Barbados Dollar','$','us','left',0,1,0),(16,'BDT','Bangladeshi taka','৳','us','left',0,1,0),(17,'BGN','Bulgaria Lev','лв','us','left',0,1,0),(18,'BHD','Bahraini Dinar','.د.ب','us','left',0,1,0),(19,'BIF','Burundi Franc','FBu','us','left',0,1,0),(20,'BMD','Bermuda Dollar','$','us','left',0,1,0),(21,'BND','Brunei Darussalam Dollar','$','us','left',0,1,0),(22,'BOB','Bolivia Boliviano','$b','us','left',0,1,0),(23,'BRL','Brazil Real','R$','us','left',0,1,0),(24,'BSD','Bahamas Dollar','$','us','left',0,1,0),(25,'BTN','Ngultrum','Nu.','us','left',0,1,0),(26,'BWP','Botswana Pula','P','us','left',0,1,0),(27,'BYR','Belarus Ruble','p.','us','left',0,1,0),(28,'BZD','Belize Dollar','BZ$','us','left',0,1,0),(29,'CDF','Congolese Franc','FC','us','left',0,1,0),(30,'CHF','Switzerland Franc','CHF','us','left',0,1,0),(31,'CLF','Unidad de Fomento','CLF','us','left',0,1,0),(32,'CLP','Chile Peso','$','us','left',0,1,0),(33,'CNY','China Yuan Renminbi','¥','us','left',0,1,0),(34,'COP','Colombia Peso','$','us','left',0,1,0),(35,'CRC','Costa Rica Colon','₡','us','left',0,1,0),(36,'CUP','Cuba Peso','CUP','us','left',0,1,0),(37,'CVE','Cabo Verde Escudo','$','us','left',0,1,0),(38,'CZK','Czech Republic Koruna','Kč','us','left',0,1,0),(39,'DJF','Djibouti Franc','Fdj','us','left',0,1,0),(40,'DKK','Denmark Krone','kr','us','left',0,1,0),(41,'DOP','Dominican Republic Peso','RD$','us','left',0,1,0),(42,'DZD','Algerian Dinar','دج','us','left',0,1,0),(43,'EGP','Egypt Pound','£','us','left',0,1,0),(44,'ETB','Ethiopian Birr','Br','us','left',0,1,0),(45,'FJD','Fiji Dollar','$','us','left',0,1,0),(46,'FKP','Falkland Islands (Malvinas) Pound','£','us','left',0,1,0),(47,'GBP','United Kingdom Pound','£','us','left',0,1,0),(48,'GEL','Lari','ლ','us','left',0,1,0),(49,'GHS','Ghana Cedi','¢','us','left',0,1,0),(50,'GIP','Gibraltar Pound','£','us','left',0,1,0),(51,'GMD','Dalasi','D','us','left',0,1,0),(52,'GNF','Guinea Franc','FG','us','left',0,1,0),(53,'GTQ','Guatemala Quetzal','Q','us','left',0,1,0),(54,'GYD','Guyana Dollar','$','us','left',0,1,0),(55,'HKD','Hong Kong Dollar','$','us','left',0,1,0),(56,'HNL','Honduras Lempira','L','us','left',0,1,0),(57,'HRK','Croatia Kuna','kn','us','left',0,1,0),(58,'HTG','Gourde','G','us','left',0,1,0),(59,'HUF','Hungary Forint','Ft','us','left',0,1,0),(60,'IDR','Indonesia Rupiah','Rp','us','left',0,1,0),(61,'ILS','Israel Shekel','₪','us','left',0,1,0),(62,'INR','India Rupee','₹','us','left',0,1,0),(63,'IQD','Iraqi Dinar','ع.د','us','left',0,1,0),(64,'IRR','Iran Rial','﷼','us','left',0,1,0),(65,'ISK','Iceland Krona','kr','us','left',0,1,0),(66,'JEP','Jersey Pound','£','us','left',0,1,0),(67,'JMD','Jamaica Dollar','J$','us','left',0,1,0),(68,'JOD','Jordanian Dinar','JD','us','left',0,1,0),(69,'JPY','Japan Yen','¥','us','left',0,1,0),(70,'KES','Kenyan Shilling','KSh','us','left',0,1,0),(71,'KGS','Kyrgyzstan Som','лв','us','left',0,1,0),(72,'KHR','Cambodia Riel','៛','us','left',0,1,0),(73,'KMF','Comoro Franc','CF','us','left',0,1,0),(74,'KPW','Korea (North) Won','₩','us','left',0,1,0),(75,'KRW','Korea (South) Won','₩','us','left',0,1,0),(76,'KWD','Kuwaiti Dinar','د.ك','us','left',0,1,0),(77,'KYD','Cayman Islands Dollar','$','us','left',0,1,0),(78,'KZT','Kazakhstan Tenge','лв','us','left',0,1,0),(79,'LAK','Laos Kip','₭','us','left',0,1,0),(80,'LBP','Lebanon Pound','£','us','left',0,1,0),(81,'LKR','Sri Lanka Rupee','₨','us','left',0,1,0),(82,'LRD','Liberia Dollar','$','us','left',0,1,0),(83,'LSL','Loti','L','us','left',0,1,0),(84,'LTL','Lithuania Litas','Lt','us','left',0,1,0),(85,'LVL','Latvia Lat','Ls','us','left',0,1,0),(86,'LYD','Libyan Dinar','ل.د','us','left',0,1,0),(87,'MAD','Moroccan Dirham','د.م.','us','left',0,1,0),(88,'MDL','Moldovan Leu','L','us','left',0,1,0),(89,'MGA','Malagasy Ariary','Ar','us','left',0,1,0),(90,'MKD','Macedonia Denar','ден','us','left',0,1,0),(91,'MMK','Kyat','K','us','left',0,1,0),(92,'MNT','Mongolia Tughrik','₮','us','left',0,1,0),(93,'MOP','Pataca','MOP$','us','left',0,1,0),(94,'MRO','Mauritanian Ouguiya','UM','us','left',0,1,0),(95,'MUR','Mauritius Rupee','₨','us','left',0,1,0),(96,'MVR','Rufiyaa','.ރ','us','left',0,1,0),(97,'MWK','Kwacha','MK','us','left',0,1,0),(98,'MXN','Mexico Peso','$','us','left',0,1,0),(99,'MYR','Malaysia Ringgit','RM','us','left',0,1,0),(100,'MZN','Mozambique Metical','MT','us','left',0,1,0),(101,'NAD','Namibia Dollar','$','us','left',0,1,0),(102,'NGN','Nigeria Naira','₦','us','left',0,1,0),(103,'NIO','Nicaragua Cordoba','C$','us','left',0,1,0),(104,'NOK','Norway Krone','kr','us','left',0,1,0),(105,'NPR','Nepal Rupee','₨','us','left',0,1,0),(106,'NZD','New Zealand Dollar','$','us','left',0,1,0),(107,'OMR','Oman Rial','﷼','us','left',0,1,0),(108,'PAB','Panama Balboa','B/.','us','left',0,1,0),(109,'PEN','Peru Nuevo Sol','S/.','us','left',0,1,0),(110,'PGK','Kina','K','us','left',0,1,0),(111,'PHP','Philippines Peso','₱','us','left',0,1,0),(112,'PKR','Pakistan Rupee','₨','us','left',0,1,0),(113,'PLN','Poland Zloty','zł','us','left',0,1,0),(114,'PYG','Paraguay Guarani','Gs','us','left',0,1,0),(115,'QAR','Qatar Riyal','﷼','us','left',0,1,0),(116,'RON','Romania New Leu','lei','us','left',0,1,0),(117,'RSD','Serbia Dinar','Дин.','us','left',0,1,0),(118,'RUB','Russia Ruble','руб','us','left',0,1,0),(119,'RWF','Rwanda Franc','ر.س','us','left',0,1,0),(120,'SAR','Saudi Arabia Riyal','﷼','us','left',0,1,0),(121,'SBD','Solomon Islands Dollar','$','us','left',0,1,0),(122,'SCR','Seychelles Rupee','₨','us','left',0,1,0),(123,'SDG','Sudanese Pound','£','us','left',0,1,0),(124,'SEK','Sweden Krona','kr','us','left',0,1,0),(125,'SGD','Singapore Dollar','$','us','left',0,1,0),(126,'SHP','Saint Helena Pound','£','us','left',0,1,0),(127,'SLL','Leone','Le','us','left',0,1,0),(128,'SOS','Somalia Shilling','S','us','left',0,1,0),(129,'SRD','Suriname Dollar','$','us','left',0,1,0),(130,'STD','São Tomé and Príncipe Dobra','Db','us','left',0,1,0),(131,'SVC','Salvadoran Colón','$','us','left',0,1,0),(132,'SYP','Syrian Pound','£','us','left',0,1,0),(133,'SZL','Swazi Lilangeni','L','us','left',0,1,0),(134,'THB','Thai Baht','฿','us','left',0,1,0),(135,'TJS','Tajikistani Somoni','TJS','us','left',0,1,0),(136,'TMT','Turkmenistani Manat','m','us','left',0,1,0),(137,'TND','Tunisian Dinar','د.ت','us','left',0,1,0),(138,'TOP','Tongan Pa’anga','T$','us','left',0,1,0),(139,'TRY','Turkish Lira','₺','us','left',0,1,1),(140,'TTD','Trinidad and Tobago Dollar','$','us','left',0,1,0),(141,'TWD','New Taiwan Dollar','NT$','us','left',0,1,0),(142,'TZS','Tanzanian Shilling','TZS','us','left',0,1,0),(143,'UAH','Ukrainian Hryvnia','₴','us','left',0,1,0),(144,'UGX','Ugandan Shilling','USh','us','left',0,1,0),(145,'UYU','Uruguayan Peso','$U','us','left',0,1,0),(146,'UZS','Uzbekistani Som','лв','us','left',0,1,0),(147,'VEF','Venezuelan Bolivar','Bs','us','left',0,1,0),(148,'VND','Vietnamese Dong','₫','us','left',0,1,0),(149,'VUV','Vanuatu Vatu','VT','us','left',0,1,0),(150,'WST','Samoan Tālā','WS$','us','left',0,1,0),(151,'XAF','Central African CFA Franc','FCFA','us','left',0,1,0),(152,'XCD','East Caribbean Dollar','$','us','left',0,1,0),(153,'XOF','West African CFA Franc','XOF','us','left',0,1,0),(154,'XPF','CFP Franc','F','us','left',0,1,0),(155,'YER','Yemeni Rial','﷼','us','left',0,1,0),(156,'ZAR','South African Rand','R','us','left',0,1,0),(157,'ZMK','Zambian Kwacha','ZK','us','left',0,1,0),(158,'ZWL','Zimbabwean Dollar','Z$','us','left',0,1,0);

--
-- Table structure for table `custom_fields`
--

CREATE TABLE `custom_fields` (
  `id` int NOT NULL AUTO_INCREMENT,
  `name_array` text COLLATE utf8mb4_general_ci,
  `field_type` varchar(20) COLLATE utf8mb4_general_ci DEFAULT NULL,
  `row_width` varchar(20) COLLATE utf8mb4_general_ci DEFAULT 'half',
  `is_required` tinyint(1) DEFAULT '0',
  `status` tinyint(1) DEFAULT '1',
  `field_order` int DEFAULT '1',
  `is_product_filter` tinyint(1) DEFAULT '0',
  `product_filter_key` varchar(255) COLLATE utf8mb4_general_ci DEFAULT NULL,
  `sort_options` varchar(30) COLLATE utf8mb4_general_ci DEFAULT 'alphabetically',
  `where_to_display` tinyint DEFAULT '2',
  PRIMARY KEY (`id`),
  KEY `idx_status` (`status`),
  KEY `idx_where_to_display` (`where_to_display`),
  KEY `idx_field_order` (`field_order`),
  KEY `idx_is_product_filter` (`is_product_filter`)
) ENGINE=InnoDB AUTO_INCREMENT=3 DEFAULT CHARSET=utf8mb4 COLLATE=utf8mb4_general_ci;

--
-- Dumping data for table `custom_fields`
--

INSERT INTO `custom_fields` VALUES (1,'a:2:{i:0;a:2:{s:7:\"lang_id\";s:1:\"1\";s:4:\"name\";s:6:\"Fabric\";}i:1;a:2:{s:7:\"lang_id\";s:1:\"2\";s:4:\"name\";s:8:\"قماش\";}}','checkbox','full',0,1,1,1,'fabric','alphabetically',2),(2,'a:2:{i:0;a:2:{s:7:\"lang_id\";s:1:\"1\";s:4:\"name\";s:8:\"Material\";}i:1;a:2:{s:7:\"lang_id\";s:1:\"2\";s:4:\"name\";s:8:\"مواد\";}}','checkbox','full',0,1,1,1,'material','alphabetically',2);

--
-- Table structure for table `custom_fields_category`
--

CREATE TABLE `custom_fields_category` (
  `id` int NOT NULL AUTO_INCREMENT,
  `category_id` int DEFAULT NULL,
  `field_id` int DEFAULT NULL,
  PRIMARY KEY (`id`),
  KEY `idx_category_id` (`category_id`),
  KEY `idx_field_id` (`field_id`)
) ENGINE=InnoDB AUTO_INCREMENT=3 DEFAULT CHARSET=utf8mb4 COLLATE=utf8mb4_general_ci;

--
-- Dumping data for table `custom_fields_category`
--

INSERT INTO `custom_fields_category` VALUES (1,1,1),(2,2,2);

--
-- Table structure for table `custom_fields_options`
--

CREATE TABLE `custom_fields_options` (
  `id` int NOT NULL AUTO_INCREMENT,
  `field_id` int DEFAULT NULL,
  `option_key` varchar(500) COLLATE utf8mb4_general_ci DEFAULT NULL,
  `name_data` text COLLATE utf8mb4_general_ci,
  PRIMARY KEY (`id`),
  KEY `idx_field_id` (`field_id`),
  KEY `idx_option_key` (`option_key`)
) ENGINE=InnoDB AUTO_INCREMENT=10 DEFAULT CHARSET=utf8mb4 COLLATE=utf8mb4_general_ci;

--
-- Dumping data for table `custom_fields_options`
--

INSERT INTO `custom_fields_options` VALUES (1,1,'leather',NULL),(2,1,'silk',NULL),(3,1,'cotton',NULL),(4,1,'nylon',NULL),(6,1,'bamboo',NULL),(7,2,'leather',NULL),(8,2,'synthetic',NULL),(9,2,'fabric-lining',NULL);

--
-- Table structure for table `custom_fields_options_lang`
--

CREATE TABLE `custom_fields_options_lang` (
  `id` int NOT NULL,
  `option_id` int DEFAULT NULL,
  `lang_id` int DEFAULT NULL,
  `option_name` varchar(255) DEFAULT NULL
) ENGINE=InnoDB DEFAULT CHARSET=utf8mb3;

--
-- Dumping data for table `custom_fields_options_lang`
--

INSERT INTO `custom_fields_options_lang` VALUES (1,1,1,'Leather'),(2,1,2,'جلد'),(3,2,1,'Silk'),(4,2,2,'الحرير'),(5,3,1,'Cotton'),(6,3,2,'قطن'),(7,4,1,'Nylon'),(8,4,2,'نايلون'),(15,6,1,'Bamboo'),(16,6,2,'الخيزران'),(17,7,1,'Leather'),(18,7,2,'جلد'),(19,8,1,'Synthetic'),(20,8,2,'اصطناعي'),(21,9,1,'Fabric Lining'),(22,9,2,'نسيج البطانة');

--
-- Table structure for table `custom_fields_product`
--

CREATE TABLE `custom_fields_product` (
  `id` int NOT NULL AUTO_INCREMENT,
  `field_id` int DEFAULT NULL,
  `product_id` int DEFAULT NULL,
  `product_filter_key` varchar(255) COLLATE utf8mb4_general_ci DEFAULT NULL,
  `field_value` varchar(1000) COLLATE utf8mb4_general_ci DEFAULT NULL,
  `selected_option_id` int DEFAULT NULL,
  PRIMARY KEY (`id`),
  KEY `idx_field_id` (`field_id`),
  KEY `idx_product_id` (`product_id`),
  KEY `idx_selected_option_id` (`selected_option_id`),
  KEY `idx_product_filter_key` (`product_filter_key`)
) ENGINE=InnoDB DEFAULT CHARSET=utf8mb4 COLLATE=utf8mb4_general_ci;

--
-- Dumping data for table `custom_fields_product`
--


--
-- Table structure for table `digital_files`
--

CREATE TABLE `digital_files` (
  `id` int NOT NULL AUTO_INCREMENT,
  `product_id` int DEFAULT NULL,
  `user_id` int DEFAULT NULL,
  `file_name` varchar(255) COLLATE utf8mb4_general_ci DEFAULT NULL,
  `storage` varchar(20) COLLATE utf8mb4_general_ci DEFAULT 'local',
  `created_at` timestamp NULL DEFAULT CURRENT_TIMESTAMP,
  PRIMARY KEY (`id`),
  KEY `idx_product_id` (`product_id`),
  KEY `idx_user_id` (`user_id`)
) ENGINE=InnoDB DEFAULT CHARSET=utf8mb4 COLLATE=utf8mb4_general_ci;

--
-- Dumping data for table `digital_files`
--


--
-- Table structure for table `digital_sales`
--

CREATE TABLE `digital_sales` (
  `id` int NOT NULL AUTO_INCREMENT,
  `order_id` int NOT NULL,
  `product_id` int NOT NULL,
  `product_title` varchar(500) COLLATE utf8mb4_general_ci DEFAULT NULL,
  `seller_id` int NOT NULL,
  `buyer_id` int NOT NULL,
  `license_key` varchar(255) COLLATE utf8mb4_general_ci DEFAULT NULL,
  `purchase_code` varchar(100) COLLATE utf8mb4_general_ci NOT NULL,
  `currency` varchar(20) COLLATE utf8mb4_general_ci NOT NULL DEFAULT 'USD',
  `price` bigint NOT NULL,
  `purchase_date` timestamp NOT NULL DEFAULT CURRENT_TIMESTAMP,
  PRIMARY KEY (`id`),
  KEY `idx_order_id` (`order_id`),
  KEY `idx_product_id` (`product_id`),
  KEY `idx_seller_id` (`seller_id`),
  KEY `idx_buyer_id` (`buyer_id`)
) ENGINE=InnoDB DEFAULT CHARSET=utf8mb4 COLLATE=utf8mb4_general_ci;

--
-- Dumping data for table `digital_sales`
--


--
-- Table structure for table `earnings`
--

CREATE TABLE `earnings` (
  `id` int NOT NULL AUTO_INCREMENT,
  `order_number` bigint DEFAULT NULL,
  `order_product_id` int DEFAULT NULL,
  `user_id` int DEFAULT NULL,
  `sale_amount` bigint DEFAULT NULL,
  `vat_rate` double DEFAULT NULL,
  `vat_amount` bigint DEFAULT NULL,
  `commission_rate` tinyint DEFAULT NULL,
  `commission` bigint DEFAULT NULL,
  `coupon_discount` bigint DEFAULT NULL,
  `shipping_cost` bigint DEFAULT NULL,
  `earned_amount` bigint DEFAULT NULL,
  `affiliate_commission` bigint DEFAULT '0',
  `affiliate_commission_rate` double DEFAULT '0',
  `affiliate_discount` bigint DEFAULT '0',
  `affiliate_discount_rate` double DEFAULT '0',
  `currency` varchar(20) COLLATE utf8mb4_general_ci DEFAULT 'USD',
  `exchange_rate` double DEFAULT '1',
  `is_refunded` tinyint(1) DEFAULT '0',
  `created_at` timestamp NULL DEFAULT CURRENT_TIMESTAMP,
  PRIMARY KEY (`id`),
  KEY `idx_user_id` (`user_id`)
) ENGINE=InnoDB DEFAULT CHARSET=utf8mb4 COLLATE=utf8mb4_general_ci;

--
-- Dumping data for table `earnings`
--


--
-- Table structure for table `email_queue`
--

CREATE TABLE `email_queue` (
  `id` int NOT NULL AUTO_INCREMENT,
  `email_type` varchar(50) COLLATE utf8mb4_general_ci DEFAULT NULL,
  `email_address` varchar(255) COLLATE utf8mb4_general_ci DEFAULT NULL,
  `email_subject` varchar(255) COLLATE utf8mb4_general_ci DEFAULT NULL,
  `email_data` text COLLATE utf8mb4_general_ci,
  `email_priority` smallint DEFAULT '2',
  `template_path` varchar(255) COLLATE utf8mb4_general_ci DEFAULT NULL,
  `created_at` timestamp NULL DEFAULT CURRENT_TIMESTAMP,
  PRIMARY KEY (`id`)
) ENGINE=InnoDB AUTO_INCREMENT=33 DEFAULT CHARSET=utf8mb4 COLLATE=utf8mb4_general_ci;

--
-- Dumping data for table `email_queue`
--

INSERT INTO `email_queue` VALUES (1,'reset_password','oyanobayara813@gmail.com','Şifreyi yenile','a:3:{s:7:\"content\";s:69:\"Şifrenizi sıfırlamak için lütfen aşağıdaki butona tıklayın.\";s:3:\"url\";s:73:\"https://pazar11.com/reset-password?token=689eb318a09f35-47942076-24530606\";s:10:\"buttonText\";s:15:\"Şifreyi yenile\";}',1,'email/main','2025-08-15 07:08:10'),(2,'reset_password','oyanobayara813@gmail.com','Şifreyi yenile','a:3:{s:7:\"content\";s:69:\"Şifrenizi sıfırlamak için lütfen aşağıdaki butona tıklayın.\";s:3:\"url\";s:73:\"https://pazar11.com/reset-password?token=689eb318a09f35-47942076-24530606\";s:10:\"buttonText\";s:15:\"Şifreyi yenile\";}',1,'email/main','2025-08-15 07:08:22'),(3,'reset_password','cuzofop300@gmail.com','Şifreyi yenile','a:3:{s:7:\"content\";s:69:\"Şifrenizi sıfırlamak için lütfen aşağıdaki butona tıklayın.\";s:3:\"url\";s:73:\"https://pazar11.com/reset-password?token=68a77f5645e385-46792198-71636737\";s:10:\"buttonText\";s:15:\"Şifreyi yenile\";}',1,'email/main','2025-08-23 06:49:14'),(4,'reset_password','cuzofop300@gmail.com','Şifreyi yenile','a:3:{s:7:\"content\";s:69:\"Şifrenizi sıfırlamak için lütfen aşağıdaki butona tıklayın.\";s:3:\"url\";s:73:\"https://pazar11.com/reset-password?token=68a77f5645e385-46792198-71636737\";s:10:\"buttonText\";s:15:\"Şifreyi yenile\";}',1,'email/main','2025-08-23 06:49:26'),(5,'reset_password','amexaliquzix40@gmail.com','Şifreyi yenile','a:3:{s:7:\"content\";s:69:\"Şifrenizi sıfırlamak için lütfen aşağıdaki butona tıklayın.\";s:3:\"url\";s:73:\"https://pazar11.com/reset-password?token=68a329db423941-74402016-51561398\";s:10:\"buttonText\";s:15:\"Şifreyi yenile\";}',1,'email/main','2025-08-23 12:32:14'),(6,'reset_password','amexaliquzix40@gmail.com','Şifreyi yenile','a:3:{s:7:\"content\";s:69:\"Şifrenizi sıfırlamak için lütfen aşağıdaki butona tıklayın.\";s:3:\"url\";s:73:\"https://pazar11.com/reset-password?token=68a329db423941-74402016-51561398\";s:10:\"buttonText\";s:15:\"Şifreyi yenile\";}',1,'email/main','2025-08-23 12:32:31'),(7,'reset_password','efuhedoja636@gmail.com','Şifreyi yenile','a:3:{s:7:\"content\";s:69:\"Şifrenizi sıfırlamak için lütfen aşağıdaki butona tıklayın.\";s:3:\"url\";s:73:\"https://pazar11.com/reset-password?token=68a8bbae20ce69-70900643-94032057\";s:10:\"buttonText\";s:15:\"Şifreyi yenile\";}',1,'email/main','2025-08-26 08:06:50'),(8,'reset_password','efuhedoja636@gmail.com','Şifreyi yenile','a:3:{s:7:\"content\";s:69:\"Şifrenizi sıfırlamak için lütfen aşağıdaki butona tıklayın.\";s:3:\"url\";s:73:\"https://pazar11.com/reset-password?token=68a8bbae20ce69-70900643-94032057\";s:10:\"buttonText\";s:15:\"Şifreyi yenile\";}',1,'email/main','2025-08-26 08:06:57'),(9,'reset_password','baqoman731@gmail.com','Şifreyi yenile','a:3:{s:7:\"content\";s:69:\"Şifrenizi sıfırlamak için lütfen aşağıdaki butona tıklayın.\";s:3:\"url\";s:73:\"https://pazar11.com/reset-password?token=68a94c49a4a297-00452664-53433623\";s:10:\"buttonText\";s:15:\"Şifreyi yenile\";}',1,'email/main','2025-08-26 13:03:27'),(10,'reset_password','baqoman731@gmail.com','Şifreyi yenile','a:3:{s:7:\"content\";s:69:\"Şifrenizi sıfırlamak için lütfen aşağıdaki butona tıklayın.\";s:3:\"url\";s:73:\"https://pazar11.com/reset-password?token=68a94c49a4a297-00452664-53433623\";s:10:\"buttonText\";s:15:\"Şifreyi yenile\";}',1,'email/main','2025-08-26 13:03:36'),(11,'reset_password','ufaqebubiwe908@gmail.com','Şifreyi yenile','a:3:{s:7:\"content\";s:69:\"Şifrenizi sıfırlamak için lütfen aşağıdaki butona tıklayın.\";s:3:\"url\";s:73:\"https://pazar11.com/reset-password?token=68a06be3c55fe1-96746325-25937770\";s:10:\"buttonText\";s:15:\"Şifreyi yenile\";}',1,'email/main','2025-08-29 17:09:01'),(12,'reset_password','ufaqebubiwe908@gmail.com','Şifreyi yenile','a:3:{s:7:\"content\";s:69:\"Şifrenizi sıfırlamak için lütfen aşağıdaki butona tıklayın.\";s:3:\"url\";s:73:\"https://pazar11.com/reset-password?token=68a06be3c55fe1-96746325-25937770\";s:10:\"buttonText\";s:15:\"Şifreyi yenile\";}',1,'email/main','2025-08-29 17:09:12'),(13,'reset_password','etatazuler929@gmail.com','Şifreyi yenile','a:3:{s:7:\"content\";s:69:\"Şifrenizi sıfırlamak için lütfen aşağıdaki butona tıklayın.\";s:3:\"url\";s:73:\"https://pazar11.com/reset-password?token=68b543bf4b2fb4-61498791-64702212\";s:10:\"buttonText\";s:15:\"Şifreyi yenile\";}',1,'email/main','2025-09-01 11:18:58'),(14,'reset_password','etatazuler929@gmail.com','Şifreyi yenile','a:3:{s:7:\"content\";s:69:\"Şifrenizi sıfırlamak için lütfen aşağıdaki butona tıklayın.\";s:3:\"url\";s:73:\"https://pazar11.com/reset-password?token=68b543bf4b2fb4-61498791-64702212\";s:10:\"buttonText\";s:15:\"Şifreyi yenile\";}',1,'email/main','2025-09-01 11:19:12'),(15,'reset_password','akejuyow05@gmail.com','Şifreyi yenile','a:3:{s:7:\"content\";s:69:\"Şifrenizi sıfırlamak için lütfen aşağıdaki butona tıklayın.\";s:3:\"url\";s:73:\"https://pazar11.com/reset-password?token=68ad94c7198d70-31943939-56355507\";s:10:\"buttonText\";s:15:\"Şifreyi yenile\";}',1,'email/main','2025-09-03 09:47:13'),(16,'reset_password','akejuyow05@gmail.com','Şifreyi yenile','a:3:{s:7:\"content\";s:69:\"Şifrenizi sıfırlamak için lütfen aşağıdaki butona tıklayın.\";s:3:\"url\";s:73:\"https://pazar11.com/reset-password?token=68ad94c7198d70-31943939-56355507\";s:10:\"buttonText\";s:15:\"Şifreyi yenile\";}',1,'email/main','2025-09-03 09:47:23'),(17,'reset_password','akejuyow05@gmail.com','Şifreyi yenile','a:3:{s:7:\"content\";s:69:\"Şifrenizi sıfırlamak için lütfen aşağıdaki butona tıklayın.\";s:3:\"url\";s:73:\"https://pazar11.com/reset-password?token=68ad94c7198d70-31943939-56355507\";s:10:\"buttonText\";s:15:\"Şifreyi yenile\";}',1,'email/main','2025-09-03 15:34:41'),(18,'reset_password','akejuyow05@gmail.com','Şifreyi yenile','a:3:{s:7:\"content\";s:69:\"Şifrenizi sıfırlamak için lütfen aşağıdaki butona tıklayın.\";s:3:\"url\";s:73:\"https://pazar11.com/reset-password?token=68ad94c7198d70-31943939-56355507\";s:10:\"buttonText\";s:15:\"Şifreyi yenile\";}',1,'email/main','2025-09-03 15:34:53'),(19,'reset_password','efuhedoja636@gmail.com','Şifreyi yenile','a:3:{s:7:\"content\";s:69:\"Şifrenizi sıfırlamak için lütfen aşağıdaki butona tıklayın.\";s:3:\"url\";s:73:\"https://pazar11.com/reset-password?token=68a8bbae20ce69-70900643-94032057\";s:10:\"buttonText\";s:15:\"Şifreyi yenile\";}',1,'email/main','2025-09-04 04:37:12'),(20,'reset_password','efuhedoja636@gmail.com','Şifreyi yenile','a:3:{s:7:\"content\";s:69:\"Şifrenizi sıfırlamak için lütfen aşağıdaki butona tıklayın.\";s:3:\"url\";s:73:\"https://pazar11.com/reset-password?token=68a8bbae20ce69-70900643-94032057\";s:10:\"buttonText\";s:15:\"Şifreyi yenile\";}',1,'email/main','2025-09-04 04:37:22'),(21,'reset_password','ohakaxobi498@gmail.com','Şifreyi yenile','a:3:{s:7:\"content\";s:69:\"Şifrenizi sıfırlamak için lütfen aşağıdaki butona tıklayın.\";s:3:\"url\";s:73:\"https://pazar11.com/reset-password?token=68a50935129d63-01154200-17033104\";s:10:\"buttonText\";s:15:\"Şifreyi yenile\";}',1,'email/main','2025-09-05 16:41:36'),(22,'reset_password','ohakaxobi498@gmail.com','Şifreyi yenile','a:3:{s:7:\"content\";s:69:\"Şifrenizi sıfırlamak için lütfen aşağıdaki butona tıklayın.\";s:3:\"url\";s:73:\"https://pazar11.com/reset-password?token=68a50935129d63-01154200-17033104\";s:10:\"buttonText\";s:15:\"Şifreyi yenile\";}',1,'email/main','2025-09-05 16:41:58'),(23,'reset_password','ihumuzucar85@gmail.com','Şifreyi yenile','a:3:{s:7:\"content\";s:69:\"Şifrenizi sıfırlamak için lütfen aşağıdaki butona tıklayın.\";s:3:\"url\";s:73:\"https://pazar11.com/reset-password?token=68b3a33ccfdd85-99799864-95483087\";s:10:\"buttonText\";s:15:\"Şifreyi yenile\";}',1,'email/main','2025-09-08 03:15:38'),(24,'reset_password','ihumuzucar85@gmail.com','Şifreyi yenile','a:3:{s:7:\"content\";s:69:\"Şifrenizi sıfırlamak için lütfen aşağıdaki butona tıklayın.\";s:3:\"url\";s:73:\"https://pazar11.com/reset-password?token=68b3a33ccfdd85-99799864-95483087\";s:10:\"buttonText\";s:15:\"Şifreyi yenile\";}',1,'email/main','2025-09-08 03:15:42'),(25,'reset_password','efuhedoja636@gmail.com','Şifreyi yenile','a:3:{s:7:\"content\";s:69:\"Şifrenizi sıfırlamak için lütfen aşağıdaki butona tıklayın.\";s:3:\"url\";s:73:\"https://pazar11.com/reset-password?token=68a8bbae20ce69-70900643-94032057\";s:10:\"buttonText\";s:15:\"Şifreyi yenile\";}',1,'email/main','2025-09-08 03:46:46'),(26,'reset_password','efuhedoja636@gmail.com','Şifreyi yenile','a:3:{s:7:\"content\";s:69:\"Şifrenizi sıfırlamak için lütfen aşağıdaki butona tıklayın.\";s:3:\"url\";s:73:\"https://pazar11.com/reset-password?token=68a8bbae20ce69-70900643-94032057\";s:10:\"buttonText\";s:15:\"Şifreyi yenile\";}',1,'email/main','2025-09-08 03:47:00'),(27,'reset_password','bevicimigib336@gmail.com','Şifreyi yenile','a:3:{s:7:\"content\";s:69:\"Şifrenizi sıfırlamak için lütfen aşağıdaki butona tıklayın.\";s:3:\"url\";s:73:\"https://pazar11.com/reset-password?token=689ff566d8eac8-20593605-46017045\";s:10:\"buttonText\";s:15:\"Şifreyi yenile\";}',1,'email/main','2025-09-09 13:42:36'),(28,'reset_password','bevicimigib336@gmail.com','Şifreyi yenile','a:3:{s:7:\"content\";s:69:\"Şifrenizi sıfırlamak için lütfen aşağıdaki butona tıklayın.\";s:3:\"url\";s:73:\"https://pazar11.com/reset-password?token=689ff566d8eac8-20593605-46017045\";s:10:\"buttonText\";s:15:\"Şifreyi yenile\";}',1,'email/main','2025-09-09 13:42:55'),(29,'reset_password','amexaliquzix40@gmail.com','Şifreyi yenile','a:3:{s:7:\"content\";s:69:\"Şifrenizi sıfırlamak için lütfen aşağıdaki butona tıklayın.\";s:3:\"url\";s:73:\"https://pazar11.com/reset-password?token=68a329db423941-74402016-51561398\";s:10:\"buttonText\";s:15:\"Şifreyi yenile\";}',1,'email/main','2025-09-13 23:41:40'),(30,'reset_password','amexaliquzix40@gmail.com','Şifreyi yenile','a:3:{s:7:\"content\";s:69:\"Şifrenizi sıfırlamak için lütfen aşağıdaki butona tıklayın.\";s:3:\"url\";s:73:\"https://pazar11.com/reset-password?token=68a329db423941-74402016-51561398\";s:10:\"buttonText\";s:15:\"Şifreyi yenile\";}',1,'email/main','2025-09-13 23:41:58'),(31,'reset_password','akejuyow05@gmail.com','Şifreyi yenile','a:3:{s:7:\"content\";s:69:\"Şifrenizi sıfırlamak için lütfen aşağıdaki butona tıklayın.\";s:3:\"url\";s:73:\"https://pazar11.com/reset-password?token=68ad94c7198d70-31943939-56355507\";s:10:\"buttonText\";s:15:\"Şifreyi yenile\";}',1,'email/main','2025-09-14 01:44:41'),(32,'reset_password','akejuyow05@gmail.com','Şifreyi yenile','a:3:{s:7:\"content\";s:69:\"Şifrenizi sıfırlamak için lütfen aşağıdaki butona tıklayın.\";s:3:\"url\";s:73:\"https://pazar11.com/reset-password?token=68ad94c7198d70-31943939-56355507\";s:10:\"buttonText\";s:15:\"Şifreyi yenile\";}',1,'email/main','2025-09-14 01:44:51');

--
-- Table structure for table `followers`
--

CREATE TABLE `followers` (
  `id` int NOT NULL AUTO_INCREMENT,
  `following_id` int DEFAULT NULL,
  `follower_id` int DEFAULT NULL,
  PRIMARY KEY (`id`),
  KEY `idx_following_id` (`following_id`),
  KEY `idx_follower_id` (`follower_id`)
) ENGINE=InnoDB DEFAULT CHARSET=utf8mb4 COLLATE=utf8mb4_general_ci;

--
-- Dumping data for table `followers`
--


--
-- Table structure for table `fonts`
--

CREATE TABLE `fonts` (
  `id` int NOT NULL AUTO_INCREMENT,
  `font_name` varchar(255) COLLATE utf8mb4_general_ci DEFAULT NULL,
  `font_key` varchar(255) COLLATE utf8mb4_general_ci DEFAULT NULL,
  `font_url` varchar(2000) COLLATE utf8mb4_general_ci DEFAULT NULL,
  `font_family` varchar(500) COLLATE utf8mb4_general_ci DEFAULT NULL,
  `font_source` varchar(50) COLLATE utf8mb4_general_ci DEFAULT 'google',
  `has_local_file` tinyint(1) DEFAULT '0',
  `is_default` tinyint(1) DEFAULT '0',
  PRIMARY KEY (`id`)
) ENGINE=InnoDB AUTO_INCREMENT=37 DEFAULT CHARSET=utf8mb4 COLLATE=utf8mb4_general_ci;

--
-- Dumping data for table `fonts`
--

INSERT INTO `fonts` VALUES (1,'Arial','arial',NULL,'font-family: Arial, Helvetica, sans-serif','local',0,1),(2,'Arvo','arvo','<link href=\"https://fonts.googleapis.com/css?family=Arvo:400,700&display=swap\" rel=\"stylesheet\">\r\n','font-family: \"Arvo\", Helvetica, sans-serif','google',0,0),(3,'Averia Libre','averia-libre','<link href=\"https://fonts.googleapis.com/css?family=Averia+Libre:300,400,700&display=swap\" rel=\"stylesheet\">\r\n','font-family: \"Averia Libre\", Helvetica, sans-serif','google',0,0),(4,'Bitter','bitter','<link href=\"https://fonts.googleapis.com/css?family=Bitter:400,400i,700&display=swap&subset=latin-ext\" rel=\"stylesheet\">\r\n','font-family: \"Bitter\", Helvetica, sans-serif','google',0,0),(5,'Cabin','cabin','<link href=\"https://fonts.googleapis.com/css?family=Cabin:400,500,600,700&display=swap&subset=latin-ext,vietnamese\" rel=\"stylesheet\">\r\n','font-family: \"Cabin\", Helvetica, sans-serif','google',0,0),(6,'Cherry Swash','cherry-swash','<link href=\"https://fonts.googleapis.com/css?family=Cherry+Swash:400,700&display=swap&subset=latin-ext\" rel=\"stylesheet\">\r\n','font-family: \"Cherry Swash\", Helvetica, sans-serif','google',0,0),(7,'Encode Sans','encode-sans','<link href=\"https://fonts.googleapis.com/css?family=Encode+Sans:300,400,500,600,700&display=swap&subset=latin-ext,vietnamese\" rel=\"stylesheet\">\r\n','font-family: \"Encode Sans\", Helvetica, sans-serif','google',0,0),(8,'Helvetica','helvetica',NULL,'font-family: Helvetica, sans-serif','local',0,1),(9,'Hind','hind','<link href=\"https://fonts.googleapis.com/css?family=Hind:300,400,500,600,700&display=swap&subset=devanagari,latin-ext\" rel=\"stylesheet\">','font-family: \"Hind\", Helvetica, sans-serif','google',0,0),(10,'Josefin Sans','josefin-sans','<link href=\"https://fonts.googleapis.com/css?family=Josefin+Sans:300,400,600,700&display=swap&subset=latin-ext,vietnamese\" rel=\"stylesheet\">\r\n','font-family: \"Josefin Sans\", Helvetica, sans-serif','google',0,0),(11,'Kalam','kalam','<link href=\"https://fonts.googleapis.com/css?family=Kalam:300,400,700&display=swap&subset=devanagari,latin-ext\" rel=\"stylesheet\">\r\n','font-family: \"Kalam\", Helvetica, sans-serif','google',0,0),(12,'Khula','khula','<link href=\"https://fonts.googleapis.com/css?family=Khula:300,400,600,700&display=swap&subset=devanagari,latin-ext\" rel=\"stylesheet\">\r\n','font-family: \"Khula\", Helvetica, sans-serif','google',0,0),(13,'Lato','lato','<link href=\"https://fonts.googleapis.com/css?family=Lato:300,400,700&display=swap&subset=latin-ext\" rel=\"stylesheet\">','font-family: \"Lato\", Helvetica, sans-serif','google',0,0),(14,'Lora','lora','<link href=\"https://fonts.googleapis.com/css?family=Lora:400,700&display=swap&subset=cyrillic,cyrillic-ext,latin-ext,vietnamese\" rel=\"stylesheet\">\r\n','font-family: \"Lora\", Helvetica, sans-serif','google',0,0),(15,'Merriweather','merriweather','<link href=\"https://fonts.googleapis.com/css?family=Merriweather:300,400,700&display=swap&subset=cyrillic,cyrillic-ext,latin-ext,vietnamese\" rel=\"stylesheet\">\r\n','font-family: \"Merriweather\", Helvetica, sans-serif','google',0,0),(16,'Montserrat','montserrat','<link href=\"https://fonts.googleapis.com/css?family=Montserrat:300,400,500,600,700&display=swap&subset=cyrillic,cyrillic-ext,latin-ext,vietnamese\" rel=\"stylesheet\">\r\n','font-family: \"Montserrat\", Helvetica, sans-serif','google',0,0),(17,'Mukta','mukta','<link href=\"https://fonts.googleapis.com/css?family=Mukta:300,400,500,600,700&display=swap&subset=devanagari,latin-ext\" rel=\"stylesheet\">\r\n','font-family: \"Mukta\", Helvetica, sans-serif','google',0,0),(18,'Nunito','nunito','<link href=\"https://fonts.googleapis.com/css?family=Nunito:300,400,600,700&display=swap&subset=cyrillic,cyrillic-ext,latin-ext,vietnamese\" rel=\"stylesheet\">\r\n','font-family: \"Nunito\", Helvetica, sans-serif','google',0,0),(19,'Open Sans','open-sans','<link href=\"https://fonts.googleapis.com/css?family=Open+Sans:300,400,600,700&display=swap\" rel=\"stylesheet\">','font-family: \"Open Sans\", Helvetica, sans-serif','local',1,0),(20,'Oswald','oswald','<link href=\"https://fonts.googleapis.com/css?family=Oswald:300,400,500,600,700&display=swap&subset=cyrillic,cyrillic-ext,latin-ext,vietnamese\" rel=\"stylesheet\">','font-family: \"Oswald\", Helvetica, sans-serif','google',0,0),(21,'Oxygen','oxygen','<link href=\"https://fonts.googleapis.com/css?family=Oxygen:300,400,700&display=swap&subset=latin-ext\" rel=\"stylesheet\">\r\n','font-family: \"Oxygen\", Helvetica, sans-serif','google',0,0),(22,'Poppins','poppins','<link href=\"https://fonts.googleapis.com/css?family=Poppins:300,400,500,600,700&display=swap&subset=devanagari,latin-ext\" rel=\"stylesheet\">\r\n','font-family: \"Poppins\", Helvetica, sans-serif','local',1,0),(23,'PT Sans','pt-sans','<link href=\"https://fonts.googleapis.com/css?family=PT+Sans:400,700&display=swap&subset=cyrillic,cyrillic-ext,latin-ext\" rel=\"stylesheet\">\r\n','font-family: \"PT Sans\", Helvetica, sans-serif','google',0,0),(24,'Raleway','raleway','<link href=\"https://fonts.googleapis.com/css?family=Raleway:300,400,500,600,700&display=swap&subset=latin-ext\" rel=\"stylesheet\">\r\n','font-family: \"Raleway\", Helvetica, sans-serif','google',0,0),(25,'Roboto','roboto','<link href=\"https://fonts.googleapis.com/css?family=Roboto:300,400,500,700&display=swap&subset=cyrillic,cyrillic-ext,greek,greek-ext,latin-ext,vietnamese\" rel=\"stylesheet\">','font-family: \"Roboto\", Helvetica, sans-serif','google',0,0),(26,'Roboto Condensed','roboto-condensed','<link href=\"https://fonts.googleapis.com/css?family=Roboto+Condensed:300,400,700&display=swap&subset=cyrillic,cyrillic-ext,greek,greek-ext,latin-ext,vietnamese\" rel=\"stylesheet\">\r\n','font-family: \"Roboto Condensed\", Helvetica, sans-serif','google',0,0),(27,'Roboto Slab','roboto-slab','<link href=\"https://fonts.googleapis.com/css?family=Roboto+Slab:300,400,500,600,700&display=swap&subset=cyrillic,cyrillic-ext,greek,greek-ext,latin-ext,vietnamese\" rel=\"stylesheet\">\r\n','font-family: \"Roboto Slab\", Helvetica, sans-serif','google',0,0),(28,'Rokkitt','rokkitt','<link href=\"https://fonts.googleapis.com/css?family=Rokkitt:300,400,500,600,700&display=swap&subset=latin-ext,vietnamese\" rel=\"stylesheet\">\r\n','font-family: \"Rokkitt\", Helvetica, sans-serif','google',0,0),(29,'Source Sans Pro','source-sans-pro','<link href=\"https://fonts.googleapis.com/css?family=Source+Sans+Pro:300,400,600,700&display=swap&subset=cyrillic,cyrillic-ext,greek,greek-ext,latin-ext,vietnamese\" rel=\"stylesheet\">','font-family: \"Source Sans Pro\", Helvetica, sans-serif','google',0,0),(30,'Titillium Web','titillium-web','<link href=\"https://fonts.googleapis.com/css?family=Titillium+Web:300,400,600,700&display=swap&subset=latin-ext\" rel=\"stylesheet\">','font-family: \"Titillium Web\", Helvetica, sans-serif','google',0,0),(31,'Ubuntu','ubuntu','<link href=\"https://fonts.googleapis.com/css?family=Ubuntu:300,400,500,700&display=swap&subset=cyrillic,cyrillic-ext,greek,greek-ext,latin-ext\" rel=\"stylesheet\">','font-family: \"Ubuntu\", Helvetica, sans-serif','google',0,0),(32,'Verdana','verdana',NULL,'font-family: Verdana, Helvetica, sans-serif','local',0,1),(33,'Work Sans','work-sans','<link href=\"https://fonts.googleapis.com/css?family=Work+Sans:300,400,500,600&display=swap&subset=latin-ext,vietnamese\" rel=\"stylesheet\"> ','font-family: \"Work Sans\", Helvetica, sans-serif','google',0,0),(34,'Libre Baskerville','libre-baskerville','<link href=\"https://fonts.googleapis.com/css?family=Libre+Baskerville:400,400i&display=swap&subset=latin-ext\" rel=\"stylesheet\"> ','font-family: \"Libre Baskerville\", Helvetica, sans-serif','google',0,0),(35,'Signika','signika','<link href=\"https://fonts.googleapis.com/css2?family=Signika:wght@300;400;600;700&display=swap\" rel=\"stylesheet\">','font-family: \'Signika\', sans-serif;','google',0,0),(36,'Tajawal','tajawal','<link href=\"https://fonts.googleapis.com/css2?family=Tajawal:wght@400;500;700&display=swap\" rel=\"stylesheet\">','font-family: \'Tajawal\', sans-serif;','google',0,0);

--
-- Table structure for table `general_settings`
--

CREATE TABLE `general_settings` (
  `id` int NOT NULL AUTO_INCREMENT,
  `physical_products_system` tinyint(1) DEFAULT '1',
  `digital_products_system` tinyint(1) DEFAULT '1',
  `marketplace_system` tinyint(1) DEFAULT '1',
  `classified_ads_system` tinyint(1) DEFAULT '1',
  `bidding_system` tinyint(1) DEFAULT '1',
  `selling_license_keys_system` tinyint(1) DEFAULT '1',
  `multi_vendor_system` tinyint(1) DEFAULT '1',
  `membership_plans_system` tinyint(1) DEFAULT '0',
  `site_lang` tinyint DEFAULT '1',
  `timezone` varchar(100) COLLATE utf8mb4_general_ci DEFAULT 'America/New_York',
  `application_name` varchar(255) COLLATE utf8mb4_general_ci DEFAULT NULL,
  `selected_navigation` tinyint DEFAULT '1',
  `fea_categories_design` varchar(30) COLLATE utf8mb4_general_ci DEFAULT 'round_boxes',
  `menu_limit` tinyint DEFAULT '8',
  `recaptcha_site_key` varchar(500) COLLATE utf8mb4_general_ci DEFAULT NULL,
  `recaptcha_secret_key` varchar(500) COLLATE utf8mb4_general_ci DEFAULT NULL,
  `recaptcha_lang` varchar(30) COLLATE utf8mb4_general_ci DEFAULT NULL,
  `custom_header_codes` mediumtext COLLATE utf8mb4_general_ci,
  `custom_footer_codes` mediumtext COLLATE utf8mb4_general_ci,
  `mail_service` varchar(100) COLLATE utf8mb4_general_ci DEFAULT 'swift',
  `mail_protocol` varchar(20) COLLATE utf8mb4_general_ci DEFAULT 'smtp',
  `mail_encryption` varchar(100) COLLATE utf8mb4_general_ci DEFAULT 'tls',
  `mail_host` varchar(255) COLLATE utf8mb4_general_ci DEFAULT NULL,
  `mail_port` varchar(20) COLLATE utf8mb4_general_ci DEFAULT NULL,
  `mail_username` varchar(255) COLLATE utf8mb4_general_ci DEFAULT NULL,
  `mail_password` varchar(255) COLLATE utf8mb4_general_ci DEFAULT NULL,
  `mail_title` varchar(255) COLLATE utf8mb4_general_ci DEFAULT NULL,
  `mail_reply_to` varchar(255) COLLATE utf8mb4_general_ci DEFAULT 'noreply@domain.com ',
  `mailjet_api_key` varchar(255) COLLATE utf8mb4_general_ci DEFAULT NULL,
  `mailjet_secret_key` varchar(255) COLLATE utf8mb4_general_ci DEFAULT NULL,
  `mailjet_email_address` varchar(255) COLLATE utf8mb4_general_ci DEFAULT NULL,
  `email_verification` tinyint(1) DEFAULT '0',
  `facebook_app_id` varchar(500) COLLATE utf8mb4_general_ci DEFAULT NULL,
  `facebook_app_secret` varchar(500) COLLATE utf8mb4_general_ci DEFAULT NULL,
  `google_client_id` varchar(500) COLLATE utf8mb4_general_ci DEFAULT NULL,
  `google_client_secret` varchar(500) COLLATE utf8mb4_general_ci DEFAULT NULL,
  `vk_app_id` varchar(500) COLLATE utf8mb4_general_ci DEFAULT NULL,
  `vk_secure_key` varchar(500) COLLATE utf8mb4_general_ci DEFAULT NULL,
  `google_analytics` text COLLATE utf8mb4_general_ci,
  `promoted_products` tinyint(1) DEFAULT '1',
  `multilingual_system` tinyint(1) DEFAULT '1',
  `product_comments` tinyint(1) DEFAULT '1',
  `comment_approval_system` tinyint(1) DEFAULT '0',
  `reviews` tinyint(1) DEFAULT '1',
  `blog_comments` tinyint(1) DEFAULT '1',
  `slider_status` tinyint DEFAULT '1',
  `slider_type` varchar(30) COLLATE utf8mb4_general_ci DEFAULT 'full_width',
  `slider_effect` varchar(30) COLLATE utf8mb4_general_ci DEFAULT 'fade',
  `featured_categories` tinyint(1) DEFAULT '1',
  `index_promoted_products` tinyint(1) DEFAULT '1',
  `index_promoted_products_count` tinyint(1) DEFAULT '8',
  `index_latest_products` tinyint(1) DEFAULT '1',
  `index_latest_products_count` tinyint(1) DEFAULT '4',
  `index_blog_slider` tinyint(1) DEFAULT '1',
  `product_link_structure` varchar(20) COLLATE utf8mb4_general_ci DEFAULT 'slug-id',
  `site_color` varchar(100) COLLATE utf8mb4_general_ci DEFAULT 'default',
  `logo` varchar(255) COLLATE utf8mb4_general_ci DEFAULT NULL,
  `logo_email` varchar(255) COLLATE utf8mb4_general_ci DEFAULT NULL,
  `favicon` varchar(255) COLLATE utf8mb4_general_ci DEFAULT NULL,
  `watermark_text` varchar(255) COLLATE utf8mb4_general_ci DEFAULT 'Modesy',
  `watermark_font_size` smallint DEFAULT '42',
  `watermark_vrt_alignment` varchar(20) COLLATE utf8mb4_general_ci DEFAULT 'center',
  `watermark_hor_alignment` varchar(20) COLLATE utf8mb4_general_ci DEFAULT 'center',
  `watermark_product_images` tinyint(1) DEFAULT '0',
  `watermark_blog_images` tinyint(1) DEFAULT '0',
  `watermark_thumbnail_images` tinyint(1) DEFAULT '0',
  `facebook_comment` text COLLATE utf8mb4_general_ci,
  `facebook_comment_status` tinyint(1) DEFAULT '0',
  `cache_system` tinyint(1) DEFAULT NULL,
  `cache_static_system` tinyint(1) DEFAULT '1',
  `refresh_cache_database_changes` tinyint(1) DEFAULT '0',
  `cache_refresh_time` int DEFAULT '1800',
  `rss_system` tinyint(1) DEFAULT '1',
  `approve_before_publishing` tinyint(1) DEFAULT '1',
  `approve_after_editing` tinyint(1) DEFAULT '0',
  `vendor_verification_system` tinyint(1) DEFAULT '1',
  `email_options` text COLLATE utf8mb4_general_ci,
  `mail_options_account` varchar(100) COLLATE utf8mb4_general_ci DEFAULT NULL,
  `show_vendor_contact_information` tinyint(1) DEFAULT '1',
  `guest_checkout` tinyint(1) DEFAULT '0',
  `maintenance_mode_title` varchar(500) COLLATE utf8mb4_general_ci DEFAULT NULL,
  `maintenance_mode_description` varchar(2000) COLLATE utf8mb4_general_ci DEFAULT NULL,
  `maintenance_mode_status` tinyint(1) DEFAULT '0',
  `google_adsense_code` varchar(2000) COLLATE utf8mb4_general_ci DEFAULT NULL,
  `sort_categories` varchar(30) COLLATE utf8mb4_general_ci DEFAULT 'category_order',
  `sort_parent_categories_by_order` tinyint(1) DEFAULT '1',
  `pwa_status` tinyint(1) DEFAULT '0',
  `pwa_logo` text COLLATE utf8mb4_general_ci,
  `location_search_header` tinyint(1) DEFAULT '1',
  `vendor_bulk_product_upload` tinyint(1) DEFAULT '1',
  `vendors_change_shop_name` tinyint(1) DEFAULT '1',
  `show_sold_products` tinyint(1) DEFAULT '1',
  `newsletter_status` tinyint(1) DEFAULT '1',
  `newsletter_popup` tinyint(1) DEFAULT '1',
  `newsletter_image` varchar(255) COLLATE utf8mb4_general_ci DEFAULT NULL,
  `show_customer_email_seller` tinyint(1) DEFAULT '1',
  `show_customer_phone_seller` tinyint(1) DEFAULT '1',
  `request_documents_vendors` tinyint(1) DEFAULT '0',
  `explanation_documents_vendors` varchar(500) COLLATE utf8mb4_general_ci DEFAULT NULL,
  `allow_free_plan_multiple_times` tinyint(1) DEFAULT '0',
  `single_country_mode` tinyint(1) DEFAULT '0',
  `single_country_id` int DEFAULT NULL,
  `refund_system` tinyint(1) DEFAULT '1',
  `affiliate_status` tinyint(1) DEFAULT '0',
  `affiliate_type` varchar(30) COLLATE utf8mb4_general_ci DEFAULT 'site_based',
  `affiliate_image` varchar(255) COLLATE utf8mb4_general_ci DEFAULT NULL,
  `affiliate_commission_rate` double DEFAULT '0',
  `affiliate_discount_rate` double DEFAULT '0',
  `auto_approve_orders` tinyint(1) DEFAULT '0',
  `auto_approve_orders_days` smallint DEFAULT '10',
  `logo_size` varchar(30) COLLATE utf8mb4_general_ci DEFAULT '160x60',
  `profile_number_of_sales` tinyint(1) DEFAULT '1',
  `last_cron_update` timestamp NULL DEFAULT NULL,
  `version` varchar(30) COLLATE utf8mb4_general_ci DEFAULT '2.5',
  PRIMARY KEY (`id`)
) ENGINE=InnoDB AUTO_INCREMENT=2 DEFAULT CHARSET=utf8mb4 COLLATE=utf8mb4_general_ci;

--
-- Dumping data for table `general_settings`
--

INSERT INTO `general_settings` VALUES (1,1,1,1,1,1,1,1,0,3,'Europe/Istanbul','Pazar11',1,'grid_layout',8,NULL,NULL,'en','','','swift','smtp','tls',NULL,'587',NULL,NULL,'Modesy','noreply@domain.com',NULL,NULL,NULL,0,NULL,NULL,NULL,NULL,NULL,NULL,NULL,1,1,1,1,1,1,1,'full_width','fade',1,1,10,1,10,1,'slug-id','#222222','uploads/logo/logo_687cac40042d61-50558951.png','uploads/logo/logo_687cac40045741-91315707.png',NULL,'Modesy',42,'center','center',0,0,0,'',0,0,1,0,1800,1,1,0,1,NULL,NULL,1,1,'Coming Soon','Our website is under construction. We\'ll be here soon with our new awesome site.',0,'','category_order',1,0,NULL,1,1,1,1,1,0,NULL,1,1,0,NULL,0,0,NULL,1,0,'site_based',NULL,0,0,0,10,'160x60',1,'2025-10-17 03:30:56','2.5');

--
-- Table structure for table `homepage_banners`
--

CREATE TABLE `homepage_banners` (
  `id` int NOT NULL AUTO_INCREMENT,
  `banner_url` varchar(1000) COLLATE utf8mb4_general_ci DEFAULT NULL,
  `banner_image_path` varchar(255) COLLATE utf8mb4_general_ci DEFAULT NULL,
  `banner_order` int NOT NULL DEFAULT '1',
  `banner_width` double DEFAULT NULL,
  `banner_location` varchar(100) COLLATE utf8mb4_general_ci DEFAULT 'featured_products',
  `lang_id` int DEFAULT '1',
  PRIMARY KEY (`id`)
) ENGINE=InnoDB DEFAULT CHARSET=utf8mb4 COLLATE=utf8mb4_general_ci;

--
-- Dumping data for table `homepage_banners`
--


--
-- Table structure for table `images`
--

CREATE TABLE `images` (
  `id` int NOT NULL AUTO_INCREMENT,
  `product_id` int DEFAULT NULL,
  `image_default` varchar(255) COLLATE utf8mb4_general_ci DEFAULT NULL,
  `image_big` varchar(255) COLLATE utf8mb4_general_ci DEFAULT NULL,
  `image_small` varchar(255) COLLATE utf8mb4_general_ci DEFAULT NULL,
  `is_main` tinyint(1) DEFAULT '0',
  `storage` varchar(20) COLLATE utf8mb4_general_ci DEFAULT 'local',
  PRIMARY KEY (`id`),
  KEY `idx_product_id` (`product_id`),
  KEY `idx_is_main` (`is_main`)
) ENGINE=InnoDB AUTO_INCREMENT=36 DEFAULT CHARSET=utf8mb4 COLLATE=utf8mb4_general_ci;

--
-- Dumping data for table `images`
--

INSERT INTO `images` VALUES (1,1,'202507/img_687b79dccc8632-69092828.jpg','202507/img_lg_687b79dce970c8-90627463.jpg','202507/img_sm_687b79dcb25502-22068868.jpg',0,'local'),(2,2,'202507/img_687f4cfc11c2d4-22441920.jpg','202507/img_lg_687f4cfc24c2d4-24673531.jpeg','202507/img_sm_687f4cfbee7220-72513525.jpg',0,'local'),(3,3,'202507/img_687f5204c7ebb6-90057952.jpg','202507/img_lg_687f5204d903d6-11076734.jpg','202507/img_sm_687f5204b30740-50594608.jpg',0,'local'),(4,4,'202507/img_6880019784eb40-92296623.jpg','202507/img_lg_68800197a2efd0-03218798.jpg','202507/img_sm_688001972b8d94-72735140.jpg',0,'local'),(5,5,'202507/img_688001d871ff53-40321809.jpg','202507/img_lg_688001d8893982-84121495.webp','202507/img_sm_688001d8623f39-51811218.jpg',0,'local'),(6,5,'202507/img_688001d737c283-33493833.jpg','202507/img_lg_688001d74ee658-99775443.webp','202507/img_sm_688001d7292870-48691540.jpg',0,'local'),(7,5,'202507/img_688001d6051214-41989388.jpg','202507/img_lg_688001d627d7f1-25611503.webp','202507/img_sm_688001d5e1bb48-93227575.jpg',0,'local'),(8,5,'202507/img_688001d4abd5e6-62869940.jpg','202507/img_lg_688001d4c9f328-90248771.webp','202507/img_sm_688001d49a06b0-81341916.jpg',0,'local'),(9,5,'202507/img_688001cfb5cee7-25387503.jpg','202507/img_lg_688001cfcefa12-93829187.webp','202507/img_sm_688001cfa391c7-10726182.jpg',0,'local'),(10,6,'202507/img_688003b3049586-92488499.jpg','202507/img_lg_688003b31fbf57-85775186.webp','202507/img_sm_688003b2e53b16-84284920.jpg',0,'local'),(11,6,'202507/img_688003b1cf5f69-81446695.jpg','202507/img_lg_688003b1e6d136-47289329.webp','202507/img_sm_688003b1c0e622-90563384.jpg',0,'local'),(12,6,'202507/img_688003b0aa0798-20238518.jpg','202507/img_lg_688003b0c2f360-88859256.webp','202507/img_sm_688003b09b0e90-90926538.jpg',0,'local'),(13,6,'202507/img_688003af82ea60-96901733.jpg','202507/img_lg_688003af940882-58600864.webp','202507/img_sm_688003af7677d7-71778963.jpg',0,'local'),(14,6,'202507/img_688003ae55a245-07092291.jpg','202507/img_lg_688003ae6f6843-52967203.webp','202507/img_sm_688003ae44a9a1-16308257.jpg',0,'local'),(15,6,'202507/img_688003a1be5b84-29906272.jpg','202507/img_lg_688003a1eb8279-73931386.jpg','202507/img_sm_688003a18f62f6-39536310.jpg',0,'local'),(16,7,'202507/img_688006e6c43486-63485233.jpg','202507/img_lg_688006e6dc1251-13571831.webp','202507/img_sm_688006e6b633d6-69741999.jpg',0,'local'),(17,7,'202507/img_688006e52cdd21-15636484.jpg','202507/img_lg_688006e55131c1-57138843.webp','202507/img_sm_688006e51c1ee0-46654461.jpg',0,'local'),(18,7,'202507/img_688006e1bfcd30-41242376.jpg','202507/img_lg_688006e1df97a6-02602047.webp','202507/img_sm_688006e1ae1803-93736046.jpg',0,'local'),(19,7,'202507/img_688006df45b011-93233738.jpg','202507/img_lg_688006df5d74f3-01054183.webp','202507/img_sm_688006df260d74-34999866.jpg',0,'local'),(20,7,'202507/img_688006dca89217-46102433.jpg','202507/img_lg_688006dcc11c91-06457591.webp','202507/img_sm_688006dc837672-26814505.jpg',0,'local'),(21,8,'202507/img_68809e9d72db69-71414071.jpg','202507/img_lg_68809e9d826be2-55860921.jpg','202507/img_sm_68809e9d6b56c3-05830392.jpg',0,'local'),(22,8,'202507/img_68809e973f04c4-01705001.jpg','202507/img_lg_68809e97585c40-71060355.jpg','202507/img_sm_68809e97343ce8-35928817.jpg',0,'local'),(23,8,'202507/img_68809e912fe762-34228290.jpg','202507/img_lg_68809e9143a7e9-72169557.jpg','202507/img_sm_68809e91278790-42242149.jpg',0,'local'),(24,8,'202507/img_68809e78d559d4-04494499.jpg','202507/img_lg_68809e78e5ccb5-11485480.webp','202507/img_sm_68809e78cb9e67-25104438.jpg',0,'local'),(25,8,'202507/img_68809e77f1cbc3-84766022.jpg','202507/img_lg_68809e78150c39-20969322.webp','202507/img_sm_68809e77e7ef42-86029770.jpg',0,'local'),(26,9,'202507/img_6880a0190dd777-46291763.jpg','202507/img_lg_6880a0192283c5-04051305.webp','202507/img_sm_6880a018f15d31-31359863.jpg',0,'local'),(27,9,'202507/img_6880a017ccfd85-49375649.jpg','202507/img_lg_6880a017e7be83-12526198.webp','202507/img_sm_6880a017bd9d48-94017026.jpg',0,'local'),(28,9,'202507/img_6880a016d26602-19911861.jpg','202507/img_lg_6880a016e872d6-33337830.webp','202507/img_sm_6880a016c1e113-17319441.jpg',0,'local'),(29,9,'202507/img_6880a015af5be3-80787591.jpg','202507/img_lg_6880a015c7ede9-28441361.webp','202507/img_sm_6880a0159df5e5-00416186.jpg',0,'local'),(30,10,'202507/img_6880a18133f9c3-77402910.jpg','202507/img_lg_6880a1815136a1-17204292.webp','202507/img_sm_6880a1812219b4-77038562.jpg',0,'local'),(31,10,'202507/img_6880a17e2a2645-62057644.jpg','202507/img_lg_6880a17e3a8779-95682341.webp','202507/img_sm_6880a17e1e0f62-28386285.jpg',0,'local'),(32,10,'202507/img_6880a17d577486-36604011.jpg','202507/img_lg_6880a17d69ae33-02944813.webp','202507/img_sm_6880a17d4c9d88-99841683.jpg',0,'local'),(33,10,'202507/img_6880a17c8442b7-27119088.jpg','202507/img_lg_6880a17c95d581-49325680.webp','202507/img_sm_6880a17c78c546-90622910.jpg',0,'local'),(34,10,'202507/img_6880a17b800798-25855333.jpg','202507/img_lg_6880a17b93a136-50459947.webp','202507/img_sm_6880a17b74b4a3-78640721.jpg',0,'local'),(35,10,'202507/img_6880a174202449-22871781.jpg','202507/img_lg_6880a1743bc103-39561077.webp','202507/img_sm_6880a1740ea3b5-20927068.jpg',0,'local');

--
-- Table structure for table `images_file_manager`
--

CREATE TABLE `images_file_manager` (
  `id` int NOT NULL AUTO_INCREMENT,
  `image_path` varchar(255) COLLATE utf8mb4_general_ci DEFAULT NULL,
  `storage` varchar(20) COLLATE utf8mb4_general_ci DEFAULT 'local',
  `user_id` int DEFAULT NULL,
  PRIMARY KEY (`id`),
  KEY `idx_user_id` (`user_id`)
) ENGINE=InnoDB AUTO_INCREMENT=2 DEFAULT CHARSET=utf8mb4 COLLATE=utf8mb4_general_ci;

--
-- Dumping data for table `images_file_manager`
--

INSERT INTO `images_file_manager` VALUES (1,'202507/687b78828fd799-23051365.jpg','local',1);

--
-- Table structure for table `images_variation`
--

CREATE TABLE `images_variation` (
  `id` int NOT NULL AUTO_INCREMENT,
  `product_id` int DEFAULT NULL,
  `variation_option_id` int DEFAULT '0',
  `image_default` varchar(255) COLLATE utf8mb4_general_ci DEFAULT NULL,
  `image_big` varchar(255) COLLATE utf8mb4_general_ci DEFAULT NULL,
  `image_small` varchar(255) COLLATE utf8mb4_general_ci DEFAULT NULL,
  `is_main` tinyint(1) DEFAULT '0',
  `storage` varchar(20) COLLATE utf8mb4_general_ci DEFAULT 'local',
  PRIMARY KEY (`id`),
  KEY `idx_product_id` (`product_id`),
  KEY `idx_variation_option_id` (`variation_option_id`),
  KEY `idx_is_main` (`is_main`)
) ENGINE=InnoDB DEFAULT CHARSET=utf8mb4 COLLATE=utf8mb4_general_ci;

--
-- Dumping data for table `images_variation`
--


--
-- Table structure for table `invoices`
--

CREATE TABLE `invoices` (
  `id` int NOT NULL AUTO_INCREMENT,
  `order_id` bigint DEFAULT NULL,
  `order_number` bigint DEFAULT NULL,
  `client_username` varchar(255) COLLATE utf8mb4_general_ci DEFAULT NULL,
  `client_first_name` varchar(100) COLLATE utf8mb4_general_ci DEFAULT NULL,
  `client_last_name` varchar(100) COLLATE utf8mb4_general_ci DEFAULT NULL,
  `client_email` varchar(255) COLLATE utf8mb4_general_ci DEFAULT NULL,
  `client_phone_number` varchar(100) COLLATE utf8mb4_general_ci DEFAULT NULL,
  `client_tax_number` varchar(255) COLLATE utf8mb4_general_ci DEFAULT NULL,
  `client_address` varchar(500) COLLATE utf8mb4_general_ci DEFAULT NULL,
  `client_country` varchar(100) COLLATE utf8mb4_general_ci DEFAULT NULL,
  `client_state` varchar(100) COLLATE utf8mb4_general_ci DEFAULT NULL,
  `client_city` varchar(100) COLLATE utf8mb4_general_ci DEFAULT NULL,
  `invoice_items` text COLLATE utf8mb4_general_ci,
  `created_at` timestamp NULL DEFAULT CURRENT_TIMESTAMP,
  PRIMARY KEY (`id`),
  KEY `idx_order_id` (`order_id`)
) ENGINE=InnoDB DEFAULT CHARSET=utf8mb4 COLLATE=utf8mb4_general_ci;

--
-- Dumping data for table `invoices`
--


--
-- Table structure for table `knowledge_base`
--

CREATE TABLE `knowledge_base` (
  `id` int NOT NULL AUTO_INCREMENT,
  `lang_id` tinyint DEFAULT NULL,
  `title` varchar(500) COLLATE utf8mb4_general_ci DEFAULT NULL,
  `slug` varchar(500) COLLATE utf8mb4_general_ci DEFAULT NULL,
  `content` longtext COLLATE utf8mb4_general_ci,
  `category_id` varchar(50) COLLATE utf8mb4_general_ci DEFAULT NULL,
  `content_order` smallint DEFAULT '1',
  `created_at` timestamp NULL DEFAULT CURRENT_TIMESTAMP,
  PRIMARY KEY (`id`)
) ENGINE=InnoDB DEFAULT CHARSET=utf8mb4 COLLATE=utf8mb4_general_ci;

--
-- Dumping data for table `knowledge_base`
--


--
-- Table structure for table `knowledge_base_categories`
--

CREATE TABLE `knowledge_base_categories` (
  `id` int NOT NULL AUTO_INCREMENT,
  `lang_id` int DEFAULT NULL,
  `name` varchar(255) COLLATE utf8mb4_general_ci DEFAULT NULL,
  `slug` varchar(255) COLLATE utf8mb4_general_ci DEFAULT NULL,
  `category_order` smallint DEFAULT NULL,
  PRIMARY KEY (`id`)
) ENGINE=InnoDB DEFAULT CHARSET=utf8mb4 COLLATE=utf8mb4_general_ci;

--
-- Dumping data for table `knowledge_base_categories`
--


--
-- Table structure for table `language_translations`
--

CREATE TABLE `language_translations` (
  `id` int NOT NULL AUTO_INCREMENT,
  `lang_id` int DEFAULT NULL,
  `label` varchar(255) COLLATE utf8mb4_general_ci DEFAULT NULL,
  `translation` varchar(500) COLLATE utf8mb4_general_ci DEFAULT NULL,
  PRIMARY KEY (`id`),
  KEY `idx_lang_id` (`lang_id`)
) ENGINE=InnoDB AUTO_INCREMENT=4370 DEFAULT CHARSET=utf8mb4 COLLATE=utf8mb4_general_ci;

--
-- Dumping data for table `language_translations`
--

INSERT INTO `language_translations` VALUES (1,1,'abuse_reports','Abuse Reports'),(2,1,'abuse_report_exp','Briefly describe the issue you\'re facing'),(3,1,'abuse_report_msg','Your report has reached us. Thank you!'),(4,1,'accept_cookies','Accept Cookies'),(5,1,'accept_quote','Accept Quote'),(6,1,'access_key','Access Key'),(7,1,'account_deletion_requests','Account Deletion Requests'),(8,1,'activate_all','Activate All'),(9,1,'activation_email_sent','Activation email has been sent!'),(10,1,'active','Active'),(11,1,'active_orders','Active Orders'),(12,1,'active_payment_request_error','You already have an active payment request! Once this is complete, you can make a new request.'),(13,1,'active_sales','Active Sales'),(14,1,'added_to_cart','Added to Cart'),(15,1,'additional_information','Additional Information'),(16,1,'additional_invoice_information','Additional Invoice Information'),(17,1,'additional_invoice_information_exp','VAT Number, Company No etc.'),(18,1,'address','Address'),(19,1,'address_title','Address Title'),(20,1,'address_type','Address Type'),(21,1,'add_administrator','Add Administrator'),(22,1,'add_banner','Add Banner'),(23,1,'add_brand','Add Brand'),(24,1,'add_category','Add Category'),(25,1,'add_city','Add City'),(26,1,'add_comment','Add Comment'),(27,1,'add_content','Add Content'),(28,1,'add_country','Add Country'),(29,1,'add_coupon','Add Coupon'),(30,1,'add_currency','Add Currency'),(31,1,'add_custom_field','Add Custom Field'),(32,1,'add_delivery_time','Add Delivery Time'),(33,1,'add_external_download_link','Add External Download Link'),(34,1,'add_feature','Add Feature'),(35,1,'add_font','Add Font'),(36,1,'add_funds','Add Funds'),(37,1,'add_funds_pay_debt','Add funds to your wallet to pay your debt. The debt will be automatically deducted.'),(38,1,'add_image','Add Image'),(39,1,'add_language','Add Language'),(40,1,'add_license_keys','Add License Keys'),(41,1,'add_license_keys_exp','Add all license keys with comma(,) separator. (i.e. License Key, License Key...)'),(42,1,'add_new_address','Add New Address'),(43,1,'add_option','Add Option'),(44,1,'add_page','Add Page'),(45,1,'add_payout','Add Payout'),(46,1,'add_post','Add Post'),(47,1,'add_product','Add Product'),(48,1,'add_products','Add Products'),(49,1,'add_product_for_sale','Add a Product for Sale'),(50,1,'add_product_for_sale_exp','Add a product to sell on the site'),(51,1,'add_product_get_price_requests','Add a Product to Receive Quote (Price) Requests'),(52,1,'add_product_get_price_requests_exp','Add a product without adding a price to get price requests from customers'),(53,1,'add_product_sell_license_keys','Add a Product to Sell License Keys'),(54,1,'add_product_sell_license_keys_exp','Add a product to sell only license keys'),(55,1,'add_product_services_listing','Add a Product or Service as an Ordinary Listing'),(56,1,'add_product_services_listing_exp','Add a product or service without buy option'),(57,1,'add_question','Add Question'),(58,1,'add_review','Add Review'),(59,1,'add_role','Add Role'),(60,1,'add_shipping_class','Add Shipping Class'),(61,1,'add_shipping_method','Add Shipping Method'),(62,1,'add_shipping_option','Add Shipping Option'),(63,1,'add_shipping_zone','Add Shipping Zone'),(64,1,'add_slider_item','Add Slider Item'),(65,1,'add_space_between_money_currency','Add Space Between Money and Currency'),(66,1,'add_state','Add State'),(67,1,'add_tax','Add Tax'),(68,1,'add_to_affiliate_program','Add to Affiliate Program'),(69,1,'add_to_cart','Add to Cart'),(70,1,'add_to_featured','Add to Featured'),(71,1,'add_to_product_filters','Add to Product Filters'),(72,1,'add_to_special_offers','Add to Special Offers'),(73,1,'add_to_wishlist','Add to wishlist'),(74,1,'add_user','Add User'),(75,1,'add_variation','Add Variation'),(76,1,'add_video','Add Video'),(77,1,'add_watermark_blog_images','Add Watermark to Blog Images'),(78,1,'add_watermark_product_images','Add Watermark to Product Images'),(79,1,'add_watermark_thumbnail_images','Add Watermark to Thumbnail (Small) Images'),(80,1,'administrators','Administrators'),(81,1,'admin_emails_will_send','Admin emails will be sent to this address'),(82,1,'admin_panel','Admin Panel'),(83,1,'admin_panel_link','Admin Panel Link'),(84,1,'adsense_head_exp','The codes you add here will be added in the <head></head> tags.'),(85,1,'ad_size','Ad Size'),(86,1,'ad_spaces','Ad Spaces'),(87,1,'affiliate','Affiliate'),(88,1,'affiliate_link','Affiliate Link'),(89,1,'affiliate_links','Affiliate Links'),(90,1,'affiliate_link_exp','To maximize your affiliate earnings, share this link in blog posts, on social media, and in email campaigns. Include it in YouTube video descriptions, on your website, and in online forums.'),(91,1,'affiliate_program','Affiliate Program'),(92,1,'affiliate_program_vendor_exp','The affiliate program allows you, as a seller, to pay external partners a commission for promoting your products and driving sales through their unique links, helping you reach a wider audience and increase revenue. When you activate this system, there will be an option to create an affiliate link on your product page. All users can participate in this program by creating their own links for your products.'),(93,1,'affiliate_seller_based','Seller-based (for products selected by the seller, seller pays the commission)'),(94,1,'affiliate_site_based','Site-based (for all products, site pays the commission)'),(95,1,'all','All'),(96,1,'allowed_file_extensions','Allowed File Extensions'),(97,1,'allow_all_currencies_classified_ads','Allow All Currencies for Ordinary Listing'),(98,1,'allow_duplicate_license_keys','Allow Duplicate License Keys'),(99,1,'allow_free_plan_multiple_times','Allow Free Plan to be Used Multiple Times'),(100,1,'allow_vendors_change_shop_name','Allow Vendors to Change Their Shop Name'),(101,1,'all_active_currencies','All active currencies'),(102,1,'all_categories','All Categories'),(103,1,'all_countries','All Countries'),(104,1,'all_help_topics','All Help Topics'),(105,1,'all_locations','All Locations'),(106,1,'all_permissions','All Permissions'),(107,1,'all_states','All States'),(108,1,'alphabetically','Alphabetically'),(109,1,'already_have_active_request','You already have an active request for this product!'),(110,1,'always','Always'),(111,1,'animations','Animations'),(112,1,'answer','Answer'),(113,1,'api_key','Api Key'),(114,1,'appear_on_homepage','Appear on the Homepage'),(115,1,'apply','Apply'),(116,1,'apply_for_product_sales','Apply for Product Sales'),(117,1,'apply_for_service_payments','Apply for Service Payments'),(118,1,'approve','Approve'),(119,1,'approved','Approved'),(120,1,'approved_comments','Approved Comments'),(121,1,'approve_refund','Approve Refund'),(122,1,'app_id','App ID'),(123,1,'app_name','Application Name'),(124,1,'app_secret','App Secret'),(125,1,'april','April'),(126,1,'ask_question','Ask Question'),(127,1,'assign_membership_plan','Assign Membership Plan'),(128,1,'attachments','Attachments'),(129,1,'audio','Audio'),(130,1,'audio_preview','Audio Preview'),(131,1,'audio_preview_exp','MP3 or WAV preview audio'),(132,1,'august','August'),(133,1,'automatically_update_exchange_rates','Automatically Update Exchange Rates'),(134,1,'auto_approve_orders','Auto-Approve Unapproved Orders (after x days)'),(135,1,'awaiting_payment','Awaiting Payment'),(136,1,'awaiting_sellers_bid','Awaiting Seller\'s Bid'),(137,1,'aws_base_url','AWS Base URL'),(138,1,'aws_key','AWS Access Key'),(139,1,'aws_secret','AWS Secret Key'),(140,1,'aws_storage','AWS S3 Storage'),(141,1,'back','Back'),(142,1,'backward','Backward'),(143,1,'balance','Balance'),(144,1,'balance_exp','Approved earnings'),(145,1,'bank_accounts','Bank Accounts'),(146,1,'bank_accounts_exp','You can make your payment to one of these bank accounts.'),(147,1,'bank_account_holder_name','Bank Account Holder\'s Name'),(148,1,'bank_branch_city','Bank Branch City'),(149,1,'bank_branch_country','Bank Branch Country'),(150,1,'bank_name','Bank Name'),(151,1,'bank_transfer','Bank Transfer'),(152,1,'bank_transfer_accepted','Bank transfer accepted'),(153,1,'bank_transfer_declined','Bank transfer declined'),(154,1,'bank_transfer_exp','Make your payment directly into our bank account.'),(155,1,'bank_transfer_reports','Bank Transfer Reports'),(156,1,'banned','Banned'),(157,1,'banner','Banner'),(158,1,'banner_desktop','Desktop Banner'),(159,1,'banner_desktop_exp','This ad will be displayed on screens larger than 992px'),(160,1,'banner_location_exp','The banner will be added under the selected section'),(161,1,'banner_mobile','Mobile Banner'),(162,1,'banner_mobile_exp','This ad will be displayed on screens smaller than 992px'),(163,1,'banner_width','Banner Width'),(164,1,'ban_user','Ban User'),(165,1,'base_currency','Base Currency'),(166,1,'bidding_system','Bidding System'),(167,1,'bidding_system_emails','Bidding system emails'),(168,1,'bidding_system_request_quote','Bidding System (Request Quote)'),(169,1,'billing_address','Billing Address'),(170,1,'bitcoin','Bitcoin (BTC)'),(171,1,'blog','Blog'),(172,1,'blog_ad_space_1','Blog Ad Space 1'),(173,1,'blog_ad_space_2','Blog Ad Space 2'),(174,1,'blog_comments','Blog Comments'),(175,1,'blog_posts','Blog Posts'),(176,1,'blog_slider','Blog Slider'),(177,1,'bottom','Bottom'),(178,1,'boxed','Boxed'),(179,1,'brand','Brand'),(180,1,'brands','Brands'),(181,1,'browse_files','Browse Files'),(182,1,'btc_address','BTC Address'),(183,1,'bucket_name','Bucket Name'),(184,1,'bulk_category_upload','Bulk Category Upload'),(185,1,'bulk_custom_field_upload','Bulk Custom Field Upload'),(186,1,'bulk_product_upload','Bulk Product Upload'),(187,1,'bulk_product_upload_exp','You can add your products with a CSV file from this section'),(188,1,'bulk_upload_documentation','Bulk Upload Documentation'),(189,1,'button','Button'),(190,1,'button_color','Button Color'),(191,1,'button_text','Button Text'),(192,1,'button_text_color','Button Text Color'),(193,1,'buyer','Buyer'),(194,1,'buyer_discount_rate','Buyer Discount Rate'),(195,1,'buy_button_link','Buy button link'),(196,1,'buy_now','Buy Now'),(197,1,'by','By'),(198,1,'by_category_order','by Category Order'),(199,1,'by_date','by Date'),(200,1,'cache_refresh_time','Cache Refresh Time (Minute)'),(201,1,'cache_refresh_time_exp','After this time, your cache files will be refreshed.'),(202,1,'cache_system','Cache System'),(203,1,'cancel','Cancel'),(204,1,'cancelled','Cancelled'),(205,1,'cancelled_sales','Cancelled Sales'),(206,1,'cancel_order','Cancel Order'),(207,1,'card_number','Card Number'),(208,1,'cart','Cart'),(209,1,'cash_on_delivery','Cash on Delivery'),(210,1,'cash_on_delivery_exp','Pay with cash upon delivery.'),(211,1,'cash_on_delivery_vendor_exp','Sell your products with pay on delivery option'),(212,1,'cash_on_delivery_warning','You have selected \'Cash on Delivery\' as your payment method. You must pay the total amount when you receive your package. If you accept this payment method, please click the button below to complete your order.'),(213,1,'categories','Categories'),(214,1,'categories_all','All Categories'),(215,1,'category','Category'),(216,1,'category_id_finder','Category Id Finder'),(217,1,'category_id_finder_exp','You can use this section to find out the Id of a category'),(218,1,'category_level','Category Level'),(219,1,'category_name','Category Name'),(220,1,'cell_phone','Cell Phone'),(221,1,'center','Center'),(222,1,'change_password','Change Password'),(223,1,'change_user_role','Change User Role'),(224,1,'charge_shipping_for_each_different_product','Charge shipping for each different product in the cart'),(225,1,'charge_shipping_for_each_product','Charge shipping for each product in the cart'),(226,1,'chat_messages','Chat Messages'),(227,1,'checkbox','Checkbox (Multiple Selection)'),(228,1,'checking_out_as_guest','You are checking out as a guest'),(229,1,'checkout','Checkout'),(230,1,'choose_plan','Choose Plan'),(231,1,'cities','Cities'),(232,1,'city','City'),(233,1,'classified_ads','Classified Ads'),(234,1,'classified_ads_adding_product_as_listing','Classified Ads (Adding a Product or Service as an Ordinary Listing)'),(235,1,'clear','Clear'),(236,1,'client_id','Client ID'),(237,1,'client_information','Client Information'),(238,1,'client_secret','Client Secret'),(239,1,'close','Close'),(240,1,'closed','Closed'),(241,1,'close_seller_shop','Close Seller\'s Shop'),(242,1,'close_ticket','Close Ticket'),(243,1,'close_user_shop','Close User Shop'),(244,1,'cod_cancel_exp','You can cancel your order within 24 hours after the order date.'),(245,1,'cod_option_disabled','Cash on Delivery payment option has been disabled until your commission debt is paid.'),(246,1,'color','Color'),(247,1,'comment','Comment'),(248,1,'comments','Comments'),(249,1,'comment_approval_system','Comment Approval System'),(250,1,'commission','Commission'),(251,1,'commissions_discounts','Commissions & Discounts'),(252,1,'commission_debt','Commission Debt'),(253,1,'commission_debt_limit','Commission Debt Limit'),(254,1,'commission_debt_limit_exp','Cash on Delivery commissions will be automatically deducted from your wallet balance. If your wallet has insufficient funds, the commission will be added as a debt. When these debts exceed the specified debt limit, this payment option will be automatically disabled for your store.'),(255,1,'commission_rate','Commission Rate'),(256,1,'completed','Completed'),(257,1,'completed_orders','Completed Orders'),(258,1,'completed_sales','Completed Sales'),(259,1,'confirmed','Confirmed'),(260,1,'confirm_action','Are you sure you want to perform this action?'),(261,1,'confirm_approve_order','Are you sure you want to confirm this order?'),(262,1,'confirm_close_user_shop','Are you sure you want to close this shop?'),(263,1,'confirm_comment','Are you sure you want to delete this comment?'),(264,1,'confirm_comments','Are you sure you want to delete selected comments?'),(265,1,'confirm_delete','Are you sure you want to delete this item?'),(266,1,'confirm_message','Are you sure you want to delete this conversation?'),(267,1,'confirm_messages','Are you sure you want to delete selected conversations?'),(268,1,'confirm_order_received','Confirm Order Received'),(269,1,'confirm_order_received_exp','Confirm if you have received your order.'),(270,1,'confirm_order_received_warning','When you receive your order, please check the products you have purchased. If there is not any problem, click \'Confirm Order Received\' button. After confirming your order, the money will be transferred to the seller.'),(271,1,'confirm_payment','Confirm Payment'),(272,1,'confirm_product','Are you sure you want to delete this product?'),(273,1,'confirm_products','Are you sure you want to delete selected products?'),(274,1,'confirm_product_audio','Are you sure you want to delete this audio?'),(275,1,'confirm_product_permanent','Are you sure you want to permanently delete this product?'),(276,1,'confirm_product_video','Are you sure you want to delete this video?'),(277,1,'confirm_quote_request','Are you sure you want to delete this quote request?'),(278,1,'confirm_review','Are you sure you want to delete this review?'),(279,1,'confirm_reviews','Are you sure you want to delete selected reviews?'),(280,1,'confirm_slider_item','Are you sure you want to delete this slider item?'),(281,1,'confirm_user','Are you sure you want to delete this user?'),(282,1,'confirm_user_email','Confirm Email'),(283,1,'confirm_variation','Are you sure you want to delete this variation?'),(284,1,'confirm_your_account','Confirm Your Account'),(285,1,'connect_with_facebook','Connect with Facebook'),(286,1,'connect_with_google','Connect with Google'),(287,1,'connect_with_vk','Connect with VKontakte'),(288,1,'contact','Contact'),(289,1,'contact_message','Contact Message'),(290,1,'contact_messages','Contact Messages'),(291,1,'contact_seller','Contact Seller'),(292,1,'contact_settings','Contact Settings'),(293,1,'contact_support','Contact Support'),(294,1,'contact_support_exp','If you didn\'t find what you were looking for, you can submit a support request here.'),(295,1,'contact_text','Contact Text'),(296,1,'content','Content'),(297,1,'contents','Contents'),(298,1,'content_type','Content Type'),(299,1,'continent','Continent'),(300,1,'continue_to_checkout','Continue to Checkout'),(301,1,'continue_to_payment','Continue to Payment'),(302,1,'continue_to_payment_method','Continue to Payment Method'),(303,1,'cookies_warning','Cookies Warning'),(304,1,'copied','Copied'),(305,1,'copy','Copy'),(306,1,'copyright','Copyright'),(307,1,'copy_code','Copy Code'),(308,1,'copy_link','Copy Link'),(309,1,'cost','Cost'),(310,1,'cost_calculation_type','Cost Calculation Type'),(311,1,'countries','Countries'),(312,1,'country','Country'),(313,1,'coupon','Coupon'),(314,1,'coupons','Coupons'),(315,1,'coupon_code','Coupon Code'),(316,1,'coupon_minimum_cart_total_exp','Minimum cart total needed to use the coupon'),(317,1,'coupon_usage_type','Coupon Usage Type'),(318,1,'coupon_usage_type_1','Each user can use it for only one order'),(319,1,'coupon_usage_type_2','Each user can use it for multiple orders (Guests can use)'),(320,1,'coupon_valid_till','Valid till: {field}'),(321,1,'cover_image_type','Cover Image Type'),(322,1,'cpf','CPF'),(323,1,'created_variations','Created Variations'),(324,1,'create_ad_exp','If you don\'t have an ad code, you can create an ad code by selecting an image and adding an URL'),(325,1,'create_affiliate_link','Create affiliate link'),(326,1,'create_new_plan','Create a New Plan'),(327,1,'credit_card','Credit Card'),(328,1,'csv_file','CSV File'),(329,1,'currencies','Currencies'),(330,1,'currency','Currency'),(331,1,'currency_code','Currency Code'),(332,1,'currency_converter','Currency Converter'),(333,1,'currency_converter_api','Currency Converter API'),(334,1,'currency_format','Currency Format'),(335,1,'currency_name','Currency Name'),(336,1,'currency_settings','Currency Settings'),(337,1,'currency_symbol','Currency Symbol'),(338,1,'currency_symbol_format','Currency Symbol Format'),(339,1,'current_plan','Current Plan'),(340,1,'custom','Custom'),(341,1,'custom_field','Custom Field'),(342,1,'custom_fields','Custom Fields'),(343,1,'custom_field_options','Custom Field Options'),(344,1,'custom_footer_codes','Custom Footer Codes'),(345,1,'custom_footer_codes_exp','These codes will be added to the footer of the site'),(346,1,'custom_header_codes','Custom Header Codes'),(347,1,'custom_header_codes_exp','These codes will be added to the header of the site'),(348,1,'cvv','CVV'),(349,1,'cvv_exp','Three-digits code on the back of your card'),(350,1,'daily','Daily'),(351,1,'daily_plan','Daily Plan'),(352,1,'dashboard','Dashboard'),(353,1,'dashboard_font','Dashboard Font'),(354,1,'data_type','Data Type'),(355,1,'date','Date'),(356,1,'date_of_birth','Date of Birth'),(357,1,'day','Day'),(358,1,'days','Days'),(359,1,'days_ago','days ago'),(360,1,'days_left','days left'),(361,1,'day_ago','day ago'),(362,1,'day_count','Number of Days'),(363,1,'december','December'),(364,1,'decline','Decline'),(365,1,'declined','Declined'),(366,1,'default','Default'),(367,1,'default_currency','Default Currency'),(368,1,'default_language','Default Language'),(369,1,'default_option','Default Option'),(370,1,'default_option_exp','This option will be selected by default. It will use the default images and price'),(371,1,'delete','Delete'),(372,1,'deleted','Deleted'),(373,1,'deleted_products','Deleted Products'),(374,1,'delete_account','Delete Account'),(375,1,'delete_account_exp','Deleting your account is permanent and cannot be reversed. All data, including preferences and subscriptions, will be lost. The process requires admin approval, which may take some time. Please enter your password and confirm to proceed.'),(376,1,'delete_account_submit_exp','Your account deletion request has been submitted and is awaiting admin approval. If you wish to cancel this request, please contact site administration through the Help Center.'),(377,1,'delete_conversation','Delete Conversation'),(378,1,'delete_from_affiliate_program','Delete from Affiliate Program'),(379,1,'delete_permanently','Delete Permanently'),(380,1,'delete_quote','Delete Quote'),(381,1,'delivery_time','Delivery Time'),(382,1,'demo_url','Demo URL'),(383,1,'demo_url_exp','Add a preview URL (i.e. https://demo.com)'),(384,1,'deposits','Deposits'),(385,1,'deposit_amount','Deposit Amount'),(386,1,'description','Description'),(387,1,'details','Details'),(388,1,'digital','Digital'),(389,1,'digital_exp','A digital file that buyers will download'),(390,1,'digital_file','Digital File'),(391,1,'digital_files','Digital Files'),(392,1,'digital_file_required','Digital file is required!'),(393,1,'digital_products','Digital Products'),(394,1,'digital_sales','Digital Sales'),(395,1,'disable','Disable'),(396,1,'discord_url','Discord Url'),(397,1,'discount','Discount'),(398,1,'discounted_price','Discounted Price'),(399,1,'discount_coupon','Discount Coupon'),(400,1,'discount_rate','Discount Rate'),(401,1,'documentation','Documentation'),(402,1,'dont_have_account','Don\'t have an account?'),(403,1,'dont_want_receive_emails','Don\'t want receive these emails?'),(404,1,'download','Download'),(405,1,'downloads','Downloads'),(406,1,'download_csv_example','Download CSV Example'),(407,1,'download_csv_template','Download CSV Template'),(408,1,'download_database_backup','Download Database Backup'),(409,1,'do_not_have_membership_plan','You do not have a membership plan. Click the button below to buy a membership plan.'),(410,1,'draft','Draft'),(411,1,'drafts','Drafts'),(412,1,'draft_added','Draft added successfully!'),(413,1,'drag_drop_file_here','Drag and drop file here or'),(414,1,'drag_drop_images_here','Drag and drop images here or'),(415,1,'dropdown','Dropdown (Single Selection)'),(416,1,'duration','Duration'),(417,1,'earned_amount','Earned Amount'),(418,1,'earnings','Earnings'),(419,1,'edit','Edit'),(420,1,'edited_products','Edited Products'),(421,1,'edit_address','Edit Address'),(422,1,'edit_banner','Edit Banner'),(423,1,'edit_brand','Edit Brand'),(424,1,'edit_content','Edit Content'),(425,1,'edit_coupon','Edit Coupon'),(426,1,'edit_delivery_time','Edit Delivery Time'),(427,1,'edit_details','Edit Details'),(428,1,'edit_option','Edit Option'),(429,1,'edit_options','Edit Options'),(430,1,'edit_order','Edit Order'),(431,1,'edit_plan','Edit Plan'),(432,1,'edit_product','Edit Product'),(433,1,'edit_products','Edit Products'),(434,1,'edit_role','Edit Role'),(435,1,'edit_shipping_class','Edit Shipping Class'),(436,1,'edit_shipping_zone','Edit Shipping Zone'),(437,1,'edit_tax','Edit Tax'),(438,1,'edit_translations','Edit Translations'),(439,1,'edit_user','Edit User'),(440,1,'edit_variation','Edit Variation'),(441,1,'effect','Effect'),(442,1,'email','Email'),(443,1,'email_address','Email Address'),(444,1,'email_options','Email Options'),(445,1,'email_option_contact_messages','Send contact messages to email address'),(446,1,'email_option_product_added','Send email when a new product is added'),(447,1,'email_option_send_email_new_message','Send me an email when someone send me a message'),(448,1,'email_option_send_email_order_shipped','Send email to buyer when order shipped'),(449,1,'email_option_send_order_to_buyer','Send email to buyer after purchase (Send order summary)'),(450,1,'email_reset_password','Please click on the button below to reset your password.'),(451,1,'email_settings','Email Settings'),(452,1,'email_status','Email Status'),(453,1,'email_template','Email Template'),(454,1,'email_text_new_order','Your order has been received and is now processed. Your order details are shown below.'),(455,1,'email_text_new_product','A new product has been added'),(456,1,'email_text_see_product','Click the button below to see the product.'),(457,1,'email_text_thank_for_order','Thank you for your order!'),(458,1,'email_verification','Email Verification'),(459,1,'enable','Enable'),(460,1,'enable_dont_hide_products','Enable, Do Not Hide Products'),(461,1,'enable_for_all_products','Enable For All Products'),(462,1,'enable_hide_products','Enable, Hide Products Until Approved'),(463,1,'enable_only_for_selected_products','Enable Only for Selected Products (products can be selected from the products page)'),(464,1,'encryption','Encryption'),(465,1,'end','End'),(466,1,'enter_amount','Enter Amount'),(467,1,'enter_email','Enter your email'),(468,1,'enter_your_password','Enter your password'),(469,1,'error_image_limit','Image upload limit exceeded!'),(470,1,'error_product_image_delete','Before deleting the product image, you need to upload another image for the product!'),(471,1,'error_product_image_required','Product image is required! Please upload an image for your product.'),(472,1,'estimated_delivery','Estimated Delivery'),(473,1,'example','Example'),(474,1,'excel','Excel'),(475,1,'exchange_rate','Exchange Rate'),(476,1,'expense','Expense'),(477,1,'expenses','Expenses'),(478,1,'expense_amount','Expense Amount'),(479,1,'expiration_date','Expiration Date (MM / YY)'),(480,1,'expired','Expired'),(481,1,'expired_products','Expired Products'),(482,1,'expiry_date','Expiry Date'),(483,1,'explanation','Explanation'),(484,1,'export','Export'),(485,1,'exp_special_characters','Do not use special characters'),(486,1,'external_download_link','External Download Link'),(487,1,'external_link','External Link'),(488,1,'external_link_exp','You can add an external product link. (i.e. https://domain.com/product)'),(489,1,'facebook_comments','Facebook Comments'),(490,1,'facebook_comments_code','Facebook Comments Plugin Code'),(491,1,'facebook_login','Facebook Login'),(492,1,'facebook_url','Facebook URL'),(493,1,'fade','Fade'),(494,1,'favicon','Favicon'),(495,1,'feature','Feature'),(496,1,'featured','Featured'),(497,1,'featured_badge','Featured Badge'),(498,1,'featured_categories','Featured Categories'),(499,1,'featured_categories_exp','Select the categories you want to show under the slider'),(500,1,'featured_products','Featured Products'),(501,1,'featured_products_payment_currency','Featured Products Payment Currency'),(502,1,'featured_products_system','Featured Products System'),(503,1,'features','Features'),(504,1,'february','February'),(505,1,'field','Field'),(506,1,'field_name','Field Name'),(507,1,'files_included','Files Included'),(508,1,'files_included_ext','Enter the extensions of the files that you are going to sell (i.e. JPG, MP4, MP3)'),(509,1,'file_too_large','File is too large. Max file size:'),(510,1,'file_upload','File Upload'),(511,1,'filter','Filter'),(512,1,'filter_by_keyword','Filter by keyword'),(513,1,'filter_key','Filter Key'),(514,1,'filter_key_exp','Don\'t add special characters'),(515,1,'filter_products','Filter Products'),(516,1,'filter_products_location','Filter products by location'),(517,1,'first_name','First Name'),(518,1,'fixed_shipping_cost_for_cart_total','Fixed Shipping Cost for Cart Total'),(519,1,'flag','Flag'),(520,1,'flat_rate','Flat Rate'),(521,1,'folder_name','Folder Name'),(522,1,'follow','Follow'),(523,1,'followers','Followers'),(524,1,'following','Following'),(525,1,'follow_us','Follow Us'),(526,1,'fonts','Fonts'),(527,1,'font_family','Font Family'),(528,1,'font_settings','Font Settings'),(529,1,'font_size','Font Size'),(530,1,'footer','Footer'),(531,1,'footer_about_section','Footer About Section'),(532,1,'footer_bottom','Footer Bottom'),(533,1,'footer_information','Information'),(534,1,'footer_quick_links','Quick Links'),(535,1,'forgot_password','Forgot Password?'),(536,1,'form_validation_is_unique','The {field} field must contain a unique value.'),(537,1,'form_validation_matches','The {field} field does not match the {param} field.'),(538,1,'form_validation_max_length','The {field} field cannot exceed {param} characters in length.'),(539,1,'form_validation_min_length','The {field} field must be at least {param} characters in length.'),(540,1,'form_validation_required','The {field} field is required.'),(541,1,'forward','Forward'),(542,1,'free','Free'),(543,1,'free_product','Free Product'),(544,1,'free_promotion','Free Promotion'),(545,1,'free_shipping','Free Shipping'),(546,1,'frequency','Frequency'),(547,1,'frequency_exp','This value indicates how frequently the content at a particular URL is likely to change '),(548,1,'frequently_asked_questions','Frequently Asked Questions'),(549,1,'friday','Friday'),(550,1,'from','From:'),(551,1,'full_name','Full Name'),(552,1,'full_width','Full Width'),(553,1,'general','General'),(554,1,'general_information','General Information'),(555,1,'general_settings','General Settings'),(556,1,'generate','Generate'),(557,1,'generate_sitemap','Generate Sitemap'),(558,1,'global','Global'),(559,1,'global_taxes','Global Taxes'),(560,1,'global_taxes_exp','Define new taxes by country for all sales on your site'),(561,1,'google_adsense_code','Google Adsense Code'),(562,1,'google_analytics','Google Analytics Code'),(563,1,'google_login','Google Login'),(564,1,'google_recaptcha','Google reCAPTCHA'),(565,1,'google_url','Google+ URL'),(566,1,'goto_home','Go to the Homepage'),(567,1,'go_back_to_products','Go Back to the Products Page'),(568,1,'go_back_to_shop_settings','Go Back to the Shop Settings'),(569,1,'go_to_your_product','Go to Your Product'),(570,1,'grid_layout','Grid Layout'),(571,1,'guest','Guest'),(572,1,'guest_checkout','Guest Checkout'),(573,1,'half_width','Half Width'),(574,1,'have_account','Have an account?'),(575,1,'header','Header'),(576,1,'height','Height'),(577,1,'help_center','Help Center'),(578,1,'help_documents','Help Documents'),(579,1,'help_documents_exp','You can use these documents to generate your CSV file\r\n'),(580,1,'hi','Hi'),(581,1,'hidden','Hidden'),(582,1,'hidden_products','Hidden Products'),(583,1,'hide','Hide'),(584,1,'highest_price','Highest Price'),(585,1,'highest_rating','Highest Rating'),(586,1,'home','Home'),(587,1,'homepage','Homepage'),(588,1,'homepage_banners','Homepage Banners'),(589,1,'homepage_banners_exp','You can manage the product banners on the homepage from this section'),(590,1,'homepage_manager','Homepage Manager'),(591,1,'homepage_title','Homepage Title'),(592,1,'horizontal_alignment','Horizontal Alignment'),(593,1,'hourly','Hourly'),(594,1,'hours_ago','hours ago'),(595,1,'hour_ago','hour ago'),(596,1,'how_can_we_help','How can we help?'),(597,1,'how_it_works','How It Works'),(598,1,'iban','IBAN'),(599,1,'iban_long','International Bank Account Number'),(600,1,'id','Id'),(601,1,'identity_number','Identity Number'),(602,1,'if_review_already_added','If you have already added a review, your review will be updated.'),(603,1,'image','Image'),(604,1,'images','Images'),(605,1,'image_file_format','Image File Format'),(606,1,'image_file_format_exp','Uploaded images will be converted to the selected format'),(607,1,'import_language','Import Language'),(608,1,'inactivate_all','Inactivate All'),(609,1,'inactive','Inactive'),(610,1,'index_ad_space_1','Index Ad Space 1'),(611,1,'index_ad_space_2','Index Ad Space 2'),(612,1,'index_slider','Index Slider'),(613,1,'input_explanation','Input Explanation'),(614,1,'instagram_url','Instagram URL'),(615,1,'instant_download','Instant download'),(616,1,'invalid_attempt','Invalid Attempt!'),(617,1,'invalid_file_type','Invalid file type!'),(618,1,'invalid_withdrawal_amount','Invalid withdrawal amount!'),(619,1,'invoice','Invoice'),(620,1,'invoices','Invoices'),(621,1,'invoice_currency_warning','All amounts shown on this invoice are in'),(622,1,'in_stock','In Stock'),(623,1,'ip_address','Ip Address'),(624,1,'item','Item'),(625,1,'iyzico','Iyzico'),(626,1,'iyzico_warning','This is the \"Checkout Form\" integration, not the \"Marketplace\" integration.'),(627,1,'january','January'),(628,1,'joined_affiliate_program','You joined the affiliate program'),(629,1,'join_newsletter','Join Our Newsletter'),(630,1,'join_program','Join Program'),(631,1,'json_language_file','JSON Language File'),(632,1,'july','July'),(633,1,'june','June'),(634,1,'just_now','Just Now'),(635,1,'keep_original_file_format','Keep Original File Format'),(636,1,'keep_shopping','Keep Shopping'),(637,1,'keyword','Keyword'),(638,1,'keywords','Keywords'),(639,1,'knowledge_base','Knowledge Base'),(640,1,'label','Label'),(641,1,'language','Language'),(642,1,'languages','Languages'),(643,1,'language_code','Language Code'),(644,1,'language_name','Language Name'),(645,1,'language_settings','Language Settings'),(646,1,'last_modification','Last Modification'),(647,1,'last_modification_exp','The time the URL was last modified'),(648,1,'last_name','Last Name'),(649,1,'last_seen','Last seen: '),(650,1,'last_update','Last Update'),(651,1,'latest_blog_posts','Latest Blog Posts'),(652,1,'latest_comments','Latest Comments'),(653,1,'latest_members','Latest Members'),(654,1,'latest_orders','Latest Orders'),(655,1,'latest_pending_products','Latest Pending Products'),(656,1,'latest_posts','Latest Posts'),(657,1,'latest_products','Latest Products'),(658,1,'latest_reviews','Latest Reviews'),(659,1,'latest_sales','Latest Sales'),(660,1,'latest_transactions','Latest Transactions'),(661,1,'left','Left'),(662,1,'left_to_right','Left to Right (LTR)'),(663,1,'license_certificate','License Certificate'),(664,1,'license_key','License Key'),(665,1,'license_keys','License Keys'),(666,1,'license_keys_system_exp','Add all your license keys from here. The system will automatically give a license key to each buyer.'),(667,1,'link','Link'),(668,1,'linkedin_url','Linkedin URL'),(669,1,'listing_type','Listing Type'),(670,1,'live_preview','Live Preview'),(671,1,'load_more','Load More'),(672,1,'load_more_comments','Load more comments'),(673,1,'load_more_reviews','Load more reviews'),(674,1,'local_pickup','Local Pickup'),(675,1,'local_storage','Local Storage'),(676,1,'location','Location'),(677,1,'login','Login'),(678,1,'login_error','Wrong email or password!'),(679,1,'login_to_user_account_exp','Your current session will be terminated and a new session will be created for the account of the user you selected.'),(680,1,'login_with_email','Or login with email'),(681,1,'logo','Logo'),(682,1,'logout','Logout'),(683,1,'logo_email','Logo Email'),(684,1,'logo_size','Logo Size'),(685,1,'lowest_price','Lowest Price'),(686,1,'mail','Mail'),(687,1,'mailjet_email_address','Mailjet Email Address'),(688,1,'mailjet_email_address_exp','The address you created your Mailjet account with'),(689,1,'mail_host','Mail Host'),(690,1,'mail_password','Mail Password'),(691,1,'mail_port','Mail Port'),(692,1,'mail_protocol','Mail Protocol'),(693,1,'mail_service','Mail Service'),(694,1,'mail_title','Mail Title'),(695,1,'mail_username','Mail Username'),(696,1,'main','main'),(697,1,'maintenance_mode','Maintenance Mode'),(698,1,'main_files','Main File(s)'),(699,1,'main_menu','Main Menu'),(700,1,'management_tools','Management Tools'),(701,1,'march','March'),(702,1,'marketplace','Marketplace'),(703,1,'marketplace_selling_product_on_the_site','Marketplace (Selling Products on the Site)'),(704,1,'max','Max'),(705,1,'max_file_size','Max File Size'),(706,1,'may','May'),(707,1,'member','Member'),(708,1,'members','Members'),(709,1,'membership','Membership'),(710,1,'membership_number_of_ads','Number of Active Ads'),(711,1,'membership_payments','Membership Payments'),(712,1,'membership_plan','Membership Plan'),(713,1,'membership_plans','Membership Plans'),(714,1,'membership_plan_payment','Membership Plan Payment'),(715,1,'member_since','Member since'),(716,1,'menu_limit','Menu Limit'),(717,1,'message','Message'),(718,1,'messages','Messages'),(719,1,'meta_tag','Meta Tag'),(720,1,'method_name','Method Name'),(721,1,'mgs_reject_open_shop','Your request to open a store has been rejected!'),(722,1,'mgs_reject_open_shop_permanently','Your request to open a store has been permanently rejected!'),(723,1,'min','Min'),(724,1,'minimum_order_amount','Minimum order amount'),(725,1,'minutes_ago','minutes ago'),(726,1,'minute_ago','minute ago'),(727,1,'min_poyout_amount','Minimum payout amount'),(728,1,'min_poyout_amounts','Minimum Payout Amounts'),(729,1,'mode','Mode'),(730,1,'monday','Monday'),(731,1,'month','Month'),(732,1,'monthly','Monthly'),(733,1,'monthly_plan','Monthly Plan'),(734,1,'monthly_sales','Monthly sales'),(735,1,'months_ago','months ago'),(736,1,'month_ago','month ago'),(737,1,'month_count','Number of Months'),(738,1,'more','More'),(739,1,'more_from','More from'),(740,1,'most_recent','Most Recent'),(741,1,'most_viewed_products','Most Viewed Products'),(742,1,'msg_accept_terms','You have to accept the terms!'),(743,1,'msg_added','Item successfully added!'),(744,1,'msg_add_license_keys','License keys successfully added!'),(745,1,'msg_add_product_success','Your payment has been successfully completed! Once your product is approved, it will be published on our site!'),(746,1,'msg_administrator_added','Administrator successfully added!'),(747,1,'msg_bank_transfer_text','Once you have placed your order, you can make your payment to one of these bank accounts. Please add your order number to your payment description.'),(748,1,'msg_bank_transfer_text_order_completed','You can make your payment to one of these bank accounts. Please add your order number to your payment description.'),(749,1,'msg_bank_transfer_text_transaction_completed','You can make your payment to one of these bank accounts. Please add your transaction number to your payment description.'),(750,1,'msg_ban_error','Your account has been suspended!'),(751,1,'msg_cart_select_location','Please select your location to proceed with your purchase.'),(752,1,'msg_cart_shipping','Please enter your shipping address and choose a shipping method!'),(753,1,'msg_change_password_error','There was a problem changing your password!'),(754,1,'msg_change_password_success','Your password has been successfully changed!'),(755,1,'msg_comment_approved','Comment successfully approved!'),(756,1,'msg_comment_deleted','Comment successfully deleted!'),(757,1,'msg_comment_sent_successfully','Your comment has been sent. It will be published after being reviewed by the site management.'),(758,1,'msg_complete_payment','Please click the button below to complete the payment.'),(759,1,'msg_confirmation_email','Please click on the button below to confirm your account.'),(760,1,'msg_confirmed','Your email address has been successfully confirmed!'),(761,1,'msg_confirmed_required','In order to login to the site, you must confirm your email address.'),(762,1,'msg_contact_error','There was a problem sending your message!'),(763,1,'msg_contact_success','Your message has been successfully sent!'),(764,1,'msg_coupon_auth','This coupon is for registered members only!'),(765,1,'msg_coupon_cart_total','Your cart total is not enough to use this coupon. Minimum cart total:'),(766,1,'msg_coupon_code_added_before','This coupon code has already been added before. Please add another coupon code.'),(767,1,'msg_coupon_limit','Coupon usage limit has been reached!'),(768,1,'msg_coupon_used','This coupon code has been used before!'),(769,1,'msg_cron_sitemap','With this URL you can automatically update your sitemap.'),(770,1,'msg_default_language_delete','Default language cannot be deleted!'),(771,1,'msg_default_page_delete','Default pages cannot be deleted!'),(772,1,'msg_deleted','Item successfully deleted!'),(773,1,'msg_delete_posts','Please delete posts belonging to this category first!'),(774,1,'msg_delete_subcategories','Please delete subcategories belonging to this category first!'),(775,1,'msg_digital_product_register_error','You must create an account to purchase a digital product.'),(776,1,'msg_dont_have_downloadable_files','You don\'t have any downloadable files.'),(777,1,'msg_email_sent','Email successfully sent!'),(778,1,'msg_email_unique_error','The email has already been taken.'),(779,1,'msg_error','An error occurred please try again!'),(780,1,'msg_error_product_type','You must enable at least one product type'),(781,1,'msg_error_selected_system','You must enable at least one system'),(782,1,'msg_error_sku','This SKU is used for your another product!'),(783,1,'msg_expired_plan','When your plan expires, if you do not renew your plan within 3 days, your ads will be added to the \"Expired Products\" section and will not be displayed on the site.'),(784,1,'msg_insufficient_balance','Insufficient balance!'),(785,1,'msg_invalid_coupon','This coupon code is invalid or has expired!'),(786,1,'msg_invalid_email','Invalid email address!'),(787,1,'msg_membership_activated','Your membership plan has been successfully activated!'),(788,1,'msg_membership_renewed','Your membership plan has been successfully renewed!'),(789,1,'msg_message_deleted','Message successfully deleted!'),(790,1,'msg_message_sent','Your message has been successfully sent!'),(791,1,'msg_message_sent_error','You cannot send message to yourself!'),(792,1,'msg_newsletter_error','Your email address is already registered!'),(793,1,'msg_newsletter_success','Your email address has been successfully added!'),(794,1,'msg_no_created_variations','You have no created variations.'),(795,1,'msg_option_exists','This option already exists!'),(796,1,'msg_order_completed','Your order has been successfully completed!'),(797,1,'msg_payment_completed','Payment completed successfully!'),(798,1,'msg_payment_database_error','Your payment has been successfully completed, but there was a problem with adding the order to the database! Please contact our site management for this order!'),(799,1,'msg_payment_error','An error occurred during the payment!'),(800,1,'msg_payment_success','Your payment has been successfully completed!'),(801,1,'msg_payout_bitcoin_address_error','You must enter your BTC address to make this payment request'),(802,1,'msg_payout_paypal_error','You must enter your PayPal email address to make this payment request'),(803,1,'msg_plan_expired','Your membership plan has expired!'),(804,1,'msg_product_already_purchased','You have already purchased this product before.'),(805,1,'msg_product_approved','Product successfully approved!'),(806,1,'msg_product_slug_used','This slug is used by another product!'),(807,1,'msg_promote_bank_transfer_text','Once you have placed your order, you can make your payment to one of these bank accounts. Please add your transaction number to your payment description.'),(808,1,'msg_quote_request_error','You cannot request a quote for your own item!'),(809,1,'msg_quote_request_sent','Your request has been successfully submitted.'),(810,1,'msg_reached_ads_limit','You have reached your ad adding limit! If you want to add more ads, you can upgrade your current plan by clicking the button below.'),(811,1,'msg_recaptcha','Please confirm that you are not a robot!'),(812,1,'msg_refund_request_email','You have received a refund request. Please click the button below to see the details.'),(813,1,'msg_refund_request_update_email','There is an update for your refund request. Please click the button below to see the details.'),(814,1,'msg_register_success','Your account has been created successfully!'),(815,1,'msg_request_received','Your request has been received!'),(816,1,'msg_request_sent','The request has been sent successfully!'),(817,1,'msg_reset_cache','All cache files have been deleted!'),(818,1,'msg_reset_password_error','We can\'t find a user with that e-mail address!'),(819,1,'msg_reset_password_success','We\'ve sent an email for resetting your password to your email address. Please check your email for next steps.'),(820,1,'msg_review_added','Your review has been successfully added!'),(821,1,'msg_review_deleted','Review successfully deleted!'),(822,1,'msg_send_confirmation_email','An activation email has been sent to your email address. Please confirm your account.'),(823,1,'msg_shop_name_unique_error','The shop name has already been taken.'),(824,1,'msg_shop_opening_requests','Your request to open a store is under evaluation!'),(825,1,'msg_sitemap_updated','Sitemap successfully updated!'),(826,1,'msg_slug_unique_error','The slug has already been taken.'),(827,1,'msg_start_selling','We have received your request. Your store will be open when your request is approved.'),(828,1,'msg_subscriber_deleted','Subscriber successfully deleted!'),(829,1,'msg_support_message_received','Your Support Message has been Received'),(830,1,'msg_support_message_received_exp','Thank you for reaching out to us. We have received your support message and will get back to you shortly.'),(831,1,'msg_support_message_replied','Your Support Ticket Has Been Replied'),(832,1,'msg_support_message_replied_exp','Please click the button below to view the ticket details.'),(833,1,'msg_support_new_message','New Support Message'),(834,1,'msg_unsubscribe','You will no longer receive emails from us!'),(835,1,'msg_updated','Changes successfully saved!'),(836,1,'msg_username_unique_error','The username has already been taken.'),(837,1,'msg_vendor_membership_plan_expired','Your membership plan has expired, so your products will no longer be published on the site. If you would like your products to continue being published on the site, please renew your membership plan.'),(838,1,'msg_wrong_old_password','Wrong old password!'),(839,1,'multilingual_system','Multilingual System'),(840,1,'multiple_sale','Multiple Sale'),(841,1,'multiple_sale_option_1','Yes, I want to sell this product to more than one customer'),(842,1,'multiple_sale_option_2','No, I want to sell this product to a single customer'),(843,1,'multi_vendor_system','Multi-Vendor System'),(844,1,'multi_vendor_system_exp','If you disable it, only Admin can add product.'),(845,1,'my_account','My Account'),(846,1,'my_cart','My Cart'),(847,1,'my_coupons','My Coupons'),(848,1,'my_reviews','My Reviews'),(849,1,'name','Name'),(850,1,'name_on_the_card','Name on the Card'),(851,1,'navigation','Navigation'),(852,1,'navigation_template','Navigation Template'),(853,1,'need_more_help','Need more help?'),(854,1,'never','Never'),(855,1,'new','New'),(856,1,'newsletter','Newsletter'),(857,1,'newsletter_desc','Join our subscribers list to get the latest news, updates and special offers directly in your inbox'),(858,1,'newsletter_popup','Newsletter Popup'),(859,1,'newsletter_send_many_exp','Some servers do not allow mass mailing. Therefore, instead of sending your mails to all subscribers at once, you can send them part by part (Example: 50 subscribers at once). If your mail server stops sending mail, the sending process will also stop.'),(860,1,'new_arrivals','New Arrivals'),(861,1,'new_message','New'),(862,1,'new_password','New Password'),(863,1,'new_payout_request','New Payout Request'),(864,1,'new_quote_request','New Quote Request'),(865,1,'next','Next'),(866,1,'no','No'),(867,1,'none','None'),(868,1,'not_added_shipping_address','You have not added a shipping address yet.'),(869,1,'not_added_vendor_balance','Not Added to Vendor Balance'),(870,1,'november','November'),(871,1,'no_comments_found','No comments found for this product. Be the first to comment!'),(872,1,'no_delivery_is_made_to_address','No delivery is made to the address you have chosen.'),(873,1,'no_delivery_this_location','No delivery to this location'),(874,1,'no_discount','No Discount'),(875,1,'no_members_found','No members found!'),(876,1,'no_messages_found','No messages found!'),(877,1,'no_products_found','No products found!'),(878,1,'no_records_found','No records found!'),(879,1,'no_results_found','No Results Found!'),(880,1,'no_reviews_found','No reviews found!'),(881,1,'no_vat','No VAT'),(882,1,'number','Number'),(883,1,'number_featured_products','Number of Featured Products to Show'),(884,1,'number_latest_products','Number of Latest Products to Show'),(885,1,'number_of_ads','Number of Ads'),(886,1,'number_of_coupons','Number of Coupons'),(887,1,'number_of_coupons_exp','How many times a coupon can be used by all customers before being invalid'),(888,1,'number_of_days','Number of Days'),(889,1,'number_of_entries','Number of Entries'),(890,1,'number_of_links_in_menu','The number of links that appear in the menu'),(891,1,'number_of_results','Number of Results'),(892,1,'number_of_total_sales','Number of total sales'),(893,1,'number_remaining_ads','Number of Remaining Ads'),(894,1,'number_short_billion','b'),(895,1,'number_short_million','m'),(896,1,'number_short_thousand','k'),(897,1,'num_articles','{field} Articles'),(898,1,'october','October'),(899,1,'offline','Offline'),(900,1,'ok','OK'),(901,1,'old_password','Old Password'),(902,1,'online','Online'),(903,1,'open','Open'),(904,1,'open_user_shop','Open User Shop'),(905,1,'option','Option'),(906,1,'optional','Optional'),(907,1,'options','Options'),(908,1,'option_display_type','Option Display Type'),(909,1,'option_name','Option Name'),(910,1,'order','Order'),(911,1,'orders','Orders'),(912,1,'order_details','Order Details'),(913,1,'order_has_been_shipped','The order has been shipped!'),(914,1,'order_id','Order Id'),(915,1,'order_information','Order Information'),(916,1,'order_not_yet_shipped','The order has not yet been shipped.'),(917,1,'order_number','Order Number'),(918,1,'order_processing','Processing'),(919,1,'order_summary','Order Summary'),(920,1,'ordinary_listing','Ordinary Listing'),(921,1,'out_of_stock','Out of Stock'),(922,1,'pages','Pages'),(923,1,'page_not_found','Page not found'),(924,1,'page_not_found_sub','The page you are looking for doesn\'t exist.'),(925,1,'page_type','Page Type'),(926,1,'page_views','Page Views'),(927,1,'pagination_product','Pagination (Number of products on each page)'),(928,1,'pagseguro','PagSeguro'),(929,1,'paid','Paid'),(930,1,'panel','Panel'),(931,1,'parent','Parent'),(932,1,'parent_category','Parent Category'),(933,1,'parent_option','Parent Option'),(934,1,'parent_variation','Parent Variation'),(935,1,'password','Password'),(936,1,'password_confirm','Confirm Password'),(937,1,'password_reset','Password Reset'),(938,1,'paste_ad_code','Paste Ad Code'),(939,1,'paste_ad_url','Paste Ad URL'),(940,1,'pause','Pause'),(941,1,'pay','Pay'),(942,1,'payer_email','Payer Email'),(943,1,'paying_wallet_balance','Paying with Wallet Balance'),(944,1,'payment','Payment'),(945,1,'payments','Payments'),(946,1,'payment_amount','Payment Amount'),(947,1,'payment_cancelled','Payment has been cancelled!'),(948,1,'payment_details','Payment Details'),(949,1,'payment_id','Payment Id'),(950,1,'payment_method','Payment Method'),(951,1,'payment_note','Payment Note'),(952,1,'payment_received','Payment Received'),(953,1,'payment_settings','Payment Settings'),(954,1,'payment_status','Payment Status'),(955,1,'payouts','Payouts'),(956,1,'payout_requests','Payout Requests'),(957,1,'payout_settings','Payout Settings'),(958,1,'paypal','PayPal'),(959,1,'paypal_email_address','PayPal Email Address'),(960,1,'paystack','PayStack'),(961,1,'pay_now','Pay Now'),(962,1,'pay_wallet_balance_exp','Pay with your wallet balance'),(963,1,'pay_wallet_balance_warning','The order amount will be deducted from your wallet balance. If you approve, please click the button below to complete the purchase.'),(964,1,'pending','Pending'),(965,1,'pending_comments','Pending Comments'),(966,1,'pending_payment','Pending Payment'),(967,1,'pending_products','Pending Products'),(968,1,'pending_quote','Pending Quote'),(969,1,'permanently_rejected','Permanently Rejected'),(970,1,'permissions','Permissions'),(971,1,'personal_website_url','Personal Website URL'),(972,1,'phone','Phone'),(973,1,'phone_number','Phone Number'),(974,1,'physical','Physical'),(975,1,'physical_exp','A tangible product that you will ship to buyers'),(976,1,'physical_products','Physical Products'),(977,1,'pinterest_url','Pinterest URL'),(978,1,'place_order','Place Order'),(979,1,'plan_expiration_date','Plan Expiration Date'),(980,1,'play','Play'),(981,1,'please_wait','Please wait...'),(982,1,'popular','Popular'),(983,1,'postal_code','Postal Code'),(984,1,'postcode','Postcode'),(985,1,'posts','Posts'),(986,1,'post_comment','Post Comment'),(987,1,'preferences','Preferences'),(988,1,'preview','Preview'),(989,1,'price','Price'),(990,1,'price_per_day','Price Per Day'),(991,1,'price_per_month','Price Per Month'),(992,1,'pricing','Pricing'),(993,1,'primary','Primary'),(994,1,'print','Print'),(995,1,'priority','Priority'),(996,1,'priority_exp','The priority of a particular URL relative to other pages on the same site'),(997,1,'priority_none','Automatically Calculated Priority'),(998,1,'processing','Processing...'),(999,1,'product','Product'),(1000,1,'production','Production'),(1001,1,'products','Products'),(1002,1,'products_ad_space','Products Ad Space'),(1003,1,'products_by_category','Products by Category'),(1004,1,'products_by_category_exp','Show products by categories on the homepage'),(1005,1,'products_sent_different_stores','Your products will be sent by different stores.'),(1006,1,'product_added','Product added successfully!'),(1007,1,'product_added_to_cart','Product successfully added to your cart!'),(1008,1,'product_ad_space','Product Ad Space'),(1009,1,'product_approval_edited_products','Product Approval for Edited Products'),(1010,1,'product_approval_new_products','Product Approval for New Products'),(1011,1,'product_approve_published','Once it is approved, it will be published on the site.'),(1012,1,'product_based_vat','Product Based VAT'),(1013,1,'product_cart_summary','Product cart summary'),(1014,1,'product_code','Product Code'),(1015,1,'product_comments','Product Comments'),(1016,1,'product_details','Product Details'),(1017,1,'product_does_not_ship_location','This product does not ship to this location.\r\n'),(1018,1,'product_id','Product Id'),(1019,1,'product_id_not_defined','Product ID is not defined.'),(1020,1,'product_image_upload','Product Image Upload'),(1021,1,'product_image_upload_limit','Product Image Upload Limit'),(1022,1,'product_link_structure','Product Link Structure'),(1023,1,'product_location','Product Location'),(1024,1,'product_location_exp','Optional product location. Your shop location will be displayed if you do not add a location for your product'),(1025,1,'product_location_system','Product Location System'),(1026,1,'product_or_seller_profile_url','Product or seller profile URL'),(1027,1,'product_price','Product Price'),(1028,1,'product_promoting_payment','Product Promotion Payment'),(1029,1,'product_promoting_payment_exp','Product Promotion Payment'),(1030,1,'product_promotion','Product Promotion'),(1031,1,'product_search_listing','Product Search & Listing'),(1032,1,'product_settings','Product Settings'),(1033,1,'product_type','Product Type'),(1034,1,'product_url','Product URL'),(1035,1,'profile','Profile'),(1036,1,'profile_id','Profile Id'),(1037,1,'profile_settings','Profile Settings'),(1038,1,'program_type','Program Type'),(1039,1,'promote','Promote'),(1040,1,'promote_plan','Promote Plan'),(1041,1,'promote_your_product','Promote Your Product'),(1042,1,'promotion_payments','Promotion Payments'),(1043,1,'public_coupon','Public Coupon'),(1044,1,'public_coupon_exp','Public coupons are visible to all users'),(1045,1,'public_key','Public Key'),(1046,1,'publishable_key','Publishable Key'),(1047,1,'purchase','Purchase'),(1048,1,'purchased_plan','Purchased Plan'),(1049,1,'purchase_code','Purchase Code'),(1050,1,'pwa','Progressive Web App (PWA)'),(1051,1,'pwa_logo','PWA Logo'),(1052,1,'pwa_warning','If you enable PWA option, read \'Progressive Web App (PWA)\' section from the documentation to make the necessary settings.'),(1053,1,'quantity','Quantity'),(1054,1,'question','Question'),(1055,1,'quote','Quote'),(1056,1,'quote_request','Quote Request'),(1057,1,'quote_requests','Quote Requests'),(1058,1,'radio_button','Radio Button (Single Selection)'),(1059,1,'rate_this_product','Rate this product'),(1060,1,'reason','Reason'),(1061,1,'receipt','Receipt'),(1062,1,'received_quote_requests','Received Quote Requests'),(1063,1,'receiver','Receiver'),(1064,1,'recent_chats','Recent Chats'),(1065,1,'reference_code','Reference Code'),(1066,1,'referral_discount','Referral Discount'),(1067,1,'referral_earnings','Referral Earnings'),(1068,1,'referrer_commission','Referrer Commission'),(1069,1,'referrer_commission_rate','Referrer Commission Rate'),(1070,1,'refresh_cache_database_changes','Refresh Cache Files When Database Changes'),(1071,1,'refund','Refund'),(1072,1,'refund_admin_complete_exp','To complete a refund request, you must return the buyer\'s money. If you click the \"Approve Refund\" button, the system will change the order status to \"Refund Approved\" and deduct the order amount from the seller\'s balance.'),(1073,1,'refund_approved','Refund Approved'),(1074,1,'refund_approved_exp','Your refund request has been approved by the seller. The total amount for this product will be refunded to you.'),(1075,1,'refund_declined_exp','Your refund request has been declined by the seller. If you want to raise a dispute, you can contact the site management.'),(1076,1,'refund_reason_explain','Why do you want a refund? Explain in detail.'),(1077,1,'refund_request','Refund Request'),(1078,1,'refund_requests','Refund Requests'),(1079,1,'refund_system','Refund System'),(1080,1,'region','Region'),(1081,1,'regions','Regions'),(1082,1,'register','Register'),(1083,1,'register_with_email','Or register with email'),(1084,1,'regular','Regular'),(1085,1,'regular_listing','Regular Listing'),(1086,1,'reject','Reject'),(1087,1,'rejected','Rejected'),(1088,1,'rejected_quote','Rejected Quote'),(1089,1,'reject_permanently','Reject Permanently'),(1090,1,'reject_quote','Reject Quote'),(1091,1,'related_help_topics','Related Help Topics'),(1092,1,'related_posts','Related Posts'),(1093,1,'remaining_days','Remaining Days'),(1094,1,'remove','Remove'),(1095,1,'removed_from_affiliate_program','You have been removed from the affiliate program.'),(1096,1,'remove_from_featured','Remove from Featured'),(1097,1,'remove_from_product_filters','Remove from Product Filters'),(1098,1,'remove_from_special_offers','Remove from Special Offers'),(1099,1,'remove_from_wishlist','Remove from wishlist'),(1100,1,'remove_user_ban','Remove User Ban'),(1101,1,'renew_your_plan','Renew Your Plan'),(1102,1,'reply','Reply'),(1103,1,'reply_to','Reply to'),(1104,1,'report','Report'),(1105,1,'reported_content','Reported Content'),(1106,1,'report_bank_transfer','Report Bank Transfer'),(1107,1,'report_comment','Report Comment'),(1108,1,'report_review','Report Review'),(1109,1,'report_this_product','Report this product'),(1110,1,'report_this_seller','Report this seller'),(1111,1,'report_type','Report Type'),(1112,1,'request_a_quote','Request a Quote'),(1113,1,'request_documents_vendors','Request Documents from Vendors to Open a Store'),(1114,1,'required','Required'),(1115,1,'required_files','Required Files'),(1116,1,'resend_activation_email','Resend Activation Email'),(1117,1,'reset','Reset'),(1118,1,'reset_cache','Reset Cache'),(1119,1,'reset_filters','Reset Filters'),(1120,1,'reset_location','Reset Location'),(1121,1,'reset_password','Reset Password'),(1122,1,'reset_password_subtitle','Enter your email address'),(1123,1,'responded','Responded'),(1124,1,'restore','Restore'),(1125,1,'return_to_cart','Return to cart'),(1126,1,'review','Review'),(1127,1,'reviews','Reviews'),(1128,1,'right','Right'),(1129,1,'right_to_left','Right to Left (RTL)'),(1130,1,'role','Role'),(1131,1,'roles','Roles'),(1132,1,'roles_permissions','Roles & Permissions'),(1133,1,'role_name','Role Name'),(1134,1,'round_boxes','Round Boxes'),(1135,1,'route_settings','Route Settings'),(1136,1,'route_settings_warning','You cannot use special characters in routes. If your language contains special characters, please be careful when editing routes. If you enter an invalid route, you will not be able to access the related page.'),(1137,1,'row_width','Row Width'),(1138,1,'rss_feeds','RSS Feeds'),(1139,1,'rss_system','RSS System'),(1140,1,'sale','Sale'),(1141,1,'sales','Sales'),(1142,1,'sales_number','Sales'),(1143,1,'sale_id','Sale Id'),(1144,1,'sandbox','Sandbox'),(1145,1,'saturday','Saturday'),(1146,1,'save_and_continue','Save and Continue'),(1147,1,'save_as_draft','Save as Draft'),(1148,1,'save_changes','Save Changes'),(1149,1,'search','Search'),(1150,1,'search_by_location','Search by Location'),(1151,1,'search_products_categories_brands','Search for products, categories or brands'),(1152,1,'search_results','Search Results'),(1153,1,'secret_key','Secret Key'),(1154,1,'secure_key','Secure Key'),(1155,1,'see_details','See Details'),(1156,1,'see_more','See more'),(1157,1,'see_order_details','See Order Details'),(1158,1,'see_products','See Products'),(1159,1,'select','Select'),(1160,1,'select_ad_space','Select Ad Space'),(1161,1,'select_all','Select All'),(1162,1,'select_category','Select Category'),(1163,1,'select_chat_start_messaging','Select a chat to start messaging'),(1164,1,'select_country','Select Country'),(1165,1,'select_existing_variation','Select an Existing Variation'),(1166,1,'select_favicon','Select Favicon'),(1167,1,'select_file','Select File'),(1168,1,'select_for_coupon','Select for Coupon'),(1169,1,'select_image','Select Image'),(1170,1,'select_language','Select Language'),(1171,1,'select_location','Select Location'),(1172,1,'select_logo','Select Logo'),(1173,1,'select_option','Select an option'),(1174,1,'select_payment_option','Select Payment Option'),(1175,1,'select_products','Select Products'),(1176,1,'select_region','Select Region'),(1177,1,'select_your_location','Select Your Location'),(1178,1,'select_your_plan','Select Your Plan'),(1179,1,'select_your_plan_exp','Select your membership plan to continue'),(1180,1,'seller','Seller'),(1181,1,'sellers_bid','Seller\'s Bid'),(1182,1,'seller_balances','Seller Balances'),(1183,1,'seller_does_not_ship_to_address','This seller does not ship to the address you have chosen. You can continue by removing the products of this seller from your cart.'),(1184,1,'selling_license_keys','Selling License Keys'),(1185,1,'selling_on_the_site','Selling on the Site'),(1186,1,'sell_my_product_on_site','Sell product on the site'),(1187,1,'sell_now','Sell Now'),(1188,1,'send','Send'),(1189,1,'sender','Sender'),(1190,1,'send_email','Send Email'),(1191,1,'send_email_subscribers','Send Email to Subscribers'),(1192,1,'send_email_to_buyer','Send Email to Buyer'),(1193,1,'send_message','Send Message'),(1194,1,'send_test_email','Send Test Email'),(1195,1,'send_test_email_exp','You can send a test mail to check if your mail server is working.'),(1196,1,'sent_by','Sent By'),(1197,1,'seo','SEO'),(1198,1,'seo_tools','SEO Tools'),(1199,1,'september','September'),(1200,1,'server_key','Server Key'),(1201,1,'server_response','Server\'s Response'),(1202,1,'settings','Settings'),(1203,1,'settings_language','Settings Language'),(1204,1,'set_as_default','Set as Default'),(1205,1,'set_fixed_vat_rate_all_countries','Set Fixed VAT Rate for All Countries'),(1206,1,'set_payout_account','Set Payout Account'),(1207,1,'share','Share'),(1208,1,'shipped','Shipped'),(1209,1,'shipped_product','Shipped Product'),(1210,1,'shipping','Shipping'),(1211,1,'shipping_address','Shipping Address'),(1212,1,'shipping_class','Shipping Class'),(1213,1,'shipping_classes','Shipping Classes'),(1214,1,'shipping_classes_exp','Shipping classes allow you to define different shipping costs for your products. If you have products with high shipping costs (large in weight and size), you can add a class from here and set a different price for each shipping method for this class. You can choose shipping classes during adding your products.'),(1215,1,'shipping_class_costs','Shipping Class Costs'),(1216,1,'shipping_cost','Shipping Cost'),(1217,1,'shipping_delivery_times','Shipping Delivery Times'),(1218,1,'shipping_delivery_times_exp','You can add shipping delivery times from here (E.g: Ready to ship in 1 Business Day)'),(1219,1,'shipping_information','Shipping Information'),(1220,1,'shipping_location','Shipping & Location'),(1221,1,'shipping_method','Shipping Method'),(1222,1,'shipping_methods','Shipping Methods'),(1223,1,'shipping_settings','Shipping Settings'),(1224,1,'shipping_time','Shipping Time'),(1225,1,'shipping_zones','Shipping Zones '),(1226,1,'shop','Shop'),(1227,1,'shopping_cart','Shopping Cart'),(1228,1,'shop_by_brand','Shop By Brand'),(1229,1,'shop_by_category','Shop By Category'),(1230,1,'shop_description','Shop Description'),(1231,1,'shop_location','Shop Location'),(1232,1,'shop_name','Shop Name'),(1233,1,'shop_now','Shop Now'),(1234,1,'shop_opening_request','Shop Opening Request'),(1235,1,'shop_opening_requests','Shop Opening Requests'),(1236,1,'shop_opening_request_emails','Shop opening request emails'),(1237,1,'shop_policies','Shop Policies'),(1238,1,'shop_settings','Shop Settings'),(1239,1,'short_description','Short Description'),(1240,1,'short_form','Short Form'),(1241,1,'show','Show'),(1242,1,'show_all','Show All'),(1243,1,'show_breadcrumb','Show Breadcrumb'),(1244,1,'show_category_image_on_menu','Show Category Image on Menu'),(1245,1,'show_cookies_warning','Show Cookies Warning'),(1246,1,'show_customer_email_seller','Show Customer Email to Seller'),(1247,1,'show_customer_phone_number_seller','Show Customer Phone Number to Seller'),(1248,1,'show_description_category_page','Show Description on Category Page'),(1249,1,'show_featured_products_first_search','Show Featured Products First in Search Results'),(1250,1,'show_first_search_lists','Show first in search lists'),(1251,1,'show_image_on_main_menu','Show Image on Main Menu'),(1252,1,'show_image_on_navigation','Show Category Image on the Navigation'),(1253,1,'show_my_email','Show my email address'),(1254,1,'show_my_location','Show my location'),(1255,1,'show_my_phone','Show my phone number'),(1256,1,'show_number_sales_profile','Show Number of Sales on Profile'),(1257,1,'show_on_main_menu','Show on Main Menu'),(1258,1,'show_on_slider','Show on Slider'),(1259,1,'show_option_images_on_slider','Show Option Images on Slider When an Option is Selected'),(1260,1,'show_previous_products','Show Previous Products'),(1261,1,'show_reason','Show Reason'),(1262,1,'show_right_column','Show Right Column'),(1263,1,'show_sold_products_on_site','Show Sold Products on the Site'),(1264,1,'show_subcategory_products','Show subcategory products'),(1265,1,'show_title','Show Title'),(1266,1,'show_under_these_categories','Custom field will be displayed under these categories'),(1267,1,'show_vendor_contact_information','Show Vendor Contact Information on the Site'),(1268,1,'single_country_mode','Single Country Mode'),(1269,1,'sitemap','Sitemap'),(1270,1,'site_description','Site Description'),(1271,1,'site_font','Site Font'),(1272,1,'site_key','Site Key'),(1273,1,'site_title','Site Title'),(1274,1,'skip','Skip'),(1275,1,'sku','SKU'),(1276,1,'slide','Slide'),(1277,1,'slider','Slider'),(1278,1,'slider_items','Slider Items'),(1279,1,'slider_settings','Slider Settings'),(1280,1,'slug','Slug'),(1281,1,'slug_exp','If you leave it empty, it will be generated automatically.'),(1282,1,'smtp','SMTP'),(1283,1,'social_login','Social Login'),(1284,1,'social_media','Social Media'),(1285,1,'social_media_settings','Social Media Settings'),(1286,1,'sold','Sold'),(1287,1,'sold_products','Sold Products'),(1288,1,'sort_categories','Sort Categories'),(1289,1,'sort_options','Sort Options'),(1290,1,'sort_parent_categories_by_category_order','Sort Parent Categories by Category Order'),(1291,1,'special_offers','Special Offers'),(1292,1,'start','Start'),(1293,1,'start_selling','Start Selling'),(1294,1,'start_selling_exp','In order to sell your products, you must be a verified member. Verification is a one-time process. This verification process is necessary because of spammers and fraud.'),(1295,1,'state','State'),(1296,1,'states','States'),(1297,1,'static_cache_system','Static Cache System'),(1298,1,'static_cache_system_exp','While the cache system is used for products that are updated more frequently, static cache is applied to records that do not change often (such as categories, custom fields, settings, etc.). If any changes occur in these records, the cache files are automatically refreshed.'),(1299,1,'status','Status'),(1300,1,'still_have_questions','Still have questions?'),(1301,1,'still_have_questions_exp','If you still have a question, you can submit a support request here.'),(1302,1,'stock','Stock'),(1303,1,'storage','Storage'),(1304,1,'store_name','Store Name'),(1305,1,'stripe','Stripe'),(1306,1,'stripe_checkout','Stripe Checkout'),(1307,1,'stripe_payment_for','Promote payment for'),(1308,1,'subcategory','Subcategory'),(1309,1,'subject','Subject'),(1310,1,'submit','Submit'),(1311,1,'submit_a_new_quote','Submit a New Quote'),(1312,1,'submit_a_quote','Submit a Quote'),(1313,1,'submit_a_request','Submit a Request'),(1314,1,'submit_refund_request','Submit a Refund Request'),(1315,1,'subscribe','Subscribe'),(1316,1,'subscribers','Subscribers'),(1317,1,'subtotal','Subtotal'),(1318,1,'succeeded','Succeeded'),(1319,1,'summary','Summary'),(1320,1,'sunday','Sunday'),(1321,1,'support_system_emails','Support system emails'),(1322,1,'support_ticket','Ticket'),(1323,1,'support_tickets','Support Tickets'),(1324,1,'swift','SWIFT'),(1325,1,'swift_code','SWIFT Code'),(1326,1,'swift_iban','Bank Account Number/IBAN'),(1327,1,'system','System'),(1328,1,'tag','Tag'),(1329,1,'tags','Tags'),(1330,1,'tags_product_exp','Add relevant keywords for your product to increase visibility in search results'),(1331,1,'tax_name','Tax Name'),(1332,1,'tax_rate','Tax Rate'),(1333,1,'tax_registration_number','Tax Registration Number'),(1334,1,'tax_settings','Tax Settings'),(1335,1,'telegram_url','Telegram URL'),(1336,1,'tell_us_about_shop','Tell Us About Your Shop'),(1337,1,'terms_conditions_exp','I have read and agree to the'),(1338,1,'text','Text'),(1339,1,'textarea','Textarea'),(1340,1,'text_color','Text Color'),(1341,1,'text_direction','Text Direction'),(1342,1,'text_editor_language','Text Editor Language'),(1343,1,'theme','Theme'),(1344,1,'there_is_shop_opening_request','There is a new shop opening request.'),(1345,1,'the_operation_completed','The operation completed successfully!'),(1346,1,'thursday','Thursday'),(1347,1,'ticket','Ticket'),(1348,1,'tiktok_url','TikTok URL'),(1349,1,'timezone','Timezone'),(1350,1,'time_limit_for_plan','A time limit for the plan'),(1351,1,'title','Title'),(1352,1,'to','To:'),(1353,1,'token','Token'),(1354,1,'top','Top'),(1355,1,'top_menu','Top Menu'),(1356,1,'total','Total'),(1357,1,'total_amount','Total Amount:'),(1358,1,'tracking_code','Tracking Code'),(1359,1,'tracking_url','Tracking URL'),(1360,1,'transactions','Transactions'),(1361,1,'transaction_fee','Transaction Fee'),(1362,1,'transaction_fee_exp','If you don\'t want to charge a transaction fee, type 0'),(1363,1,'transaction_number','Transaction Number'),(1364,1,'translation','Translation'),(1365,1,'tuesday','Tuesday'),(1366,1,'twitch_url','Twitch Url'),(1367,1,'twitter_url','X (Twitter) URL'),(1368,1,'type','Type'),(1369,1,'type_extension','Type an extension and hit enter '),(1370,1,'type_tag','Type tag and hit enter'),(1371,1,'unconfirmed','Unconfirmed'),(1372,1,'unfollow','Unfollow'),(1373,1,'unit_price','Unit Price'),(1374,1,'unlimited','Unlimited'),(1375,1,'unlimited_stock','Unlimited Stock'),(1376,1,'unsubscribe','Unsubscribe'),(1377,1,'unsubscribe_successful','Unsubscribe Successful!'),(1378,1,'updated','Updated'),(1379,1,'update_category','Update Category'),(1380,1,'update_city','Update City'),(1381,1,'update_country','Update Country'),(1382,1,'update_currency','Update Currency'),(1383,1,'update_custom_field','Update Custom Field'),(1384,1,'update_exchange_rates','Update Exchange Rates'),(1385,1,'update_font','Update Font'),(1386,1,'update_language','Update Language'),(1387,1,'update_order_status','Update Order Status'),(1388,1,'update_page','Update Page'),(1389,1,'update_post','Update Post'),(1390,1,'update_product','Update Product'),(1391,1,'update_profile','Update Profile'),(1392,1,'update_quote','Update Quote'),(1393,1,'update_seller_balance','Update Seller Balance'),(1394,1,'update_slider_item','Update Slider Item'),(1395,1,'update_state','Update State'),(1396,1,'upload','Upload'),(1397,1,'uploaded','Uploaded'),(1398,1,'uploading','Uploading...'),(1399,1,'upload_file','Upload File'),(1400,1,'upload_your_banner','Upload Your Banner'),(1401,1,'url','URL'),(1402,1,'used','Used'),(1403,1,'user','User'),(1404,1,'username','Username'),(1405,1,'users','Users'),(1406,1,'user_agent','User Agent'),(1407,1,'user_details','User Details'),(1408,1,'user_id','User Id'),(1409,1,'user_login_activities','User Login Activities'),(1410,1,'user_reviews','User Reviews'),(1411,1,'use_default_payment_account','Use as default payment account'),(1412,1,'use_default_price','Use default price'),(1413,1,'use_different_price_for_options','Use Different Price for Options'),(1414,1,'use_same_address_for_billing','Use same address for billing address'),(1415,1,'use_this_date','Use This Date'),(1416,1,'vacation_message','Vacation Message'),(1417,1,'vacation_mode','Vacation Mode'),(1418,1,'variations','Variations'),(1419,1,'variations_exp','Add available options, like color or size that buyers can choose during checkout'),(1420,1,'variation_type','Variation Type'),(1421,1,'vat','VAT'),(1422,1,'vat_exp','Value-Added Tax'),(1423,1,'vat_vendor_dashboard_exp','Define VAT values for your products based on countries'),(1424,1,'vat_vendor_exp','Allow vendors to add VAT for their products'),(1425,1,'vendor','Vendor'),(1426,1,'vendors','Vendors'),(1427,1,'vendor_bulk_product_upload','Vendor Bulk Product Upload'),(1428,1,'vendor_no_shipping_option_warning','If you want to sell a physical product, you must add your shipping options before adding the product. Please go to this section and add your shipping options:'),(1429,1,'vendor_on_vacation','Vendor on Vacation'),(1430,1,'vendor_on_vacation_exp','This vendor is currently on vacation and is not available to process orders or respond to messages.'),(1431,1,'vendor_on_vacation_vendor_exp','Vacation mode allows you to pause your store for a certain period of time'),(1432,1,'vendor_vat_rates_exp','The VAT rate you set for a country will apply to all states within that country. However, if you want a state to have its own unique tax rate, you can specify a different VAT rate for that state.'),(1433,1,'vendor_verification_system','Vendor Verification System'),(1434,1,'vendor_verification_system_exp','Disable if you want to allow all users to add products.'),(1435,1,'vertical_alignment','Vertical Alignment'),(1436,1,'video','Video'),(1437,1,'video_preview','Video Preview'),(1438,1,'video_preview_exp','MP4 or WEBM preview video'),(1439,1,'view_all','View All'),(1440,1,'view_cart','View Cart'),(1441,1,'view_content','View Content'),(1442,1,'view_details','View Details'),(1443,1,'view_invoice','View Invoice'),(1444,1,'view_license_keys','View License Keys'),(1445,1,'view_options','View Options'),(1446,1,'view_pdf_file','View PDF File'),(1447,1,'view_product','View Product'),(1448,1,'view_site','View Site'),(1449,1,'visibility','Visibility'),(1450,1,'visible','Visible'),(1451,1,'visual_settings','Visual Settings'),(1452,1,'vk_login','VKontakte Login'),(1453,1,'vk_url','VK URL'),(1454,1,'waiting','Waiting...'),(1455,1,'wallet','Wallet'),(1456,1,'wallet_balance','Wallet Balance'),(1457,1,'wallet_deposit','Wallet Deposit'),(1458,1,'wallet_deposits','Wallet Deposits'),(1459,1,'warning','Warning'),(1460,1,'warning_add_order_tracking_code','You can add the order tracking code and link while changing the order status.'),(1461,1,'warning_cannot_choose_plan','You cannot choose this plan due to the number of products you have added'),(1462,1,'warning_category_sort','Sorting with drag and drop will be active only when the \"by Category Order\" option is selected.'),(1463,1,'warning_edit_profile_image','Click on the save changes button after selecting your image'),(1464,1,'warning_external_download_link','For security reasons, it is recommended to upload digital files instead of adding an external download link'),(1465,1,'warning_membership_admin_role','Admin role does not require a membership plan.'),(1466,1,'warning_plan_used','This plan has been used before'),(1467,1,'warning_product_main_image','You can click on the \"Main\" button on the images to select the main image of your product'),(1468,1,'watermark','Watermark'),(1469,1,'watermark_image','Watermark Image'),(1470,1,'wednesday','Wednesday'),(1471,1,'weekly','Weekly'),(1472,1,'whatsapp_url','WhatsApp URL'),(1473,1,'where_to_display','Where to Display'),(1474,1,'width','Width'),(1475,1,'wishlist','Wishlist'),(1476,1,'withdraw_amount','Withdrawal Amount'),(1477,1,'withdraw_method','Withdrawal Method'),(1478,1,'withdraw_money','Withdraw Money'),(1479,1,'write_a_message','Write a message...'),(1480,1,'write_review','Write a Review...'),(1481,1,'wrong_password','Wrong password!'),(1482,1,'yearly','Yearly'),(1483,1,'years_ago','years ago'),(1484,1,'year_ago','year ago'),(1485,1,'yes','Yes'),(1486,1,'your_balance','Your Balance'),(1487,1,'your_cart_is_empty','Your cart is empty!'),(1488,1,'your_order_shipped','Your order has been shipped'),(1489,1,'your_quote_accepted','Your quote has been accepted.'),(1490,1,'your_quote_rejected','Your quote has been rejected.'),(1491,1,'your_quote_request_replied','Your quote request has been replied.'),(1492,1,'your_rating','Your Rating:'),(1493,1,'your_shop_opening_request_approved','Your shop opening request has been approved. You can go to our site and start to sell your items!'),(1494,1,'youtube_url','Youtube URL'),(1495,1,'you_have_new_message','You have a new message'),(1496,1,'you_have_new_order','You have a new order'),(1497,1,'you_have_new_quote_request','You have a new quote request.'),(1498,1,'you_have_no_debt','You have no debt.'),(1499,1,'you_may_also_like','You may also like'),(1500,1,'you_will_earn','You Will Earn'),(1501,1,'zip_code','Zip Code'),(1502,1,'zone_name','Zone Name'),(3005,3,'abuse_reports','Kötüye Kullanım Raporları'),(3006,3,'abuse_report_exp','Karşılaştığınız sorunu kısaca açıklayın'),(3007,3,'abuse_report_msg','Raporunuz bize ulaştı. Teşekkür ederim!'),(3008,3,'accept_cookies','Çerezleri kabul et'),(3009,3,'accept_quote','Teklifi Kabul Et'),(3010,3,'access_key','Erişim anahtarı'),(3011,3,'activate_all','Tümünü Etkinleştir'),(3012,3,'activation_email_sent','Etkinleştirme e-postası gönderildi!'),(3013,3,'active','Aktif'),(3014,3,'active_orders','Aktif Siparişler'),(3015,3,'active_payment_request_error','Zaten aktif bir ödeme talebiniz var! Bu işlemi tamamladıktan sonra yeni bir talepte bulunabilirsiniz.'),(3016,3,'active_sales','Aktif Satışlar'),(3017,3,'added_to_cart','Sepete Eklendi'),(3018,3,'additional_information','Ek Bilgiler'),(3019,3,'address','Adres'),(3020,3,'address_title','Adres başlığı'),(3021,3,'address_type','Adres Tipi'),(3022,3,'add_administrator','Yönetici Ekle'),(3023,3,'add_a_comment','Yorum ekle'),(3024,3,'add_banner','Banner Ekle'),(3025,3,'add_brand','Marka Ekle'),(3026,3,'add_category','Kategori ekle'),(3027,3,'add_city','Şehir Ekle'),(3028,3,'add_content','İçerik Ekle'),(3029,3,'add_country','Ülke Ekle'),(3030,3,'add_coupon','Kupon Ekle'),(3031,3,'add_currency','Para Birimi Ekle'),(3032,3,'add_custom_field','Özel Alan Ekle'),(3033,3,'add_delivery_time','Teslimat Süresi Ekle'),(3034,3,'add_external_download_link','Harici İndirme Bağlantısı Ekle'),(3035,3,'add_feature','Özellik Ekle'),(3036,3,'add_font','Yazı Tipi Ekle'),(3037,3,'add_image','Resim eklemek'),(3038,3,'add_language','Dil Ekle'),(3039,3,'add_license_keys','Lisans Anahtarlarını Ekle'),(3040,3,'add_license_keys_exp','Tüm lisans anahtarlarını virgül(,) ayırıcıyla ekleyin. (yani Lisans Anahtarı, Lisans Anahtarı...)'),(3041,3,'add_new_address','Yeni adres ekleyin'),(3042,3,'add_option','Seçenek Ekle'),(3043,3,'add_page','Sayfa ekle'),(3044,3,'add_payout','Ödeme Ekle'),(3045,3,'add_post','Gönderi Ekle'),(3046,3,'add_product','ürün ekle'),(3047,3,'add_product_for_sale','Satılık Ürün Ekle'),(3048,3,'add_product_for_sale_exp','Siteye satılacak bir ürün ekleyin'),(3049,3,'add_product_get_price_requests','Teklif (Fiyat) Talepleri Almak İçin Ürün Ekleyin'),(3050,3,'add_product_get_price_requests_exp','Müşterilerden fiyat talebi almak için fiyat eklemeden ürün ekleyin'),(3051,3,'add_product_sell_license_keys','Lisans Anahtarlarını Satmak İçin Ürün Ekleme'),(3052,3,'add_product_sell_license_keys_exp','Yalnızca lisans anahtarlarını satmak için bir ürün ekleyin'),(3053,3,'add_product_services_listing','Bir Ürün veya Hizmeti Sıradan Liste Olarak Ekleme'),(3054,3,'add_product_services_listing_exp','Satın alma seçeneği olmadan ürün veya hizmet ekleme'),(3055,3,'add_review','İnceleme Ekle'),(3056,3,'add_role','Rol Ekle'),(3057,3,'add_shipping_class','Nakliye Sınıfı Ekle'),(3058,3,'add_shipping_method','Gönderim Yöntemi Ekle'),(3059,3,'add_shipping_option','Gönderim Seçeneği Ekle'),(3060,3,'add_shipping_zone','Gönderim Bölgesi Ekle'),(3061,3,'add_slider_item','Kaydırıcı Öğesi Ekle'),(3062,3,'add_space_between_money_currency','Para ve Para Birimi Arasına Boşluk Ekleyin'),(3063,3,'add_state','Eyalet Ekle'),(3064,3,'add_to_cart','Sepete ekle'),(3065,3,'add_to_featured','Öne Çıkanlara Ekle'),(3066,3,'add_to_product_filters','Ürün Filtrelerine Ekle'),(3067,3,'add_to_special_offers','Özel Tekliflere Ekle'),(3068,3,'add_to_wishlist','İstek listesine ekle'),(3069,3,'add_user','Kullanıcı Ekle'),(3070,3,'add_variation','Varyasyon Ekle'),(3071,3,'add_video','Video ekle'),(3072,3,'add_watermark_blog_images','Blog Görsellerine Filigran Ekleme'),(3073,3,'add_watermark_product_images','Ürün Görsellerine Filigran Ekleme'),(3074,3,'add_watermark_thumbnail_images','Küçük Resim (Küçük) Görsellere Filigran Ekleme'),(3075,3,'administrators','Yöneticiler'),(3076,3,'admin_emails_will_send','Yönetici e-postaları bu adrese gönderilecek'),(3077,3,'admin_panel','Admin Paneli'),(3078,3,'admin_panel_link','Yönetici Paneli Bağlantısı'),(3079,3,'adsense_head_exp','Buraya ekleyeceğiniz kodlar etiketlerin içerisine eklenecektir.'),(3080,3,'ad_size','Reklam Boyutu'),(3081,3,'ad_spaces','Reklam Alanları'),(3082,3,'all','Tüm'),(3083,3,'allowed_file_extensions','İzin Verilen Dosya Uzantıları'),(3084,3,'allow_all_currencies_classified_ads','Sıradan Listeleme için Tüm Para Birimlerine İzin Ver'),(3085,3,'allow_duplicate_license_keys','Yinelenen Lisans Anahtarlarına İzin Ver'),(3086,3,'allow_vendors_change_shop_name','Satıcıların Mağaza Adlarını Değiştirmelerine İzin Verin'),(3087,3,'all_active_currencies','Tüm aktif para birimleri'),(3088,3,'all_categories','Tüm Kategoriler'),(3089,3,'all_countries','Tüm ülkeler'),(3090,3,'all_help_topics','Tüm Yardım Konuları'),(3091,3,'all_permissions','Tüm İzinler'),(3092,3,'all_states','Tüm devletler'),(3093,3,'alphabetically','Alfabetik olarak'),(3094,3,'already_have_active_request','Bu ürün için zaten aktif bir talebiniz var!'),(3095,3,'always','Her zaman'),(3096,3,'animations','Animasyonlar'),(3097,3,'api_key','API Anahtarı'),(3098,3,'appear_on_homepage','Ana Sayfada Görün'),(3099,3,'apply','Uygula'),(3100,3,'approve','Onaylamak'),(3101,3,'approved','Onaylı'),(3102,3,'approved_comments','Onaylanan Yorumlar'),(3103,3,'approve_before_publishing','Ürünleri Yayınlamadan Önce Onaylayın'),(3104,3,'approve_refund','Geri Ödemeyi Onayla'),(3105,3,'app_id','Uygulama kimliği'),(3106,3,'app_name','Uygulama Adı'),(3107,3,'app_secret','Uygulama Sırrı'),(3108,3,'april','Nisan'),(3109,3,'ask_question','Soru sor'),(3110,3,'assign_membership_plan','Üyelik Planı Ata'),(3111,3,'attachments','Ekler'),(3112,3,'audio','Ses'),(3113,3,'audio_preview','Ses Önizleme'),(3114,3,'audio_preview_exp','MP3 veya WAV önizleme sesi'),(3115,3,'august','Ağustos'),(3116,3,'automatically_update_exchange_rates','Döviz Kurlarını Otomatik Olarak Güncelle'),(3117,3,'awaiting_payment','Bekleyen ödeme'),(3118,3,'awaiting_sellers_bid','Satıcının Teklifi Bekleniyor'),(3119,3,'aws_base_url','AWS Temel URL\'si'),(3120,3,'aws_key','AWS Erişim Anahtarı'),(3121,3,'aws_secret','AWS Gizli Anahtarı'),(3122,3,'aws_storage','AWS S3 Depolama'),(3123,3,'back','Geri'),(3124,3,'backward','Geriye'),(3125,3,'balance','Denge'),(3126,3,'balance_exp','Onaylanan kazançlar'),(3127,3,'bank_accounts','Banka hesabı'),(3128,3,'bank_accounts_exp','Ödemenizi bu banka hesaplarından birine yapabilirsiniz.'),(3129,3,'bank_account_holder_name','Banka Hesap Sahibinin Adı'),(3130,3,'bank_branch_city','Banka Şubesi Şehri'),(3131,3,'bank_branch_country','Banka Şubesi Ülke'),(3132,3,'bank_name','Banka adı'),(3133,3,'bank_transfer','Banka transferi'),(3134,3,'bank_transfer_accepted','Banka havalesi kabul edildi'),(3135,3,'bank_transfer_declined','Banka havalesi reddedildi'),(3136,3,'bank_transfer_exp','Ödemenizi doğrudan banka hesabımıza yapın.'),(3137,3,'bank_transfer_notifications','Banka Transferi Bildirimleri'),(3138,3,'banned','Yasaklandı'),(3139,3,'banner','Afiş'),(3140,3,'banner_desktop','Masaüstü Banner\'ı'),(3141,3,'banner_desktop_exp','Bu reklam 992 pikselden büyük ekranlarda görüntülenecektir'),(3142,3,'banner_location_exp','Banner seçilen bölümün altına eklenecek'),(3143,3,'banner_mobile','Mobil Banner'),(3144,3,'banner_mobile_exp','Bu reklam 992 pikselden küçük ekranlarda görüntülenecektir'),(3145,3,'banner_width','Banner Genişliği'),(3146,3,'ban_user','Kullanıcıyı Yasakla'),(3147,3,'base_currency','Baz Para Birimi'),(3148,3,'bidding_system','Teklif Sistemi'),(3149,3,'bidding_system_emails','Teklif sistemi e-postaları'),(3150,3,'bidding_system_request_quote','Teklif Sistemi (Teklif İste)'),(3151,3,'billing_address','Fatura Adresi'),(3152,3,'bitcoin','Bitcoin (BTC)'),(3153,3,'blog','Blog'),(3154,3,'blog_ad_space_1','Blog Reklam Alanı 1'),(3155,3,'blog_ad_space_2','Blog Reklam Alanı 2'),(3156,3,'blog_comments','Blog Yorumları'),(3157,3,'blog_posts','Blog Yazıları'),(3158,3,'blog_slider','Blog Kaydırıcısı'),(3159,3,'bottom','Alt'),(3160,3,'boxed','Kutulu'),(3161,3,'brand','Marka'),(3162,3,'brands','Markalar'),(3163,3,'browse_files','Dosyalara Göz Atın'),(3164,3,'btc_address','BTC Adresi'),(3165,3,'bucket_name','Paket Adı'),(3166,3,'bulk_category_upload','Toplu Kategori Yükleme'),(3167,3,'bulk_category_upload_exp','Bu bölümden CSV dosyası ile kategorilerinizi ekleyebilirsiniz.'),(3168,3,'bulk_product_upload','Toplu Ürün Yükleme'),(3169,3,'bulk_product_upload_exp','Bu bölümden CSV dosyası ile ürünlerinizi ekleyebilirsiniz.'),(3170,3,'button','Düğme'),(3171,3,'button_color','Düğme rengi'),(3172,3,'button_text','Düğme Metni'),(3173,3,'button_text_color','Düğme Metin Rengi'),(3174,3,'buyer','Alıcı'),(3175,3,'buy_button_link','Satın al düğmesi bağlantısı'),(3176,3,'buy_now','Şimdi al'),(3177,3,'by','İle'),(3178,3,'by_category_order','Kategori Sırasına göre'),(3179,3,'by_date','Tarihe göre'),(3180,3,'cache_refresh_time','Önbellek Yenileme Süresi (Dakika)'),(3181,3,'cache_refresh_time_exp','Bu sürenin sonunda önbellek dosyalarınız yenilenecektir.'),(3182,3,'cache_system','Önbellek Sistemi'),(3183,3,'cancel','İptal etmek'),(3184,3,'cancelled','İptal edildi'),(3185,3,'cancelled_sales','İptal Edilen Satışlar'),(3186,3,'cancel_order','Siparişi iptal et'),(3187,3,'card_number','Kart numarası'),(3188,3,'cart','Araba'),(3189,3,'cash_on_delivery','Kapıda ödeme'),(3190,3,'cash_on_delivery_exp','Teslimatta nakit ödeme yapın.'),(3191,3,'cash_on_delivery_vendor_exp','Ürünlerinizi kapıda ödeme seçeneğiyle satın'),(3192,3,'cash_on_delivery_warning','Ödeme yönteminiz olarak \'Kapıda Ödeme\' seçeneğini seçtiniz. Paketinizi teslim aldığınızda toplam tutarı ödemeniz gerekmektedir. Bu ödeme yöntemini kabul ediyorsanız, siparişinizi tamamlamak için lütfen aşağıdaki butona tıklayın.'),(3193,3,'categories','Kategoriler'),(3194,3,'categories_all','Tüm Kategoriler'),(3195,3,'category','Kategori'),(3196,3,'category_id_finder','Kategori Kimliği Bulucu'),(3197,3,'category_id_finder_exp','Bir kategorinin kimliğini öğrenmek için bu bölümü kullanabilirsiniz.'),(3198,3,'category_level','Kategori Düzeyi'),(3199,3,'category_name','Kategori adı'),(3200,3,'cell_phone','Cep telefonu'),(3201,3,'center','Merkez'),(3202,3,'change_password','Şifre değiştir'),(3203,3,'change_user_role','Kullanıcı Rolünü Değiştir'),(3204,3,'charge_shipping_for_each_different_product','Sepetteki her farklı ürün için kargo ücreti alın'),(3205,3,'charge_shipping_for_each_product','Sepetteki her ürün için kargo ücreti alın'),(3206,3,'checkbox','Onay Kutusu (Çoklu Seçim)'),(3207,3,'checking_out_as_guest','Misafir olarak çıkış yapıyorsunuz'),(3208,3,'checkout','Çıkış yapmak'),(3209,3,'choose_plan','Planı Seçin'),(3210,3,'cities','Şehirler'),(3211,3,'city','Şehir'),(3212,3,'classified_ads','Sınıflandırılmış reklamlar'),(3213,3,'classified_ads_adding_product_as_listing','Seri İlanlar (Bir Ürün veya Hizmetin Sıradan Liste Olarak Eklenmesi)'),(3214,3,'clear','Temizlemek'),(3215,3,'client_id','Müşteri Kimliği'),(3216,3,'client_information','Müşteri bilgisi'),(3217,3,'client_secret','Müşteri Sırrı'),(3218,3,'close','Kapalı'),(3219,3,'closed','Kapalı'),(3220,3,'close_seller_shop','Satıcının Mağazasını Kapat'),(3221,3,'close_ticket','Bileti Kapat'),(3222,3,'close_user_shop','Kullanıcı Mağazasını Kapat'),(3223,3,'cod_cancel_exp','Sipariş tarihinizi takip eden 24 saat içerisinde siparişinizi iptal edebilirsiniz.'),(3224,3,'color','Renk'),(3225,3,'comment','Yorum'),(3226,3,'comments','Yorumlar'),(3227,3,'comment_approval_system','Yorum Onay Sistemi'),(3228,3,'commission','Komisyon'),(3229,3,'commission_rate','Komisyon oranı'),(3230,3,'completed','Tamamlanmış'),(3231,3,'completed_orders','Tamamlanan Siparişler'),(3232,3,'completed_sales','Tamamlanan Satışlar'),(3233,3,'confirmed','Onaylanmış'),(3234,3,'confirm_action','Bu eylemi gerçekleştirmek istediğinizden emin misiniz?'),(3235,3,'confirm_approve_order','Bu siparişi onaylamak istediğinizden emin misiniz?'),(3236,3,'confirm_close_user_shop','Bu dükkanı kapatmak istediğinden emin misin?'),(3237,3,'confirm_comment','Bu yorumu silmek istediğinizden emin misiniz?'),(3238,3,'confirm_comments','Seçilen yorumları silmek istediğinizden emin misiniz?'),(3239,3,'confirm_delete','Bu öğeyi silmek istediğinizden emin misiniz?'),(3240,3,'confirm_message','Bu görüşmeyi silmek istediğinizden emin misiniz?'),(3241,3,'confirm_messages','Seçilen görüşmeleri silmek istediğinizden emin misiniz?'),(3242,3,'confirm_order_received','Siparişi Onayı Alındı'),(3243,3,'confirm_order_received_exp','Siparişinizi alıp almadığınızı onaylayın.'),(3244,3,'confirm_order_received_warning','Siparişinizi teslim aldığınızda lütfen satın aldığınız ürünleri kontrol ediniz. Herhangi bir sorun yoksa \'Alınan Siparişi Onayla\' butonuna tıklayın. Siparişinizi onayladıktan sonra para satıcıya aktarılacaktır.'),(3245,3,'confirm_payment','Ödemeyi Onayla'),(3246,3,'confirm_product','Bu ürünü silmek istediğinizden emin misiniz?'),(3247,3,'confirm_products','Seçilen ürünleri silmek istediğinizden emin misiniz?'),(3248,3,'confirm_product_audio','Bu sesi silmek istediğinizden emin misiniz?'),(3249,3,'confirm_product_permanent','Bu ürünü kalıcı olarak silmek istediğinizden emin misiniz?'),(3250,3,'confirm_product_video','Bu videoyu silmek istediğinizden emin misiniz?'),(3251,3,'confirm_quote_request','Bu fiyat teklifi isteğini silmek istediğinizden emin misiniz?'),(3252,3,'confirm_review','Bu yorumu silmek istediğinizden emin misiniz?'),(3253,3,'confirm_reviews','Seçili incelemeleri silmek istediğinizden emin misiniz?'),(3254,3,'confirm_slider_item','Bu kaydırıcı öğesini silmek istediğinizden emin misiniz?'),(3255,3,'confirm_user','Bu kullanıcıyı silmek istediğinizden emin misiniz?'),(3256,3,'confirm_user_email','E-posta Onayla'),(3257,3,'confirm_variation','Bu varyasyonu silmek istediğinizden emin misiniz?'),(3258,3,'confirm_your_account','Hesabını onayla'),(3259,3,'connect_with_facebook','Facebook ile Bağlan'),(3260,3,'connect_with_google','Google\'a bağlanın'),(3261,3,'connect_with_vk','VKontakte\'ye bağlanın'),(3262,3,'contact','Temas etmek'),(3263,3,'contact_message','İletişim Mesajı'),(3264,3,'contact_messages','İletişim Mesajları'),(3265,3,'contact_seller','Satıcıyla iletişime geç'),(3266,3,'contact_settings','İletişim Ayarları'),(3267,3,'contact_support','İletişim desteği'),(3268,3,'contact_support_exp','Aradığınızı bulamadıysanız buradan destek talebi gönderebilirsiniz.'),(3269,3,'contact_text','İletişim Metni'),(3270,3,'content','İçerik'),(3271,3,'contents','İçindekiler'),(3272,3,'content_type','İçerik türü'),(3273,3,'continent','Kıta'),(3274,3,'continue_to_checkout','Ödemeye Devam Et'),(3275,3,'continue_to_payment','Ödeme devam'),(3276,3,'continue_to_payment_method','Ödeme Yöntemine Devam Et'),(3277,3,'cookies_warning','Çerez Uyarısı'),(3278,3,'copied','Kopyalandı'),(3279,3,'copyright','Telif hakkı'),(3280,3,'copy_code','Kodu Kopyala'),(3281,3,'cost','Maliyet'),(3282,3,'cost_calculation_type','Maliyet Hesaplama Türü'),(3283,3,'countries','Ülkeler'),(3284,3,'country','Ülke'),(3285,3,'coupon','Kupon'),(3286,3,'coupons','Kuponlar'),(3287,3,'coupon_code','Kupon Kodu'),(3288,3,'coupon_minimum_cart_total_exp','Kuponu kullanmak için gereken minimum sepet toplamı'),(3289,3,'coupon_usage_type','Kupon Kullanım Türü'),(3290,3,'coupon_usage_type_1','Her kullanıcı yalnızca bir sipariş için kullanabilir'),(3291,3,'coupon_usage_type_2','Her kullanıcı birden fazla sipariş için kullanabilir (Misafirler kullanabilir)'),(3292,3,'coupon_valid_till','Geçerlilik tarihi: {field}'),(3293,3,'cover_image_type','Kapak Resmi Türü'),(3294,3,'cpf','CPF'),(3295,3,'created_variations','Varyasyonlar oluşturuldu'),(3296,3,'create_ad_exp','Reklam kodunuz yoksa bir görsel seçip URL ekleyerek reklam kodu oluşturabilirsiniz.'),(3297,3,'create_new_plan','Yeni Bir Plan Oluşturun'),(3298,3,'credit_card','Kredi kartı'),(3299,3,'csv_file','CSV Dosyası'),(3300,3,'currencies','Para birimleri'),(3301,3,'currency','Para birimi'),(3302,3,'currency_code','Para Birimi Kodu'),(3303,3,'currency_converter','Döviz Çevirici'),(3304,3,'currency_converter_api','Para Birimi Dönüştürücü API\'si'),(3305,3,'currency_format','Para Birimi Formatı'),(3306,3,'currency_name','Para Birimi Adı'),(3307,3,'currency_settings','Para Birimi Ayarları'),(3308,3,'currency_symbol','Para Birimi Sembolü'),(3309,3,'currency_symbol_format','Para Birimi Sembol Formatı'),(3310,3,'current_plan','Mevcut Plan'),(3311,3,'custom','Gelenek'),(3312,3,'custom_field','Özel alan'),(3313,3,'custom_fields','Özel Alanlar'),(3314,3,'custom_field_options','Özel Alan Seçenekleri'),(3315,3,'custom_footer_codes','Özel Alt Bilgi Kodları'),(3316,3,'custom_footer_codes_exp','Bu kodlar sitenin altbilgisine eklenecektir.'),(3317,3,'custom_header_codes','Özel Başlık Kodları'),(3318,3,'custom_header_codes_exp','Bu kodlar sitenin başlığına eklenecektir.'),(3319,3,'cvv','CVV'),(3320,3,'cvv_exp','Kartınızın arka yüzündeki üç haneli kod'),(3321,3,'daily','Günlük'),(3322,3,'daily_plan','Günlük plan'),(3323,3,'dashboard','Gösterge Paneli'),(3324,3,'dashboard_font','Kontrol Paneli Yazı Tipi'),(3325,3,'data_type','Veri tipi'),(3326,3,'date','Tarih'),(3327,3,'date_of_birth','Doğum tarihi'),(3328,3,'day','Gün'),(3329,3,'days','Günler'),(3330,3,'days_ago','Günler önce'),(3331,3,'days_left','Kalan günler'),(3332,3,'day_ago','Gün önce'),(3333,3,'day_count','Gün sayısı'),(3334,3,'december','Aralık'),(3335,3,'decline','Reddetmek'),(3336,3,'declined','Reddedildi'),(3337,3,'default','Varsayılan'),(3338,3,'default_currency','Varsayılan Para Birimi'),(3339,3,'default_language','Varsayılan dil'),(3340,3,'default_option','Varsayılan seçenek'),(3341,3,'default_option_exp','Bu seçenek varsayılan olarak seçili olacaktır. Varsayılan görselleri ve fiyatı kullanacak'),(3342,3,'define_new_tax','Yeni Vergiyi Tanımlayın'),(3343,3,'delete','Silmek'),(3344,3,'deleted','Silindi'),(3345,3,'deleted_products','Silinen Ürünler'),(3346,3,'delete_conversation','Konuşmayı sil'),(3347,3,'delete_permanently','Kalıcı olarak sil'),(3348,3,'delete_quote','Teklifi Sil'),(3349,3,'delivery_time','Teslimat süresi'),(3350,3,'demo_url','Demo URL\'si'),(3351,3,'demo_url_exp','Bir önizleme URL\'si ekleyin (ör. https://demo.com)'),(3352,3,'description','Tanım'),(3353,3,'details','Detaylar'),(3354,3,'digital','Dijital'),(3355,3,'digital_exp','Alıcıların indireceği dijital bir dosya'),(3356,3,'digital_file','Dijital Dosya'),(3357,3,'digital_files','Dijital Dosyalar'),(3358,3,'digital_file_required','Dijital dosya gerekli!'),(3359,3,'digital_products','Dijital Ürünler'),(3360,3,'digital_sales','Dijital Satış'),(3361,3,'disable','Devre dışı bırakmak'),(3362,3,'discount','İndirim'),(3363,3,'discounted_price','İndirimli fiyat'),(3364,3,'discount_coupon','İndirim Kuponu'),(3365,3,'discount_rate','İndirim oranı'),(3366,3,'documentation','Dokümantasyon'),(3367,3,'dont_have_account','Hesabınız yok mu?'),(3368,3,'dont_want_receive_emails','Bu e-postaları almak istemiyor musunuz?'),(3369,3,'download','İndirmek'),(3370,3,'downloads','İndirilenler'),(3371,3,'download_csv_example','CSV Örneğini İndirin'),(3372,3,'download_csv_template','CSV Şablonunu İndirin'),(3373,3,'download_database_backup','Veritabanı Yedeklemesini İndirin'),(3374,3,'download_license_key','Lisans Anahtarını İndirin'),(3375,3,'do_not_have_membership_plan','Üyelik planınız yok. Üyelik planı satın almak için aşağıdaki butona tıklayın.'),(3376,3,'draft','Taslak'),(3377,3,'drafts','Taslaklar'),(3378,3,'draft_added','Taslak başarıyla eklendi!'),(3379,3,'drag_drop_file_here','Dosyayı buraya sürükleyip bırakın veya'),(3380,3,'drag_drop_images_here','Resimleri buraya sürükleyip bırakın veya'),(3381,3,'dropdown','Açılır Menü (Tek Seçim)'),(3382,3,'duration','Süre'),(3383,3,'earned_amount','Kazanılan Tutar'),(3384,3,'earnings','Kazanç'),(3385,3,'edit','Düzenlemek'),(3386,3,'edit_address','Adresi düzelt'),(3387,3,'edit_banner','Banner\'ı Düzenle'),(3388,3,'edit_content','İçeriği Düzenle'),(3389,3,'edit_coupon','Kuponu Düzenle'),(3390,3,'edit_delivery_time','Teslimat Süresini Düzenle'),(3391,3,'edit_details','Detayları düzenle'),(3392,3,'edit_option','Seçeneği Düzenle'),(3393,3,'edit_options','Seçenekleri Düzenle'),(3394,3,'edit_order','Sipariş düzenle'),(3395,3,'edit_plan','Planı Düzenle'),(3396,3,'edit_product','Ürünü Düzenle'),(3397,3,'edit_role','Rolü Düzenle'),(3398,3,'edit_shipping_class','Gönderi Sınıfını Düzenle'),(3399,3,'edit_shipping_zone','Gönderim Bölgesini Düzenle'),(3400,3,'edit_translations','Çevirileri Düzenle'),(3401,3,'edit_user','Kullanıcıyı düzenle'),(3402,3,'edit_variation','Varyasyonu Düzenle'),(3403,3,'effect','Etki'),(3404,3,'email','E-posta'),(3405,3,'email_address','E-posta Adresi'),(3406,3,'email_options','E-posta Seçenekleri'),(3407,3,'email_option_contact_messages','Kişi mesajlarını e-posta adresine gönder'),(3408,3,'email_option_product_added','Yeni bir ürün eklendiğinde e-posta gönder'),(3409,3,'email_option_send_email_new_message','Birisi bana mesaj gönderdiğinde bana e-posta gönder'),(3410,3,'email_option_send_email_order_shipped','Sipariş gönderildiğinde alıcıya e-posta gönder'),(3411,3,'email_option_send_order_to_buyer','Satın alma işleminden sonra alıcıya e-posta gönder (Sipariş özetini gönder)'),(3412,3,'email_reset_password','Şifrenizi sıfırlamak için lütfen aşağıdaki butona tıklayın.'),(3413,3,'email_settings','E mail ayarları'),(3414,3,'email_status','E-posta Durumu'),(3415,3,'email_template','E-posta şablonu'),(3416,3,'email_text_new_order','Siparişiniz alındı ve şu anda işleme koyuluyor. Sipariş detaylarınız aşağıda gösterilmektedir.'),(3417,3,'email_text_new_product','Yeni bir ürün eklendi'),(3418,3,'email_text_see_product','Ürünü görmek için aşağıdaki butona tıklayın.'),(3419,3,'email_text_thank_for_order','Siparişiniz için teşekkür ederiz!'),(3420,3,'email_verification','Eposta Doğrulama'),(3421,3,'enable','Olanak vermek'),(3422,3,'encryption','Şifreleme'),(3423,3,'end','Son'),(3424,3,'enter_email','E-postanızı giriniz'),(3425,3,'enter_location','Konum girin'),(3426,3,'error_image_limit','Resim yükleme limiti aşıldı!'),(3427,3,'error_product_image_delete','Ürün görselini silmeden önce ürüne ait başka bir görsel yüklemeniz gerekmektedir!'),(3428,3,'error_product_image_required','Ürün resmi gerekli! Lütfen ürününüz için bir resim yükleyin.'),(3429,3,'example','Örnek'),(3430,3,'exchange_rate','Döviz kuru'),(3431,3,'expiration_date','Son Kullanma Tarihi (AA / YY)'),(3432,3,'expired','Günü geçmiş'),(3433,3,'expired_products','Son kullanma tarihi geçmiş ürünler'),(3434,3,'expiry_date','Son kullanma tarihi'),(3435,3,'explanation','Açıklama'),(3436,3,'export','İhracat'),(3437,3,'exp_special_characters','Özel karakterler kullanmayın'),(3438,3,'external_download_link','Harici İndirme Bağlantısı'),(3439,3,'external_link','Dış Bağlantı'),(3440,3,'external_link_exp','Harici bir ürün bağlantısı ekleyebilirsiniz. (yani https://domain.com/product)'),(3441,3,'facebook_comments','Facebook Yorumları'),(3442,3,'facebook_comments_code','Facebook Yorumları Eklenti Kodu'),(3443,3,'facebook_login','Facebook Girişi'),(3444,3,'facebook_url','Facebook URL'),(3445,3,'fade','Solmak'),(3446,3,'favicon','Site simgesi'),(3447,3,'feature','Özellik'),(3448,3,'featured','Öne Çıkanlar'),(3449,3,'featured_badge','Öne Çıkan Rozet'),(3450,3,'featured_categories','Öne çıkan Kategoriler'),(3451,3,'featured_categories_exp','Kaydırıcının altında göstermek istediğiniz kategorileri seçin'),(3452,3,'featured_products','Özel Ürünler'),(3453,3,'featured_products_payment_currency','Öne Çıkan Ürünler Ödeme Para Birimi'),(3454,3,'featured_products_system','Öne Çıkan Ürünler Sistemi'),(3455,3,'featured_products_transactions','Öne Çıkan Ürünler İşlemleri'),(3456,3,'features','Özellikler'),(3457,3,'february','Şubat'),(3458,3,'field','Alan'),(3459,3,'field_name','Alan adı'),(3460,3,'files_included','Dahil Edilen Dosyalar'),(3461,3,'files_included_ext','Satacağınız dosyaların (JPG, MP4, MP3) uzantılarını giriniz.'),(3462,3,'file_too_large','Dosya çok büyük. Maksimum Dosya Boyutu:'),(3463,3,'file_upload','Dosya yükleme'),(3464,3,'filter','Filtre'),(3465,3,'filter_key','Filtre Tuşu'),(3466,3,'filter_key_exp','Özel karakterler eklemeyin'),(3467,3,'filter_products','Ürünleri Filtrele'),(3468,3,'first_name','İlk adı'),(3469,3,'fixed_shipping_cost_for_cart_total','Sepet Toplamı Sabit Kargo Maliyeti'),(3470,3,'flag','Bayrak'),(3471,3,'flat_rate','Sabit fiyat'),(3472,3,'folder_name','Klasör adı'),(3473,3,'follow','Takip etmek'),(3474,3,'followers','Takipçiler'),(3475,3,'following','Takip etme'),(3476,3,'follow_us','Bizi takip edin'),(3477,3,'fonts','Yazı tipleri'),(3478,3,'font_family','Font ailesi'),(3479,3,'font_settings','Yazı Tipi Ayarları'),(3480,3,'font_size','Yazı Boyutu'),(3481,3,'footer','Altbilgi'),(3482,3,'footer_about_section','Alt Bilgi Bölümü Hakkında'),(3483,3,'footer_information','Bilgi'),(3484,3,'footer_quick_links','Hızlı Linkler'),(3485,3,'forgot_password','Parolanızı mı unuttunuz?'),(3486,3,'form_validation_is_unique','{field} alanı benzersiz bir değer içermelidir.'),(3487,3,'form_validation_matches','{field} alanı, {param} alanıyla eşleşmiyor.'),(3488,3,'form_validation_max_length','{field} alanının uzunluğu {param} karakteri aşamaz.'),(3489,3,'form_validation_min_length','{field} alanı en az {param} karakter uzunluğunda olmalıdır.'),(3490,3,'form_validation_required','{field} alanı zorunludur.'),(3491,3,'forward','İleri'),(3492,3,'free','Özgür'),(3493,3,'free_product','Ücretsiz Ürün'),(3494,3,'free_promotion','Ücretsiz Promosyon'),(3495,3,'free_shipping','Ücretsiz kargo'),(3496,3,'frequency','Sıklık'),(3497,3,'frequency_exp','Bu değer, belirli bir URL\'deki içeriğin ne sıklıkla değişebileceğini gösterir'),(3498,3,'friday','Cuma'),(3499,3,'from','İtibaren:'),(3500,3,'full_name','Ad Soyad'),(3501,3,'full_width','Tam genişlik'),(3502,3,'general','Genel'),(3503,3,'general_information','Genel bilgi'),(3504,3,'general_settings','Genel Ayarlar'),(3505,3,'generate','Oluştur'),(3506,3,'generate_sitemap','Site Haritası Oluştur'),(3507,3,'global','Küresel'),(3508,3,'global_taxes','Küresel Vergiler'),(3509,3,'global_taxes_exp','Sitenizdeki tüm satışlar için ülkeye göre yeni vergiler tanımlayın'),(3510,3,'google_adsense_code','Google Adsense Kodu'),(3511,3,'google_analytics','Google Analytics Kodu'),(3512,3,'google_login','Google Girişi'),(3513,3,'google_recaptcha','Google reCAPTCHA'),(3514,3,'google_url','Google+ URL\'si'),(3515,3,'goto_home','Ana Sayfaya Git'),(3516,3,'go_back_to_products','Ürünler Sayfasına Geri Dönün'),(3517,3,'go_back_to_shop_settings','Mağaza Ayarlarına Geri Dönün'),(3518,3,'go_to_your_product','Ürününüze Git'),(3519,3,'guest','Misafir'),(3520,3,'guest_checkout','Misafir Ödemesi'),(3521,3,'half_width','Yarı genişlik'),(3522,3,'have_account','Hesabınız var mı?'),(3523,3,'header','Başlık'),(3524,3,'height','Yükseklik'),(3525,3,'help_center','Yardım Merkezi'),(3526,3,'help_documents','Yardım Belgeleri'),(3527,3,'help_documents_exp','CSV dosyanızı oluşturmak için bu belgeleri kullanabilirsiniz'),(3528,3,'hi','MERHABA'),(3529,3,'hidden','Gizlenmiş'),(3530,3,'hidden_products','Gizli Ürünler'),(3531,3,'hide','Saklamak'),(3532,3,'highest_price','En yüksek fiyat'),(3533,3,'highest_rating','En Yüksek Derecelendirme'),(3534,3,'home','Ev'),(3535,3,'homepage','Ana sayfa'),(3536,3,'homepage_banners','Ana Sayfa Banner\'ları'),(3537,3,'homepage_banners_exp','Ana sayfadaki ürün bannerlarını bu bölümden yönetebilirsiniz.'),(3538,3,'homepage_manager','Ana Sayfa Yöneticisi'),(3539,3,'homepage_title','Ana Sayfa Başlığı'),(3540,3,'horizontal_alignment','Yatay hizalama'),(3541,3,'hourly','Saatlik'),(3542,3,'hours_ago','Saatler önce'),(3543,3,'hour_ago','Bir saat önce'),(3544,3,'how_can_we_help','Nasıl yardımcı olabiliriz?'),(3545,3,'iban','IBAN'),(3546,3,'iban_long','Uluslararası Banka Hesap Numarası'),(3547,3,'id','İD'),(3548,3,'identity_number','Kimlik Numarası'),(3549,3,'if_review_already_added','Zaten bir inceleme eklediyseniz incelemeniz güncellenecektir.'),(3550,3,'image','Resim'),(3551,3,'images','Görüntüler'),(3552,3,'image_file_format','Görüntü Dosyası Formatı'),(3553,3,'image_file_format_exp','Yüklenen görseller seçilen formata dönüştürülecek'),(3554,3,'import_language','İçe Aktarma Dili'),(3555,3,'inactivate_all','Tümünü Devre Dışı Bırak'),(3556,3,'inactive','Etkin değil'),(3557,3,'index_ad_space_1','Dizin Reklam Alanı 1'),(3558,3,'index_ad_space_2','Dizin Reklam Alanı 2'),(3559,3,'index_slider','Dizin Kaydırıcısı'),(3560,3,'input_explanation','Giriş Açıklaması'),(3561,3,'instagram_url','Instagram URL\'si'),(3562,3,'instant_download','Anında indirme'),(3563,3,'invalid_attempt','Geçersiz çalışıldı!'),(3564,3,'invalid_file_type','Geçersiz dosya türü!'),(3565,3,'invalid_withdrawal_amount','Geçersiz para çekme tutarı!'),(3566,3,'invoice','Fatura'),(3567,3,'invoices','Faturalar'),(3568,3,'invoice_currency_warning','Bu faturada gösterilen tüm tutarlar'),(3569,3,'in_stock','Stokta var'),(3570,3,'ip_address','IP adresi'),(3571,3,'item','Öğe'),(3572,3,'iyzico','İyzico'),(3573,3,'iyzico_warning','Bu, \"Marketplace\" entegrasyonu değil, \"Ödeme Formu\" entegrasyonudur.'),(3574,3,'january','Ocak'),(3575,3,'join_newsletter','Bültenimize Katılın'),(3576,3,'json_language_file','JSON Dil Dosyası'),(3577,3,'july','Temmuz'),(3578,3,'june','Haziran'),(3579,3,'just_now','Şu anda'),(3580,3,'keep_original_file_format','Orijinal Dosya Formatını Koru'),(3581,3,'keep_shopping','Alışverişe devam etmek'),(3582,3,'keywords','Anahtar Kelimeler'),(3583,3,'keywords_exp','Kelimelerin arasına virgül ekleyin. Örnek: ürün, bilgisayar'),(3584,3,'knowledge_base','Bilgi tabanı'),(3585,3,'label','Etiket'),(3586,3,'language','Dil'),(3587,3,'languages','Diller'),(3588,3,'language_code','Dil kodu'),(3589,3,'language_name','Dil adı'),(3590,3,'language_settings','Dil ayarları'),(3591,3,'last_modification','Son Değişiklik'),(3592,3,'last_modification_exp','URL\'nin en son değiştirildiği zaman'),(3593,3,'last_name','Soy isim'),(3594,3,'last_seen','Son görülen:'),(3595,3,'last_update','Son Güncelleme'),(3596,3,'latest_blog_posts','Son Blog Yazıları'),(3597,3,'latest_comments','Son Yorumlar'),(3598,3,'latest_members','En Son Üyeler'),(3599,3,'latest_orders','Son Siparişler'),(3600,3,'latest_pending_products','En Son Bekleyen Ürünler'),(3601,3,'latest_posts','Son Gönderiler'),(3602,3,'latest_products','En son ürünler'),(3603,3,'latest_reviews','Son İncelemeler'),(3604,3,'latest_sales','Son Satışlar'),(3605,3,'latest_transactions','Son İşlemler'),(3606,3,'left','Sol'),(3607,3,'left_to_right','Soldan Sağa (LTR)'),(3608,3,'license_certificate','Lisans Sertifikası'),(3609,3,'license_key','Lisans anahtarı'),(3610,3,'license_keys','Lisans Anahtarları'),(3611,3,'license_keys_system_exp','Tüm lisans anahtarlarınızı buradan ekleyin. Sistem her alıcıya otomatik olarak bir lisans anahtarı verecektir.'),(3612,3,'link','Bağlantı'),(3613,3,'linkedin_url','Linkedin URL\'si'),(3614,3,'listing_type','Listeleme Türü'),(3615,3,'live_preview','Canlı önizleme'),(3616,3,'load_more','Daha fazla yükle'),(3617,3,'local_pickup','Yerel Teslim Alma'),(3618,3,'local_storage','Yerel depolama'),(3619,3,'location','Konum'),(3620,3,'location_explanation','{field} dünyanın her yerinden alışveriş yapmanızı sağlar.'),(3621,3,'login','Giriş yapmak'),(3622,3,'login_error','Yanlış e-posta veya şifre!'),(3623,3,'login_with_email','Veya e-posta ile giriş yapın'),(3624,3,'logo','Logo'),(3625,3,'logout','Çıkış Yap'),(3626,3,'logo_email','Logo E-postası'),(3627,3,'lowest_price','En düşük fiyat'),(3628,3,'mail','Posta'),(3629,3,'mailjet_email_address','Mailjet E-posta Adresi'),(3630,3,'mailjet_email_address_exp','Mailjet hesabınızı oluşturduğunuz adres'),(3631,3,'mail_host','Posta Sunucusu'),(3632,3,'mail_password','Posta Şifresi'),(3633,3,'mail_port','Posta Bağlantı Noktası'),(3634,3,'mail_protocol','Posta Protokolü'),(3635,3,'mail_service','Posta hizmeti'),(3636,3,'mail_title','Posta Başlığı'),(3637,3,'mail_username','Posta Kullanıcı Adı'),(3638,3,'main','Ana'),(3639,3,'maintenance_mode','Bakım Modu'),(3640,3,'main_files','Ana dosyalar)'),(3641,3,'main_menu','Ana menü'),(3642,3,'management_tools','Yönetim araçları'),(3643,3,'march','Mart'),(3644,3,'marketplace','Pazar yeri'),(3645,3,'marketplace_selling_product_on_the_site','Pazaryeri (Sitede Ürün Satışı)'),(3646,3,'max','Maksimum'),(3647,3,'max_file_size','Maksimum Dosya Boyutu'),(3648,3,'may','Mayıs'),(3649,3,'member','Üye'),(3650,3,'members','Üyeler'),(3651,3,'membership','Üyelik'),(3652,3,'membership_number_of_ads','Aktif Reklam Sayısı'),(3653,3,'membership_payments','Üyelik Ödemeleri'),(3654,3,'membership_plan','Üyelik Planı'),(3655,3,'membership_plans','Üyelik Planları'),(3656,3,'membership_plan_payment','Üyelik Planı Ödemesi'),(3657,3,'membership_transactions','Üyelik İşlemleri'),(3658,3,'member_since','Den beri üye'),(3659,3,'menu_limit','Menü Limiti'),(3660,3,'message','İleti'),(3661,3,'messages','Mesajlar'),(3662,3,'meta_tag','Meta Etiketi'),(3663,3,'method_name','Yöntem Adı'),(3664,3,'min','Min.'),(3665,3,'minimum_order_amount','Minimum sipariş tutarı'),(3666,3,'minutes_ago','Dakika önce'),(3667,3,'minute_ago','Bir dakika önce'),(3668,3,'min_poyout_amount','Minimum ödeme tutarı'),(3669,3,'min_poyout_amounts','Minimum Ödeme Tutarları'),(3670,3,'mode','Mod'),(3671,3,'monday','Pazartesi'),(3672,3,'month','Ay'),(3673,3,'monthly','Aylık'),(3674,3,'monthly_plan','Aylık plan'),(3675,3,'monthly_sales','Aylık indirimler'),(3676,3,'months_ago','Aylar önce'),(3677,3,'month_ago','Ay önce'),(3678,3,'month_count','Ay sayısı'),(3679,3,'more','Daha'),(3680,3,'more_from','Den fazla'),(3681,3,'most_recent','En Yeni'),(3682,3,'most_viewed_products','En Çok Görüntülenen Ürünler'),(3683,3,'msg_accept_bank_transfer','Bu siparişi ödeme alındı olarak ayarlamak istediğinizden emin misiniz?'),(3684,3,'msg_accept_terms','Şartları kabul etmelisiniz!'),(3685,3,'msg_added','Öğe başarıyla eklendi!'),(3686,3,'msg_add_license_keys','Lisans anahtarları başarıyla eklendi!'),(3687,3,'msg_add_product_success','Ödemeniz başarıyla tamamlandı! Ürününüz onaylandıktan sonra sitemizde yayınlanacaktır!'),(3688,3,'msg_administrator_added','Yönetici başarıyla eklendi!'),(3689,3,'msg_bank_transfer_text','Siparişinizi verdikten sonra ödemenizi bu banka hesaplarından birine yapabilirsiniz. Lütfen sipariş numaranızı ödeme açıklamanıza ekleyin.'),(3690,3,'msg_bank_transfer_text_order_completed','Ödemenizi bu banka hesaplarından birine yapabilirsiniz. Lütfen sipariş numaranızı ödeme açıklamanıza ekleyin.'),(3691,3,'msg_bank_transfer_text_transaction_completed','Ödemenizi bu banka hesaplarından birine yapabilirsiniz. Lütfen işlem numaranızı ödeme açıklamanıza ekleyin.'),(3692,3,'msg_ban_error','Hesabınız askıya alındı!'),(3693,3,'msg_cart_shipping','Lütfen gönderim adresinizi girin ve bir gönderim yöntemi seçin!'),(3694,3,'msg_change_password_error','Şifreniz değiştirilirken bir sorun oluştu!'),(3695,3,'msg_change_password_success','Parolanız başarıyla değiştirildi!'),(3696,3,'msg_comment_approved','Yorum başarıyla onaylandı!'),(3697,3,'msg_comment_deleted','Yorum başarıyla silindi!'),(3698,3,'msg_comment_sent_successfully','Yorumunuz gönderildi. Site yönetimi tarafından incelendikten sonra yayınlanacaktır.'),(3699,3,'msg_complete_payment','Ödemeyi tamamlamak için lütfen aşağıdaki butona tıklayın.'),(3700,3,'msg_confirmation_email','Hesabınızı onaylamak için lütfen aşağıdaki butona tıklayın.'),(3701,3,'msg_confirmed','E-posta adresiniz başarıyla onaylandı!'),(3702,3,'msg_confirmed_required','Siteye giriş yapabilmek için e-posta adresinizi onaylamanız gerekmektedir.'),(3703,3,'msg_contact_error','Mesajınız gönderilirken bir sorun oluştu!'),(3704,3,'msg_contact_success','Mesajınız başarıyla gönderildi!'),(3705,3,'msg_coupon_auth','Bu kupon yalnızca kayıtlı üyeler içindir!'),(3706,3,'msg_coupon_cart_total','Bu kuponu kullanmak için sepetinizin toplamı yeterli değil. Minimum sepet toplamı:'),(3707,3,'msg_coupon_code_added_before','Bu kupon kodu daha önce zaten eklenmiş. Lütfen başka bir kupon kodu ekleyin.'),(3708,3,'msg_coupon_limit','Kupon kullanım sınırına ulaşıldı!'),(3709,3,'msg_coupon_used','Bu kupon kodu daha önce kullanıldı!'),(3710,3,'msg_cron_sitemap','Bu URL ile site haritanızı otomatik olarak güncelleyebilirsiniz.'),(3711,3,'msg_default_language_delete','Varsayılan dil silinemez!'),(3712,3,'msg_default_page_delete','Varsayılan sayfalar silinemez!'),(3713,3,'msg_deleted','Öğe başarıyla silindi!'),(3714,3,'msg_delete_posts','Lütfen önce bu kategoriye ait gönderileri silin!'),(3715,3,'msg_delete_subcategories','Lütfen önce bu kategoriye ait alt kategorileri silin!'),(3716,3,'msg_digital_product_register_error','Dijital ürün satın almak için bir hesap oluşturmalısınız.'),(3717,3,'msg_dont_have_downloadable_files','İndirilebilir dosyanız yok.'),(3718,3,'msg_email_sent','E-posta başarıyla gönderildi!'),(3719,3,'msg_email_unique_error','E posta Zaten alındı.'),(3720,3,'msg_error','Bir hata oluştu. Lütfen tekrar deneyin!'),(3721,3,'msg_error_cart_unapproved_products','Onaylanmayan ürünler sepete eklenemez!'),(3722,3,'msg_error_product_type','En az bir ürün türünü etkinleştirmelisiniz'),(3723,3,'msg_error_selected_system','En az bir sistemi etkinleştirmelisiniz'),(3724,3,'msg_error_sku','Bu SKU başka bir ürününüz için kullanılıyor!'),(3725,3,'msg_expired_plan','Planınızın süresi dolduğunda, 3 gün içerisinde planınızı yenilemezseniz reklamlarınız \"Süresi Dolmuş Ürünler\" bölümüne eklenecek ve sitede yayınlanmayacaktır.'),(3726,3,'msg_insufficient_balance','Yetersiz bakiye!'),(3727,3,'msg_invalid_coupon','Bu kupon kodu geçersiz veya süresi dolmuş!'),(3728,3,'msg_invalid_email','Geçersiz e-posta adresi!'),(3729,3,'msg_membership_renewed','Üyelik planınız başarıyla yenilendi!'),(3730,3,'msg_message_deleted','Mesaj başarıyla silindi!'),(3731,3,'msg_message_sent','Mesajınız başarıyla gönderildi!'),(3732,3,'msg_message_sent_error','Kendinize mesaj gönderemezsiniz!'),(3733,3,'msg_newsletter_error','E-posta adresiniz zaten kayıtlı!'),(3734,3,'msg_newsletter_success','E-posta adresiniz başarıyla eklendi!'),(3735,3,'msg_no_created_variations','Oluşturduğunuz varyasyon yok.'),(3736,3,'msg_option_exists','Bu seçenek zaten mevcut!'),(3737,3,'msg_order_completed','Siparişiniz başarıyla tamamlandı!'),(3738,3,'msg_payment_completed','Ödeme başarıyla tamamlandı!'),(3739,3,'msg_payment_database_error','Ödemeniz başarıyla tamamlandı ancak siparişin veritabanına eklenmesinde bir sorun oluştu! Bu sipariş için lütfen site yönetimimizle iletişime geçin!'),(3740,3,'msg_payment_error','Ödeme sırasında bir hata oluştu!'),(3741,3,'msg_payment_success','Ödemeniz başarıyla tamamlandı!'),(3742,3,'msg_payout_bitcoin_address_error','Bu ödeme talebinde bulunmak için BTC adresinizi girmelisiniz'),(3743,3,'msg_payout_paypal_error','Bu ödeme isteğinde bulunmak için PayPal e-posta adresinizi girmelisiniz'),(3744,3,'msg_plan_expired','Üyelik planınızın süresi doldu!'),(3745,3,'msg_product_already_purchased','Bu ürünü daha önce zaten satın aldınız.'),(3746,3,'msg_product_approved','Ürün başarıyla onaylandı!'),(3747,3,'msg_product_slug_used','Bu sümüklü böcek başka bir ürün tarafından kullanılıyor!'),(3748,3,'msg_promote_bank_transfer_text','Siparişinizi verdikten sonra ödemenizi bu banka hesaplarından birine yapabilirsiniz. Lütfen işlem numaranızı ödeme açıklamanıza ekleyin.'),(3749,3,'msg_quote_request_error','Kendi ürününüz için fiyat teklifi isteyemezsiniz!'),(3750,3,'msg_quote_request_sent','İsteğiniz başarıyla gönderildi.'),(3751,3,'msg_reached_ads_limit','Reklam ekleme sınırınıza ulaştınız! Daha fazla reklam eklemek istiyorsanız aşağıdaki butona tıklayarak mevcut planınızı yükseltebilirsiniz.'),(3752,3,'msg_recaptcha','Lütfen robot olmadığınızı doğrulayın!'),(3753,3,'msg_refund_request_email','Bir geri ödeme talebi aldınız. Ayrıntıları görmek için lütfen aşağıdaki butona tıklayın.'),(3754,3,'msg_refund_request_update_email','Geri ödeme isteğinizle ilgili bir güncelleme var. Ayrıntıları görmek için lütfen aşağıdaki butona tıklayın.'),(3755,3,'msg_register_success','Hesabınız Başarıyla Oluşturuldu!'),(3756,3,'msg_request_sent','İstek başarıyla gönderildi!'),(3757,3,'msg_reset_cache','Tüm önbellek dosyaları silindi!'),(3758,3,'msg_reset_password_error','Bu e-posta adresine sahip bir kullanıcı bulamıyoruz!'),(3759,3,'msg_reset_password_success','Şifrenizi sıfırlamak için e-posta adresinize bir e-posta gönderdik. Lütfen sonraki adımlar için e-postanızı kontrol edin.'),(3760,3,'msg_review_added','İncelemeniz başarıyla eklendi!'),(3761,3,'msg_review_deleted','İnceleme başarıyla silindi!'),(3762,3,'msg_send_confirmation_email','E-posta adresinize aktivasyon e-postası gönderildi. Lütfen hesabınızı onaylayın.'),(3763,3,'msg_shop_name_unique_error','Mağaza adı zaten alınmış.'),(3764,3,'msg_shop_opening_requests','Mağaza açma talebiniz değerlendirme aşamasında!'),(3765,3,'msg_shop_request_declined','Mağaza açma talebiniz reddedildi. İlginiz için teşekkürler.'),(3766,3,'msg_sitemap_updated','Site haritası başarıyla güncellendi!'),(3767,3,'msg_slug_unique_error','Sümüklüböcek zaten alınmış.'),(3768,3,'msg_start_selling','Isteğinizi aldık. Talebiniz onaylandığında mağazanız açılacaktır.'),(3769,3,'msg_subscriber_deleted','Abone başarıyla silindi!'),(3770,3,'msg_unsubscribe','Artık bizden e-posta almayacaksınız!'),(3771,3,'msg_updated','Değişiklikler başarıyla kaydedildi!'),(3772,3,'msg_username_unique_error','Bu kullanıcı adı zaten kullanımda.'),(3773,3,'msg_wrong_old_password','Yanlış eski şifre!'),(3774,3,'multilingual_system','Çok Dilli Sistem'),(3775,3,'multiple_sale','Çoklu Satış'),(3776,3,'multiple_sale_option_1','Evet, bu ürünü birden fazla müşteriye satmak istiyorum'),(3777,3,'multiple_sale_option_2','Hayır, bu ürünü tek bir müşteriye satmak istiyorum'),(3778,3,'multi_vendor_system','Çok Satıcılı Sistem'),(3779,3,'multi_vendor_system_exp','Devre dışı bırakırsanız yalnızca Yönetici ürün ekleyebilir.'),(3780,3,'my_account','Hesabım'),(3781,3,'my_cart','Sepetim'),(3782,3,'my_coupons','Kuponlarım'),(3783,3,'name','İsim'),(3784,3,'name_on_the_card','Kart üzerindeki isim'),(3785,3,'navigation','Navigasyon'),(3786,3,'navigation_template','Gezinme Şablonu'),(3787,3,'need_more_help','Daha fazla yardıma mı ihtiyacınız var?'),(3788,3,'never','Asla'),(3789,3,'new','Yeni'),(3790,3,'newsletter','Bülten'),(3791,3,'newsletter_desc','En son haberleri, güncellemeleri ve özel teklifleri doğrudan gelen kutunuza almak için abone listemize katılın'),(3792,3,'newsletter_popup','Bülten Açılır Penceresi'),(3793,3,'newsletter_send_many_exp','Bazı sunucular toplu posta gönderimine izin vermemektedir. Bu nedenle maillerinizi tüm abonelerinize aynı anda göndermek yerine parça parça gönderebilirsiniz (Örneğin: 50 aboneye aynı anda). Posta sunucunuz posta göndermeyi durdurursa gönderme işlemi de duracaktır.'),(3794,3,'new_arrivals','Yeni gelenler'),(3795,3,'new_message','Yeni'),(3796,3,'new_password','Yeni Şifre'),(3797,3,'new_quote_request','Yeni Teklif Talebi'),(3798,3,'next','Sonraki'),(3799,3,'no','HAYIR'),(3800,3,'none','Hiçbiri'),(3801,3,'not_added_shipping_address','Henüz bir teslimat adresi eklemediniz.'),(3802,3,'not_added_vendor_balance','Satıcı Bakiyesine Eklenmedi'),(3803,3,'november','Kasım'),(3804,3,'no_comments_found','Bu ürün için yorum bulunamadı. İlk yorumu siz yapın!'),(3805,3,'no_delivery_is_made_to_address','Seçtiğiniz adrese teslimat yapılmamaktadır.'),(3806,3,'no_discount','İndirim yok'),(3807,3,'no_members_found','Üye bulunamadı!'),(3808,3,'no_messages_found','Hiçbir mesaj bulunamadı!'),(3809,3,'no_products_found','Ürün bulunamadı!'),(3810,3,'no_records_found','Kayıt bulunamadı!'),(3811,3,'no_results_found','Sonuç bulunamadı!'),(3812,3,'no_reviews_found','Hiçbir değerlendirme bulunamadı!'),(3813,3,'no_thanks','Hayır, teşekkürler'),(3814,3,'no_vat','KDV yok'),(3815,3,'number','Sayı'),(3816,3,'number_featured_products','Gösterilecek Öne Çıkan Ürün Sayısı'),(3817,3,'number_latest_products','Gösterilecek En Son Ürün Sayısı'),(3818,3,'number_of_ads','Reklam Sayısı'),(3819,3,'number_of_coupons','Kupon Sayısı'),(3820,3,'number_of_coupons_exp','Bir kuponun geçersiz hale gelmeden önce tüm müşteriler tarafından kaç kez kullanılabileceği'),(3821,3,'number_of_days','Gün sayısı'),(3822,3,'number_of_entries','Girdilerin sayısı'),(3823,3,'number_of_links_in_menu','Menüde görünen bağlantıların sayısı'),(3824,3,'number_of_results','Sonuç Sayısı'),(3825,3,'number_of_total_sales','Toplam satış sayısı'),(3826,3,'number_remaining_ads','Kalan Reklam Sayısı'),(3827,3,'num_articles','{field} Makaleler'),(3828,3,'october','Ekim'),(3829,3,'offline','Çevrimdışı'),(3830,3,'ok','TAMAM'),(3831,3,'old_password','Eski Şifre'),(3832,3,'online','Çevrimiçi'),(3833,3,'open','Açık'),(3834,3,'open_user_shop','Kullanıcı Mağazasını Aç'),(3835,3,'option','Seçenek'),(3836,3,'optional','İsteğe bağlı'),(3837,3,'options','Seçenekler'),(3838,3,'option_display_type','Seçenek Görüntüleme Türü'),(3839,3,'option_name','Seçenek Adı'),(3840,3,'order','Emir'),(3841,3,'orders','Emirler'),(3842,3,'order_details','Sipariş detayları'),(3843,3,'order_has_been_shipped','Sipariş gönderildi!'),(3844,3,'order_id','Sipariş Kimliği'),(3845,3,'order_information','Sipariş Bilgisi'),(3846,3,'order_not_yet_shipped','Sipariş henüz kargoya verilmedi.'),(3847,3,'order_number','Sipariş numarası'),(3848,3,'order_processing','İşleme'),(3849,3,'order_summary','Sipariş özeti'),(3850,3,'ordinary_listing','Olağan Listeleme'),(3851,3,'out_of_stock','Stoklar tükendi'),(3852,3,'pages','Sayfalar'),(3853,3,'page_not_found','Sayfa bulunamadı'),(3854,3,'page_not_found_sub','Aradığınız sayfa mevcut değil.'),(3855,3,'page_type','Sayfa Türü'),(3856,3,'page_views','Sayfa Görünümleri'),(3857,3,'pagseguro','PagSeguro'),(3858,3,'paid','Paralı'),(3859,3,'panel','Panel'),(3860,3,'parent','Ebeveyn'),(3861,3,'parent_category','Aile kategorisi'),(3862,3,'parent_option','Ebeveyn Seçeneği'),(3863,3,'parent_variation','Ebeveyn Varyasyonu'),(3864,3,'password','Şifre'),(3865,3,'password_confirm','Şifreyi Onayla'),(3866,3,'password_reset','Parola sıfırlama'),(3867,3,'paste_ad_code','Reklam Kodunu Yapıştır'),(3868,3,'paste_ad_url','Reklam URL\'sini yapıştırın'),(3869,3,'pause','Duraklat'),(3870,3,'pay','Ödemek'),(3871,3,'payer_email','Ödeme Yapan Kişinin E-postası'),(3872,3,'payment','Ödeme'),(3873,3,'payments','Ödemeler'),(3874,3,'payment_amount','Ödeme miktarı'),(3875,3,'payment_cancelled','Ödeme iptal edildi!'),(3876,3,'payment_details','Ödeme detayları'),(3877,3,'payment_history','ödeme geçmişi'),(3878,3,'payment_id','Ödeme Kimliği'),(3879,3,'payment_method','Ödeme yöntemi'),(3880,3,'payment_note','Ödeme Notu'),(3881,3,'payment_received','Ödeme alındı'),(3882,3,'payment_settings','Ödeme Ayarları'),(3883,3,'payment_status','Ödeme Durumu'),(3884,3,'payouts','Ödemeler'),(3885,3,'payout_requests','Ödeme Talepleri'),(3886,3,'payout_settings','Ödeme Ayarları'),(3887,3,'paypal','PayPal'),(3888,3,'paypal_email_address','Paypal E-posta Adresi'),(3889,3,'paystack','PayStack'),(3890,3,'pay_now','Şimdi öde'),(3891,3,'pending','Askıda olması'),(3892,3,'pending_comments','Bekleyen Yorumlar'),(3893,3,'pending_payment','Bekleyen ödeme'),(3894,3,'pending_products','Bekleyen Ürünler'),(3895,3,'pending_quote','Bekleyen Fiyat Teklifi'),(3896,3,'permissions','İzinler'),(3897,3,'personal_website_url','Kişisel Web Sitesi URL\'si'),(3898,3,'phone','Telefon'),(3899,3,'phone_number','Telefon numarası'),(3900,3,'physical','Fiziksel'),(3901,3,'physical_exp','Alıcılara göndereceğiniz somut bir ürün'),(3902,3,'physical_products','Fiziksel Ürünler'),(3903,3,'pinterest_url','Pinterest URL\'si'),(3904,3,'place_order','Sipariş Vermek'),(3905,3,'plan_expiration_date','Planın Sona Erme Tarihi'),(3906,3,'play','Oynamak'),(3907,3,'please_wait','Lütfen bekleyin...'),(3908,3,'popular','Popüler'),(3909,3,'postal_code','Posta Kodu'),(3910,3,'postcode','Posta kodu'),(3911,3,'posts','Gönderiler'),(3912,3,'preferences','Tercihler'),(3913,3,'preview','Ön izleme'),(3914,3,'price','Fiyat'),(3915,3,'price_per_day','Günlük Fiyat'),(3916,3,'price_per_month','Aylık Fiyat'),(3917,3,'pricing','Fiyatlandırma'),(3918,3,'primary','Öncelik'),(3919,3,'print','Yazdır'),(3920,3,'priority','Öncelik'),(3921,3,'priority_exp','Belirli bir URL\'nin aynı sitedeki diğer sayfalara göre önceliği'),(3922,3,'priority_none','Otomatik hesaplanmış öncelik'),(3923,3,'processing','İşleme...'),(3924,3,'product','Ürün'),(3925,3,'production','Üretme'),(3926,3,'products','Ürünler'),(3927,3,'products_ad_space','Ürünler Reklam Alanı'),(3928,3,'products_by_category','Kategoriye Göre Ürünler'),(3929,3,'products_by_category_exp','Ürünleri ana sayfada kategorilere göre göster'),(3930,3,'products_sent_different_stores','Ürünleriniz farklı mağazalardan gönderilecektir.'),(3931,3,'product_added','Ürün başarıyla eklendi!'),(3932,3,'product_ad_space','Ürün Reklam Alanı'),(3933,3,'product_approve_published','Onaylandıktan sonra sitede yayınlanacaktır.'),(3934,3,'product_based_vat','Ürün Bazlı KDV'),(3935,3,'product_code','Ürün Kodu'),(3936,3,'product_comments','Ürün Yorumları'),(3937,3,'product_details','Ürün Detayları'),(3938,3,'product_does_not_ship_location','Bu ürün bu konuma gönderilmemektedir.'),(3939,3,'product_id','Ürün kimliği'),(3940,3,'product_image_upload','Ürün Görseli Yükleme'),(3941,3,'product_image_upload_limit','Ürün Görseli Yükleme Limiti'),(3942,3,'product_link_structure','Ürün Bağlantı Yapısı'),(3943,3,'product_location','Ürün Konumu'),(3944,3,'product_location_exp','İsteğe bağlı ürün konumu. Ürününüz için konum eklemezseniz mağaza konumunuz görüntülenecektir'),(3945,3,'product_location_system','Ürün Konumlandırma Sistemi'),(3946,3,'product_or_seller_profile_url','Ürün veya satıcı profili URL\'si'),(3947,3,'product_price','Ürün fiyatı'),(3948,3,'product_promoting_payment','Ürün Promosyon Ödemesi'),(3949,3,'product_promoting_payment_exp','Ürün Promosyon Ödemesi'),(3950,3,'product_promotion','Ürün tanıtımı'),(3951,3,'product_settings','Ürün Ayarları'),(3952,3,'product_type','ürün tipi'),(3953,3,'product_url','Ürün URL\'si'),(3954,3,'profile','Profil'),(3955,3,'profile_id','Profil kimliği'),(3956,3,'promote','Terfi'),(3957,3,'promote_plan','Planı Tanıt'),(3958,3,'promote_your_product','Ürününüzü Tanıtın'),(3959,3,'promotion_payments','Promosyon Ödemeleri'),(3960,3,'public_key','Genel anahtar'),(3961,3,'publishable_key','Yayınlanabilir Anahtar'),(3962,3,'purchased_plan','Satın Alınan Plan'),(3963,3,'purchase_code','Satın alma kodu'),(3964,3,'pwa','Aşamalı Web Uygulaması (PWA)'),(3965,3,'pwa_warning','PWA seçeneğini etkinleştirirseniz gerekli ayarları yapmak için dokümantasyondaki \'Progressive Web App (PWA)\' bölümünü okuyun.'),(3966,3,'quantity','Miktar'),(3967,3,'quote','Alıntı'),(3968,3,'quote_request','Teklif isteği'),(3969,3,'quote_requests','Fiyat Teklifi İstekleri'),(3970,3,'radio_button','Radyo Düğmesi (Tek Seçim)'),(3971,3,'rate_this_product','Bu ürünü değerlendirin'),(3972,3,'reason','Sebep'),(3973,3,'receipt','Fiş'),(3974,3,'received_quote_requests','Alınan Fiyat Teklifi Talepleri'),(3975,3,'recent_chats','Son Sohbetler'),(3976,3,'refresh_cache_database_changes','Veritabanı Değiştiğinde Önbellek Dosyalarını Yenile'),(3977,3,'refund','Geri ödemek'),(3978,3,'refund_admin_complete_exp','Geri ödeme talebini tamamlamak için alıcının parasını iade etmeniz gerekir. \"İadeyi Onayla\" butonuna bastığınızda sistem sipariş durumunu \"İade Onaylandı\" olarak değiştirecek ve sipariş tutarını satıcının bakiyesinden düşecektir.'),(3979,3,'refund_approved','Geri Ödeme Onaylandı'),(3980,3,'refund_approved_exp','İade talebiniz satıcı tarafından onaylandı. Bu ürünün toplam tutarı tarafınıza iade edilecektir.'),(3981,3,'refund_declined_exp','İade talebiniz satıcı tarafından reddedildi. Bir anlaşmazlığı dile getirmek istiyorsanız site yönetimiyle iletişime geçebilirsiniz.'),(3982,3,'refund_reason_explain','Neden para iadesi istiyorsunuz? Detayları açıklamak.'),(3983,3,'refund_request','İade talebi'),(3984,3,'refund_requests','Geri Ödeme Talepleri'),(3985,3,'region','Bölge'),(3986,3,'regions','Bölgeler'),(3987,3,'register','Kayıt olmak'),(3988,3,'register_with_email','Veya e-posta ile kayıt olun'),(3989,3,'regular','Düzenli'),(3990,3,'regular_listing','Düzenli Listeleme'),(3991,3,'reject','Reddetmek'),(3992,3,'rejected','Reddedilmiş'),(3993,3,'rejected_quote','Reddedilen Teklif'),(3994,3,'reject_quote','Teklifi Reddet'),(3995,3,'related_help_topics','İlgili Yardım Konuları'),(3996,3,'related_posts','İlgili Mesajlar'),(3997,3,'remaining_days','Kalan günler'),(3998,3,'remove','Kaldırmak'),(3999,3,'remove_from_featured','Öne Çıkanlardan Kaldır'),(4000,3,'remove_from_product_filters','Ürün Filtrelerinden Kaldır'),(4001,3,'remove_from_special_offers','Özel Tekliflerden Kaldır'),(4002,3,'remove_from_wishlist','İstek listesinden kaldır'),(4003,3,'remove_user_ban','Kullanıcı Yasağını Kaldır'),(4004,3,'renew_your_plan','Planınızı Yenileyin'),(4005,3,'reply','Cevap vermek'),(4006,3,'reply_to','Yanıtla'),(4007,3,'report','Rapor'),(4008,3,'reported_content','Bildirilen İçerik'),(4009,3,'report_bank_transfer','Banka Havalesini Bildirin'),(4010,3,'report_comment','Yorumu Bildir'),(4011,3,'report_review','Rapor İncelemesi'),(4012,3,'report_this_product','Bu ürünü bildir'),(4013,3,'report_this_seller','Bu satıcıyı bildir'),(4014,3,'request_a_quote','Bir teklif isteği'),(4015,3,'request_documents_vendors','Satıcılardan Mağaza Açmak İçin Belge Talep Etme'),(4016,3,'required','Gerekli'),(4017,3,'required_files','Gerekli Dosyalar'),(4018,3,'resend_activation_email','Aktivasyon mailini yeniden gönder'),(4019,3,'reset','Sıfırla'),(4020,3,'reset_cache','Önbelleği Sıfırla'),(4021,3,'reset_filters','Filtreleri Sıfırla'),(4022,3,'reset_location','Konumu Sıfırla'),(4023,3,'reset_password','Şifreyi yenile'),(4024,3,'reset_password_subtitle','E-posta adresinizi giriniz'),(4025,3,'responded','Yanıtlandı'),(4026,3,'restore','Eski haline getirmek'),(4027,3,'return_to_cart','Sepete dön'),(4028,3,'review','Gözden geçirmek'),(4029,3,'reviews','Yorumlar'),(4030,3,'right','Sağ'),(4031,3,'right_to_left','Sağdan Sola (RTL)'),(4032,3,'role','Rol'),(4033,3,'roles','Roller'),(4034,3,'roles_permissions','Roller ve İzinler'),(4035,3,'role_name','Rol ismi'),(4036,3,'route_settings','Rota Ayarları'),(4037,3,'route_settings_warning','Rotalarda özel karakterler kullanamazsınız. Diliniz özel karakterler içeriyorsa rotaları düzenlerken lütfen dikkatli olun. Geçersiz bir rota girerseniz ilgili sayfaya ulaşamazsınız.'),(4038,3,'row_width','Satır Genişliği'),(4039,3,'rss_feeds','RSS beslemeleri'),(4040,3,'rss_system','RSS Sistemi'),(4041,3,'sale','Satış'),(4042,3,'sales','Satış'),(4043,3,'sale_id','Satış Kimliği'),(4044,3,'sandbox','Kum havuzu'),(4045,3,'saturday','Cumartesi'),(4046,3,'save_and_continue','Kaydet ve devam Et'),(4047,3,'save_as_draft','Taslak olarak kaydet'),(4048,3,'save_changes','Değişiklikleri Kaydet'),(4049,3,'search','Aramak'),(4050,3,'search_by_location','Konuma Göre Ara'),(4051,3,'search_products','Ürün ara'),(4052,3,'search_results','Arama Sonuçları'),(4053,3,'secret_key','Gizli anahtar'),(4054,3,'secure_key','Güvenli Anahtar'),(4055,3,'see_details','Ayrıntılara bakınız'),(4056,3,'see_more','Daha fazla gör'),(4057,3,'see_order_details','Sipariş Ayrıntılarını Görün'),(4058,3,'see_products','Ürünleri Gör'),(4059,3,'select','Seçme'),(4060,3,'select_ad_space','Reklam Alanı Seçin'),(4061,3,'select_all','Hepsini seç'),(4062,3,'select_category','Kategori seç'),(4063,3,'select_chat_start_messaging','Mesajlaşmaya başlamak için bir sohbet seçin'),(4064,3,'select_country','Ülke Seçiniz'),(4065,3,'select_existing_variation','Mevcut Bir Varyasyonu Seçin'),(4066,3,'select_favicon','Favicon\'u seçin'),(4067,3,'select_file','Dosya Seç'),(4068,3,'select_image','Fotoğraf seç'),(4069,3,'select_language','Dil Seçin'),(4070,3,'select_location','Konum Seçin'),(4071,3,'select_logo','Logoyu Seçin'),(4072,3,'select_option','Bir seçenek seçin'),(4073,3,'select_payment_option','Ödeme Seçeneğini Seçin'),(4074,3,'select_region','Bölge Seç'),(4075,3,'select_your_country','Devam etmek için lütfen ülkenizi seçin'),(4076,3,'select_your_location','Konumunuzu seçin'),(4077,3,'select_your_plan','Planını seç'),(4078,3,'select_your_plan_exp','Devam etmek için üyelik planınızı seçin'),(4079,3,'seller','Satıcı'),(4080,3,'sellers_bid','Satıcının Teklifi'),(4081,3,'seller_balances','Satıcı Bakiyeleri'),(4082,3,'seller_does_not_ship_to_address','Bu satıcı seçtiğiniz adrese gönderim yapmıyor. Bu satıcının ürünlerini sepetinizden çıkararak devam edebilirsiniz.'),(4083,3,'selling_license_keys','Lisans Anahtarlarının Satışı'),(4084,3,'selling_on_the_site','Sitede Satış'),(4085,3,'sell_my_product_on_site','Sitede ürün satmak'),(4086,3,'sell_now','Şimdi sat'),(4087,3,'send','Göndermek'),(4088,3,'send_email','Eposta gönder'),(4089,3,'send_email_shop_opening_request','Yeni bir mağaza açma talebi olduğunda e-posta gönder'),(4090,3,'send_email_subscribers','Abonelere E-posta Gönder'),(4091,3,'send_email_to_buyer','Alıcıya E-posta Gönder'),(4092,3,'send_message','Mesaj gönder'),(4093,3,'send_test_email','Test E-postası Gönder'),(4094,3,'send_test_email_exp','Mail sunucunuzun çalışıp çalışmadığını kontrol etmek için test maili gönderebilirsiniz.'),(4095,3,'sent_by','Tarafından gönderilen'),(4096,3,'seo','SEO'),(4097,3,'seo_tools','SEO Araçları'),(4098,3,'september','Eylül'),(4099,3,'server_key','Sunucu Anahtarı'),(4100,3,'server_response','Sunucunun Yanıtı'),(4101,3,'settings','Ayarlar'),(4102,3,'settings_language','Ayarlar Dil'),(4103,3,'set_as_default','Varsayılan olarak ayarla'),(4104,3,'set_fixed_vat_rate_all_countries','Tüm Ülkeler İçin Sabit KDV Oranı Belirleyin'),(4105,3,'set_payout_account','Ödeme Hesabını Ayarla'),(4106,3,'share','Paylaşmak'),(4107,3,'shipped','Gönderildi'),(4108,3,'shipped_product','Gönderilen Ürün'),(4109,3,'shipping','Nakliye'),(4110,3,'shipping_address','Gönderi Adresi'),(4111,3,'shipping_class','Nakliye Sınıfı'),(4112,3,'shipping_classes','Nakliye Sınıfları'),(4113,3,'shipping_classes_exp','Gönderi sınıfları, ürünleriniz için farklı gönderim maliyetleri tanımlamanıza olanak tanır. Kargo maliyeti yüksek (ağırlık ve ebat olarak büyük) ürünleriniz varsa buradan sınıf ekleyebilir ve bu sınıf için her gönderim yöntemi için farklı fiyat belirleyebilirsiniz. Ürünlerinizi eklerken kargo sınıflarını seçebilirsiniz.'),(4114,3,'shipping_class_costs','Nakliye Sınıfı Maliyetleri'),(4115,3,'shipping_cost','Nakliye maliyeti'),(4116,3,'shipping_delivery_times','Gönderim Teslimat Süreleri'),(4117,3,'shipping_delivery_times_exp','Kargo teslimat sürelerini buradan ekleyebilirsiniz (Örn: 1 İş Günü içinde kargoya hazır)'),(4118,3,'shipping_information','Nakliye Bilgisi'),(4119,3,'shipping_location','Nakliye ve Konum'),(4120,3,'shipping_method','Nakliye Yöntemi'),(4121,3,'shipping_methods','Nakliye Yöntemleri'),(4122,3,'shipping_settings','Gönderim Ayarları'),(4123,3,'shipping_time','Dağıtım zamanı'),(4124,3,'shipping_zones','Nakliye Bölgeleri'),(4125,3,'shop','Mağaza'),(4126,3,'shopping_cart','Alışveriş Sepeti'),(4127,3,'shop_by_brand','Markaya göre alışveriş'),(4128,3,'shop_description','Mağaza Açıklaması'),(4129,3,'shop_location','Mağaza Konumu'),(4130,3,'shop_name','Mağaza adı'),(4131,3,'shop_now','Şimdi satın al'),(4132,3,'shop_opening_request','Mağaza Açılış Talebi'),(4133,3,'shop_opening_requests','Mağaza Açılış Talepleri'),(4134,3,'shop_settings','Mağaza Ayarları'),(4135,3,'short_description','Kısa Açıklama'),(4136,3,'short_form','Kısa form'),(4137,3,'show','Göstermek'),(4138,3,'show_all','Hepsini Göster ↓'),(4139,3,'show_breadcrumb','İçerik Haritasını Göster'),(4140,3,'show_category_image_on_menu','Menüde Kategori Resmini Göster'),(4141,3,'show_cookies_warning','Çerez Uyarısını Göster'),(4142,3,'show_customer_email_seller','Satıcıya Müşteri E-postasını Göster'),(4143,3,'show_customer_phone_number_seller','Müşteri Telefon Numarasını Satıcıya Göster'),(4144,3,'show_first_search_lists','Arama listelerinde ilk sırada göster'),(4145,3,'show_image_on_main_menu','Resmi Ana Menüde Göster'),(4146,3,'show_image_on_navigation','Gezinmede Kategori Resmini Göster'),(4147,3,'show_my_email','E-posta adresimi göster'),(4148,3,'show_my_location','Konumumu göster'),(4149,3,'show_my_phone','Telefon numaramı göster'),(4150,3,'show_on_main_menu','Ana Menüde Göster'),(4151,3,'show_option_images_on_slider','Bir Seçenek Seçildiğinde Kaydırıcıda Seçenek Görüntülerini Göster'),(4152,3,'show_reason','Nedenini Göster'),(4153,3,'show_right_column','Sağ Sütunu Göster'),(4154,3,'show_sold_products_on_site','Satılan Ürünleri Sitede Göster'),(4155,3,'show_subcategory_products','Alt kategori ürünlerini göster'),(4156,3,'show_title','Başlığı göster'),(4157,3,'show_under_these_categories','Bu kategoriler altında özel alan görüntülenecektir'),(4158,3,'show_vendor_contact_information','Satıcı İletişim Bilgilerini Sitede Göster'),(4159,3,'sitemap','Site haritası'),(4160,3,'site_description','Site Açıklaması'),(4161,3,'site_font','Site Yazı Tipi'),(4162,3,'site_key','Site anahtarı'),(4163,3,'site_title','Site Başlığı'),(4164,3,'skip','Atlamak'),(4165,3,'sku','Stok Kodu'),(4166,3,'slide','Slayt'),(4167,3,'slider','Kaydırıcı'),(4168,3,'slider_items','Kaydırma Öğeleri'),(4169,3,'slider_settings','Kaydırıcı Ayarları'),(4170,3,'slug','Sümüklüböcek'),(4171,3,'slug_exp','Boş bırakırsanız otomatik olarak oluşturulur.'),(4172,3,'smtp','SMTP'),(4173,3,'social_login','Sosyal Giriş'),(4174,3,'social_media','Sosyal medya'),(4175,3,'social_media_settings','Sosyal Medya Ayarları'),(4176,3,'sold','Satılmış'),(4177,3,'sold_products','Satılan Ürünler'),(4178,3,'sort_by','Göre sırala:'),(4179,3,'sort_categories','Kategorileri Sırala'),(4180,3,'sort_options','Sıralama Seçenekleri'),(4181,3,'sort_parent_categories_by_category_order','Ana Kategorileri Kategori Sırasına Göre Sırala'),(4182,3,'special_offers','Özel teklifler'),(4183,3,'start','Başlangıç'),(4184,3,'start_selling','Satışa Başla'),(4185,3,'start_selling_exp','Ürünlerinizi satabilmeniz için doğrulanmış üye olmanız gerekmektedir. Doğrulama tek seferlik bir işlemdir. Spam gönderenler ve dolandırıcılık nedeniyle bu doğrulama işlemi gereklidir.'),(4186,3,'state','Durum'),(4187,3,'states','Devletler'),(4188,3,'status','Durum'),(4189,3,'still_have_questions','Hala sorularınız mı var?'),(4190,3,'still_have_questions_exp','Hala sorunuz varsa buradan destek talebi gönderebilirsiniz.'),(4191,3,'stock','Stoklamak'),(4192,3,'storage','Depolamak'),(4193,3,'store_name','Dükkan adı'),(4194,3,'stripe','Şerit'),(4195,3,'stripe_checkout','Şerit Ödeme'),(4196,3,'stripe_payment_for','Şunun için ödemeyi teşvik edin:'),(4197,3,'subcategory','Alt kategori'),(4198,3,'subject','Ders'),(4199,3,'submit','Göndermek'),(4200,3,'submit_a_new_quote','Yeni Teklif Gönder'),(4201,3,'submit_a_quote','Teklif Gönder'),(4202,3,'submit_a_request','Bir istek gönderin'),(4203,3,'submit_refund_request','Geri Ödeme İsteği Gönderin'),(4204,3,'subscribe','Abone'),(4205,3,'subscribers','Aboneler'),(4206,3,'subtotal','Ara toplam'),(4207,3,'succeeded','Başarılı'),(4208,3,'summary','Özet'),(4209,3,'sunday','Pazar'),(4210,3,'support_tickets','Destek biletleri'),(4211,3,'swift','SÜRATLİ'),(4212,3,'swift_code','Swift kodu'),(4213,3,'swift_iban','Banka Hesap Numarası/IBAN'),(4214,3,'system','Sistem'),(4215,3,'tag','Etiket'),(4216,3,'tags','Etiketler'),(4217,3,'tax_name','Vergi Adı'),(4218,3,'tax_rate','Vergi oranı'),(4219,3,'tax_settings','Vergi Ayarları'),(4220,3,'telegram_url','Telgraf URL\'si'),(4221,3,'tell_us_about_shop','Bize Mağazanızdan Bahsedin'),(4222,3,'terms_conditions_exp','Okudum ve onaylıyorum'),(4223,3,'text','Metin'),(4224,3,'textarea','Metin alanı'),(4225,3,'text_color','Metin Rengi'),(4226,3,'text_direction','Metin yönü'),(4227,3,'text_editor_language','Metin Düzenleyici Dili'),(4228,3,'there_is_shop_opening_request','Yeni mağaza açma talebi var.'),(4229,3,'the_operation_completed','Operasyon başarıyla tamamlandı!'),(4230,3,'thursday','Perşembe'),(4231,3,'ticket','Bilet'),(4232,3,'tiktok_url','TikTok URL\'si'),(4233,3,'timezone','Saat dilimi'),(4234,3,'time_limit_for_plan','Plan için bir zaman sınırı'),(4235,3,'title','Başlık'),(4236,3,'to','İle:'),(4237,3,'token','Jeton'),(4238,3,'top','Tepe'),(4239,3,'top_menu','Üst Menü'),(4240,3,'total','Toplam'),(4241,3,'total_amount','Toplam tutar:'),(4242,3,'tracking_code','İzleme kodu'),(4243,3,'tracking_url','İzleme URL\'si'),(4244,3,'transactions','İşlemler'),(4245,3,'transaction_fee','İşlem ücreti'),(4246,3,'transaction_fee_exp','İşlem ücreti almak istemiyorsanız 0 yazın'),(4247,3,'transaction_number','İşlem numarası'),(4248,3,'translation','Tercüme'),(4249,3,'tuesday','Salı'),(4250,3,'type','Tip'),(4251,3,'type_extension','Bir uzantı yazın ve enter tuşuna basın'),(4252,3,'type_tag','Etiket yazın ve enter tuşuna basın'),(4253,3,'unconfirmed','Onaylanmadı'),(4254,3,'unfollow','Takibi bırak'),(4255,3,'unit_price','Birim fiyat'),(4256,3,'unlimited','Sınırsız'),(4257,3,'unlimited_stock','Sınırsız Stok'),(4258,3,'unsubscribe','Abonelikten çık'),(4259,3,'unsubscribe_successful','Abonelik iptali Başarılı!'),(4260,3,'updated','Güncellenmiş'),(4261,3,'update_category','Kategoriyi Güncelle'),(4262,3,'update_city','Şehri Güncelle'),(4263,3,'update_country','Ülkeyi Güncelle'),(4264,3,'update_currency','Para Birimini Güncelle'),(4265,3,'update_custom_field','Özel Alanı Güncelle'),(4266,3,'update_exchange_rates','Döviz Kurlarını Güncelle'),(4267,3,'update_font','Yazı Tipini Güncelle'),(4268,3,'update_language','Dili Güncelle'),(4269,3,'update_location','Konumu Güncelle'),(4270,3,'update_order_status','Sipariş Durumunu Güncelle'),(4271,3,'update_page','Sayfayı Güncelle'),(4272,3,'update_post','Gönderiyi Güncelle'),(4273,3,'update_product','Ürünü Güncelle'),(4274,3,'update_profile','Profili Güncelle'),(4275,3,'update_quote','Teklifi Güncelle'),(4276,3,'update_seller_balance','Satıcı Bakiyesini Güncelle'),(4277,3,'update_slider_item','Kaydırıcı Öğesini Güncelle'),(4278,3,'update_state','Durumu Güncelle'),(4279,3,'upload','Yüklemek'),(4280,3,'uploaded','Yüklendi'),(4281,3,'uploading','Yükleniyor...'),(4282,3,'upload_file','Dosya yükleme'),(4283,3,'upload_your_banner','Banner\'ınızı Yükleyin'),(4284,3,'url','URL\'si'),(4285,3,'used','Kullanılmış'),(4286,3,'user','Kullanıcı'),(4287,3,'username','Kullanıcı adı'),(4288,3,'users','Kullanıcılar'),(4289,3,'user_id','Kullanıcı kimliği'),(4290,3,'user_reviews','Kullanıcı Yorumları'),(4291,3,'use_default_payment_account','Varsayılan ödeme hesabı olarak kullan'),(4292,3,'use_default_price','Varsayılan fiyatı kullan'),(4293,3,'use_different_price_for_options','Seçenekler için Farklı Fiyat Kullanın'),(4294,3,'use_same_address_for_billing','Fatura adresi için aynı adresi kullanın'),(4295,3,'use_this_date','Bu Tarihi Kullan'),(4296,3,'variations','Varyasyonlar'),(4297,3,'variations_exp','Alıcıların ödeme sırasında seçebileceği renk veya boyut gibi mevcut seçenekleri ekleyin'),(4298,3,'variation_type','Varyasyon Türü'),(4299,3,'vat','KDV'),(4300,3,'vat_exp','Katma değer Vergisi'),(4301,3,'vat_vendor_dashboard_exp','Ürünleriniz için ülkelere göre KDV değerlerini tanımlayın'),(4302,3,'vat_vendor_exp','Satıcıların ürünlerine KDV eklemesine izin ver'),(4303,3,'vendor','SATICI'),(4304,3,'vendors','Satıcılar'),(4305,3,'vendor_bulk_product_upload','Satıcı Toplu Ürün Yükleme'),(4306,3,'vendor_no_shipping_option_warning','Fiziksel bir ürün satmak istiyorsanız ürünü eklemeden önce kargo seçeneklerinizi eklemelisiniz. Lütfen bu bölüme gidin ve gönderim seçeneklerinizi ekleyin:'),(4307,3,'vendor_verification_system','Satıcı Doğrulama Sistemi'),(4308,3,'vendor_verification_system_exp','Tüm kullanıcıların ürün eklemesine izin vermek istiyorsanız devre dışı bırakın.'),(4309,3,'vertical_alignment','Dikey hizalama'),(4310,3,'video','Video'),(4311,3,'video_preview','Video ön izlemesi'),(4312,3,'video_preview_exp','MP4 veya WEBM önizleme videosu'),(4313,3,'view_all','Hepsini gör'),(4314,3,'view_content','İçeriği Görüntüle'),(4315,3,'view_details','Detayları göster'),(4316,3,'view_invoice','Faturayı Görüntüle'),(4317,3,'view_license_keys','Lisans Anahtarlarını Görüntüle'),(4318,3,'view_options','Seçenekleri gör'),(4319,3,'view_product','Ürünü görüntüle'),(4320,3,'view_site','Siteyi Görüntüle'),(4321,3,'visibility','Görünürlük'),(4322,3,'visible','Görünür'),(4323,3,'visual_settings','Görsel ayarlar'),(4324,3,'vk_login','VKontakte\'ye Giriş'),(4325,3,'vk_url','VK URL\'si'),(4326,3,'waiting','Beklemek...'),(4327,3,'warning','Uyarı'),(4328,3,'warning_add_order_tracking_code','Sipariş durumunu değiştirirken sipariş takip kodunu ve bağlantısını ekleyebilirsiniz.'),(4329,3,'warning_cannot_choose_plan','Eklediğiniz ürün sayısından dolayı bu planı seçemezsiniz'),(4330,3,'warning_category_sort','Sürükle bırak yöntemiyle sıralama yalnızca \"Kategori Sırasına Göre\" seçeneği seçildiğinde etkin olacaktır.'),(4331,3,'warning_edit_profile_image','Resminizi seçtikten sonra değişiklikleri kaydet butonuna tıklayın'),(4332,3,'warning_external_download_link','Güvenlik nedeniyle, harici bir indirme bağlantısı eklemek yerine dijital dosyaların yüklenmesi önerilir.'),(4333,3,'warning_membership_admin_role','Yönetici rolü üyelik planı gerektirmez.'),(4334,3,'warning_plan_used','Bu plan daha önce kullanılmıştı'),(4335,3,'warning_product_main_image','Ürününüzün ana görselini seçmek için görsellerin üzerindeki \"Ana\" butonuna tıklayabilirsiniz.'),(4336,3,'watermark','Filigran'),(4337,3,'watermark_image','Filigran Resmi'),(4338,3,'wednesday','Çarşamba'),(4339,3,'weekly','Haftalık'),(4340,3,'whatsapp_url','WhatsApp URL\'si'),(4341,3,'where_to_display','Nerede Görüntülenmeli'),(4342,3,'width','Genişlik'),(4343,3,'wishlist','İstek listesi'),(4344,3,'withdraw_amount','Para Çekme Tutarı'),(4345,3,'withdraw_method','Para Çekme Yöntemi'),(4346,3,'withdraw_money','Para çekmek'),(4347,3,'write_a_message','Bir mesaj yaz...'),(4348,3,'write_review','Bir değerlendirme yazın...'),(4349,3,'x_url','X URL\'si'),(4350,3,'yearly','Yıllık'),(4351,3,'years_ago','Yıllar önce'),(4352,3,'year_ago','Yıl önce'),(4353,3,'yes','Evet'),(4354,3,'your_balance','Bakiyeniz'),(4355,3,'your_cart_is_empty','Sepetiniz boş!'),(4356,3,'your_order_shipped','Siparişiniz kargolandı'),(4357,3,'your_quote_accepted','Teklifiniz kabul edildi.'),(4358,3,'your_quote_rejected','Teklifiniz reddedildi.'),(4359,3,'your_quote_request_replied','Teklif talebiniz yanıtlanmıştır.'),(4360,3,'your_rating','Sizin dereceniz:'),(4361,3,'your_shop_opening_request_approved','Mağaza açma talebiniz onaylandı. Sitemize girip eşyalarınızı satmaya başlayabilirsiniz!'),(4362,3,'youtube_url','Youtube URL\'si'),(4363,3,'you_have_new_message','Yeni bir mesajınız var'),(4364,3,'you_have_new_order','Yeni bir siparişiniz var'),(4365,3,'you_have_new_quote_request','Yeni bir teklif talebiniz var.'),(4366,3,'you_may_also_like','Şunlar da hoşunuza gidebilir'),(4367,3,'you_will_earn','Kazanacaksınız'),(4368,3,'zip_code','Posta kodu'),(4369,3,'zone_name','Bölge Adı');

--
